{"id":54059,"date":"2026-05-13T15:58:44","date_gmt":"2026-05-13T13:58:44","guid":{"rendered":"https:\/\/premino.pl\/?product=oblepikha-grow-olejek-wzmacniajacy-wlosy-100ml"},"modified":"2026-05-13T15:58:45","modified_gmt":"2026-05-13T13:58:45","slug":"oblepikha-grow-olejek-wzmacniajacy-wlosy-100ml","status":"publish","type":"product","link":"https:\/\/premino.pl\/?product=oblepikha-grow-olejek-wzmacniajacy-wlosy-100ml","title":{"rendered":"Oblepikha Grow olejek wzmacniaj\u0105cy w\u0142osy 100ml"},"content":{"rendered":"<p>Ten olejek do w\u0142os\u00f3w to znakomite rozwi\u0105zanie dla tych, kt\u00f3rzy pragn\u0105 wzmocni\u0107 i pobudzi\u0107 wzrost swoich w\u0142os\u00f3w. Dzi\u0119ki wyj\u0105tkowej formule, olejek ten g\u0142\u0119boko penetruje struktur\u0119 w\u0142osa, oferuj\u0105c intensywne od\u017cywienie oraz wsparcie dla os\u0142abionych pasm.<\/p>\n<p><b>Spos\u00f3b u\u017cycia:\u00a0<\/b>Aby uzyska\u0107 najlepsze rezultaty, nale\u017cy na\u0142o\u017cy\u0107 kilka kropli olejku bezpo\u015brednio na such\u0105 sk\u00f3r\u0119 g\u0142owy, delikatnie wmasowa\u0107 i pozostawi\u0107 na 10-15 minut przed umyciem w\u0142os\u00f3w szamponem. Zaleca si\u0119 stosowanie dwa razy w tygodniu przez miesi\u0105c, aby zauwa\u017cy\u0107 widoczne efekty w zdrowiu i kondycji w\u0142os\u00f3w.<\/p>\n<p><strong>Gramatura:<\/strong> ml<br \/>\n<strong>Henna:<\/strong> nie<br \/>\n<strong>Konsystencja:<\/strong> olejek<br \/>\n<strong>Linie elitarne:<\/strong> nie<br \/>\n<strong>Pojemno\u015b\u0107:<\/strong> 100<br \/>\n<strong>P\u0142e\u0107:<\/strong> damski<br \/>\n<strong>S\u0142o\u0144ce:<\/strong> nie<\/p>\n<p><strong>Uwagi:<\/strong><\/p>\n<p>Tylko do u\u017cytku zewn\u0119trznego. Przechowywa\u0107 z dala od dzieci. W przypadku wyst\u0105pienia dyskomfortu, przerwa\u0107 stosowanie.<\/p>\n<p><strong>Sk\u0142adniki:<\/strong><\/p>\n<p>Prunus Amygdalus Dulcis Oil, Hippophae Rhamnoides Fruit Oil*, Hippophae Rhamnoides Fruit Extract*, Hippophae Rhamnoides Fruit WaterWH H, Avena Sativa Peptide*, Mentha Piperita Oil*, Abies Sibirica Needle OilWH, Arctium Lappa Root ExtractWH, Helianthus Annuus Seed Oil, Rosmarinus Officinalis Leaf Oil*, Argania Spinosa Kernel Oil*, Prunus Armeniaca Kernel Oil*, Rosa Canina Fruit OilWH, Simmondsia Chinensis Seed Oil, Macadamia Ternifolia Seed Oil, Borago Officinalis Seed Oil, Persea Gratissima Oil, Linum Usitatissimum Seed Oil*, Glyceryl Linoleate, Glyceryl Oleate, Glyceryl Linolenate, Phospholipids, Glycine Soja Oil, Glycolipids, Glycine Soja Sterols, Tocopherol, Parfum, Citral, Citrus Aurantium Peel Oil, Citrus Limon Peel Oil, Dimethyl Phenethyl Acetate, Eugenol, Geraniol, Geranyl Acetate, Limonene, Linalool, Linalyl Acetate, Pinene, Vanillin.<\/p>\n","protected":false},"excerpt":{"rendered":"<p> <strong>Gramatura:<\/strong> ml<br \/>  <strong>Henna:<\/strong> nie<br \/>  <strong>Konsystencja:<\/strong> olejek<br \/>  <strong>Linie elitarne:<\/strong> nie<br \/>  <strong>Pojemno\u015b\u0107:<\/strong> 100<br \/>  <strong>P\u0142e\u0107:<\/strong> damski<br \/>  <strong>S\u0142o\u0144ce:<\/strong> nie <\/p>\n","protected":false},"featured_media":54060,"comment_status":"open","ping_status":"closed","template":"","meta":{"_acf_changed":false},"kategoria-hurtowni":[100,166],"product_brand":[305],"product_cat":[76],"product_tag":[],"class_list":{"0":"post-54059","1":"product","2":"type-product","3":"status-publish","4":"has-post-thumbnail","6":"kategoria-hurtowni-eco-bio","7":"kategoria-hurtowni-pielegnacja-wlosy","8":"product_brand-natura-siberica","9":"product_cat-primavera","11":"first","12":"outofstock","13":"taxable","14":"shipping-taxable","15":"product-type-simple"},"acf":[],"_links":{"self":[{"href":"https:\/\/premino.pl\/index.php?rest_route=\/wp\/v2\/product\/54059","targetHints":{"allow":["GET"]}}],"collection":[{"href":"https:\/\/premino.pl\/index.php?rest_route=\/wp\/v2\/product"}],"about":[{"href":"https:\/\/premino.pl\/index.php?rest_route=\/wp\/v2\/types\/product"}],"replies":[{"embeddable":true,"href":"https:\/\/premino.pl\/index.php?rest_route=%2Fwp%2Fv2%2Fcomments&post=54059"}],"wp:featuredmedia":[{"embeddable":true,"href":"https:\/\/premino.pl\/index.php?rest_route=\/wp\/v2\/media\/54060"}],"wp:attachment":[{"href":"https:\/\/premino.pl\/index.php?rest_route=%2Fwp%2Fv2%2Fmedia&parent=54059"}],"wp:term":[{"taxonomy":"kategoria-hurtowni","embeddable":true,"href":"https:\/\/premino.pl\/index.php?rest_route=%2Fwp%2Fv2%2Fkategoria-hurtowni&post=54059"},{"taxonomy":"product_brand","embeddable":true,"href":"https:\/\/premino.pl\/index.php?rest_route=%2Fwp%2Fv2%2Fproduct_brand&post=54059"},{"taxonomy":"product_cat","embeddable":true,"href":"https:\/\/premino.pl\/index.php?rest_route=%2Fwp%2Fv2%2Fproduct_cat&post=54059"},{"taxonomy":"product_tag","embeddable":true,"href":"https:\/\/premino.pl\/index.php?rest_route=%2Fwp%2Fv2%2Fproduct_tag&post=54059"}],"curies":[{"name":"wp","href":"https:\/\/api.w.org\/{rel}","templated":true}]}}