{"id":54071,"date":"2026-05-13T15:58:48","date_gmt":"2026-05-13T13:58:48","guid":{"rendered":"https:\/\/premino.pl\/?product=oblepikha-curl-control-szampon-do-wlosow-kreconych-400ml"},"modified":"2026-05-13T15:58:50","modified_gmt":"2026-05-13T13:58:50","slug":"oblepikha-curl-control-szampon-do-wlosow-kreconych-400ml","status":"publish","type":"product","link":"https:\/\/premino.pl\/?product=oblepikha-curl-control-szampon-do-wlosow-kreconych-400ml","title":{"rendered":"Oblepikha Curl Control szampon do w\u0142os\u00f3w kr\u0119conych 400ml"},"content":{"rendered":"<p>Powitaj doskonale zadbane i nawil\u017cone w\u0142osy. Unikalne po\u0142\u0105czenie naturalnych sk\u0142adnik\u00f3w pomaga poprawi\u0107 i utrzyma\u0107 naturaln\u0105 struktur\u0119 Twoich lok\u00f3w, zapewniaj\u0105c im odpowiednie nawil\u017cenie. Niezale\u017cnie od tego, czy masz kr\u0119cone, czy falowane w\u0142osy, ten szampon zosta\u0142 stworzony z my\u015bl\u0105 o spe\u0142nieniu Twoich indywidualnych potrzeb.<\/p>\n<p><b>Spos\u00f3b u\u017cycia:<\/b> Nanie\u015b niewielk\u0105 ilo\u015b\u0107 szamponu na mokre w\u0142osy, delikatnie wmasuj. Dok\u0142adnie sp\u0142ucz ciep\u0142\u0105 wod\u0105. W miar\u0119 potrzeby powt\u00f3rz czynno\u015b\u0107.<\/p>\n<p><strong>Gramatura:<\/strong> ml<br \/>\n<strong>Henna:<\/strong> nie<br \/>\n<strong>Konsystencja:<\/strong> szampon<br \/>\n<strong>Linie elitarne:<\/strong> nie<br \/>\n<strong>Pojemno\u015b\u0107:<\/strong> 400<br \/>\n<strong>P\u0142e\u0107:<\/strong> damski<br \/>\n<strong>S\u0142o\u0144ce:<\/strong> nie<\/p>\n<p><strong>Uwagi:<\/strong><\/p>\n<p>Tylko do u\u017cytku zewn\u0119trznego. Przechowywa\u0107 z dala od dzieci. W przypadku wyst\u0105pienia dyskomfortu, przerwa\u0107 stosowanie.<\/p>\n<p><strong>Sk\u0142adniki:<\/strong><\/p>\n<p>Aqua, Sodium Cocoyl Isethionate, Lauryl Glucoside, Cocamidopropyl Betaine, Hippophae Rhamnoides Fruit Oil*, Hippophae Rhamnoides Fruit Extract*, Hippophae Rhamnoides Fruit Water, Hydrolyzed Wheat Protein, Hydrolyzed Rice Protein, Phospholipids, Glycine Soja Oil, Glycolipids, Glycine Soja Sterols, Angelica Archangelica Root Extract*, Calluna Vulgaris Extract, Pinus Pumila Needle Extract, Rhodiola Rosea Root Extract*, Sorbus Aucuparia Fruit Extract, Coco-Glucoside, Glyceryl Oleate, Guar Hydroxypropyltrimonium Chloride, Citric Acid, Benzyl Alcohol, Sodium Benzoate, Potassium Sorbate, CI 15985, CI 19140, Parfum, Limonene.<\/p>\n","protected":false},"excerpt":{"rendered":"<p> <strong>Gramatura:<\/strong> ml<br \/>  <strong>Henna:<\/strong> nie<br \/>  <strong>Konsystencja:<\/strong> szampon<br \/>  <strong>Linie elitarne:<\/strong> nie<br \/>  <strong>Pojemno\u015b\u0107:<\/strong> 400<br \/>  <strong>P\u0142e\u0107:<\/strong> damski<br \/>  <strong>S\u0142o\u0144ce:<\/strong> nie <\/p>\n","protected":false},"featured_media":54072,"comment_status":"open","ping_status":"closed","template":"","meta":{"_acf_changed":false},"kategoria-hurtowni":[100,166],"product_brand":[305],"product_cat":[76],"product_tag":[],"class_list":{"0":"post-54071","1":"product","2":"type-product","3":"status-publish","4":"has-post-thumbnail","6":"kategoria-hurtowni-eco-bio","7":"kategoria-hurtowni-pielegnacja-wlosy","8":"product_brand-natura-siberica","9":"product_cat-primavera","11":"first","12":"outofstock","13":"taxable","14":"shipping-taxable","15":"product-type-simple"},"acf":[],"_links":{"self":[{"href":"https:\/\/premino.pl\/index.php?rest_route=\/wp\/v2\/product\/54071","targetHints":{"allow":["GET"]}}],"collection":[{"href":"https:\/\/premino.pl\/index.php?rest_route=\/wp\/v2\/product"}],"about":[{"href":"https:\/\/premino.pl\/index.php?rest_route=\/wp\/v2\/types\/product"}],"replies":[{"embeddable":true,"href":"https:\/\/premino.pl\/index.php?rest_route=%2Fwp%2Fv2%2Fcomments&post=54071"}],"wp:featuredmedia":[{"embeddable":true,"href":"https:\/\/premino.pl\/index.php?rest_route=\/wp\/v2\/media\/54072"}],"wp:attachment":[{"href":"https:\/\/premino.pl\/index.php?rest_route=%2Fwp%2Fv2%2Fmedia&parent=54071"}],"wp:term":[{"taxonomy":"kategoria-hurtowni","embeddable":true,"href":"https:\/\/premino.pl\/index.php?rest_route=%2Fwp%2Fv2%2Fkategoria-hurtowni&post=54071"},{"taxonomy":"product_brand","embeddable":true,"href":"https:\/\/premino.pl\/index.php?rest_route=%2Fwp%2Fv2%2Fproduct_brand&post=54071"},{"taxonomy":"product_cat","embeddable":true,"href":"https:\/\/premino.pl\/index.php?rest_route=%2Fwp%2Fv2%2Fproduct_cat&post=54071"},{"taxonomy":"product_tag","embeddable":true,"href":"https:\/\/premino.pl\/index.php?rest_route=%2Fwp%2Fv2%2Fproduct_tag&post=54071"}],"curies":[{"name":"wp","href":"https:\/\/api.w.org\/{rel}","templated":true}]}}