{"id":54099,"date":"2026-05-13T15:59:02","date_gmt":"2026-05-13T13:59:02","guid":{"rendered":"https:\/\/premino.pl\/?product=cica-c-berrica-zel-do-mycia-twarzy-150ml"},"modified":"2026-05-13T15:59:03","modified_gmt":"2026-05-13T13:59:03","slug":"cica-c-berrica-zel-do-mycia-twarzy-150ml","status":"publish","type":"product","link":"https:\/\/premino.pl\/?product=cica-c-berrica-zel-do-mycia-twarzy-150ml","title":{"rendered":"Cica C-Berrica \u017cel do mycia twarzy 150ml"},"content":{"rendered":"<p>Delikatnie oczy\u015b\u0107 i od\u015bwie\u017c swoj\u0105 sk\u00f3r\u0119 z pomoc\u0105 \u017celu do mycia twarzy Cica C-Berrica Marmalade Bubble. Ciesz si\u0119 g\u0142\u0119bokim oczyszczeniem, nawil\u017ceniem i naturalnym blaskiem sk\u00f3ry dzi\u0119ki zawarto\u015bci w\u0105kroty azjatyckiej i witaminy C. Dodaj go do swojej codziennej rutyny piel\u0119gnacyjnej, aby uzyska\u0107 g\u0142adk\u0105, promienn\u0105 i zdrowo wygl\u0105daj\u0105c\u0105 sk\u00f3r\u0119.<\/p>\n<p><b>Spos\u00f3b u\u017cycia:\u00a0<\/b>Nanie\u015b\u0107 na wilgotn\u0105 sk\u00f3r\u0119 i delikatnie masowa\u0107, a\u017c powstanie delikatna piana. Sp\u0142uka\u0107 letni\u0105 wod\u0105. Nadaje si\u0119 do codziennego stosowania.<\/p>\n<p><strong>Dzia\u0142anie:<\/strong> demakija\u017c, nawil\u017caj\u0105ce, oczyszczaj\u0105ce, od\u017cywcze, regeneruje<br \/>\n<strong>Gramatura:<\/strong> ml<br \/>\n<strong>Konsystencja:<\/strong> \u017cel<br \/>\n<strong>Linie elitarne:<\/strong> nie<br \/>\n<strong>Piel\u0119gnacja specyficzna:<\/strong> nie<br \/>\n<strong>Pojemno\u015b\u0107:<\/strong> 150<br \/>\n<strong>Pora stosowania:<\/strong> dowolnie<br \/>\n<strong>P\u0142e\u0107:<\/strong> damski<br \/>\n<strong>Rodzaj sk\u00f3ry:<\/strong> dojrza\u0142a, m\u0142oda, wra\u017cliwa, wysuszona<br \/>\n<strong>S\u0142o\u0144ce:<\/strong> nie<br \/>\n<strong>Typ sk\u00f3ry:<\/strong> mieszana\/t\u0142usta, normalna, sucha<\/p>\n<p><strong>Uwagi:<\/strong><\/p>\n<p>Tylko do u\u017cytku zewn\u0119trznego. Unika\u0107 bezpo\u015bredniego kontaktu z oczami. Przechowywa\u0107 w miejscu niedost\u0119pnym dla dzieci i z dala od promieni s\u0142onecznych.<\/p>\n<p><strong>Sk\u0142adniki:<\/strong><\/p>\n<p>Aqua, Acrylates\/Palmeth-25 Acrylate Copolymer, Glycerin, Coco-Glucoside, Lauryl Glucoside, Decyl Glucoside, Sodium Ascorbyl Phosphate, Acetyl Dipeptide-1 Cetyl Ester, Butylene Glycol, Laureth-3, Hydroxyethylcellulose, Centella Asiatica Leaf Extract, Saccharomyces Ferment Lysate Filtrate, Hippophae Rhamnoides Fruit Water*, Citrus Limon Fruit Extract*, Vaccinium Vitis-Idaea Fruit Extract*, Hypericum Perforatum Extract*, Avena Sativa Kernel Extract*, Calluna Vulgaris ExtractWH, Mentha Piperita Leaf ExtractWH, Quercus Robur Bark ExtractWH, Sodium Hydroxide, Citric Acid, Ethylhexylglycerin, Benzyl Alcohol, Sodium Benzoate, Potassium Sorbate, Parfum, Limonene, CI 19140. (*) \u2013 Ingredients from Organic Farming, (WH) \u2013 Wild harvested plants organic derivatives.<\/p>\n","protected":false},"excerpt":{"rendered":"<p> <strong>Dzia\u0142anie:<\/strong> demakija\u017c, nawil\u017caj\u0105ce, oczyszczaj\u0105ce, od\u017cywcze, regeneruje<br \/>  <strong>Gramatura:<\/strong> ml<br \/>  <strong>Konsystencja:<\/strong> \u017cel<br \/>  <strong>Linie elitarne:<\/strong> nie<br \/>  <strong>Piel\u0119gnacja specyficzna:<\/strong> nie<br \/>  <strong>Pojemno\u015b\u0107:<\/strong> 150<br \/>  <strong>Pora stosowania:<\/strong> dowolnie<br \/>  <strong>P\u0142e\u0107:<\/strong> damski<br \/>  <strong>Rodzaj sk\u00f3ry:<\/strong> dojrza\u0142a, m\u0142oda, wra\u017cliwa, wysuszona<br \/>  <strong>S\u0142o\u0144ce:<\/strong> nie<br \/>  <strong>Typ sk\u00f3ry:<\/strong> mieszana\/t\u0142usta, normalna, sucha <\/p>\n","protected":false},"featured_media":54100,"comment_status":"open","ping_status":"closed","template":"","meta":{"_acf_changed":false},"kategoria-hurtowni":[100,101,102],"product_brand":[305],"product_cat":[76],"product_tag":[],"class_list":{"0":"post-54099","1":"product","2":"type-product","3":"status-publish","4":"has-post-thumbnail","6":"kategoria-hurtowni-eco-bio","7":"kategoria-hurtowni-pielegnacja-twarzy","8":"kategoria-hurtowni-twarz","9":"product_brand-natura-siberica","10":"product_cat-primavera","12":"first","13":"outofstock","14":"taxable","15":"shipping-taxable","16":"product-type-simple"},"acf":[],"_links":{"self":[{"href":"https:\/\/premino.pl\/index.php?rest_route=\/wp\/v2\/product\/54099","targetHints":{"allow":["GET"]}}],"collection":[{"href":"https:\/\/premino.pl\/index.php?rest_route=\/wp\/v2\/product"}],"about":[{"href":"https:\/\/premino.pl\/index.php?rest_route=\/wp\/v2\/types\/product"}],"replies":[{"embeddable":true,"href":"https:\/\/premino.pl\/index.php?rest_route=%2Fwp%2Fv2%2Fcomments&post=54099"}],"wp:featuredmedia":[{"embeddable":true,"href":"https:\/\/premino.pl\/index.php?rest_route=\/wp\/v2\/media\/54100"}],"wp:attachment":[{"href":"https:\/\/premino.pl\/index.php?rest_route=%2Fwp%2Fv2%2Fmedia&parent=54099"}],"wp:term":[{"taxonomy":"kategoria-hurtowni","embeddable":true,"href":"https:\/\/premino.pl\/index.php?rest_route=%2Fwp%2Fv2%2Fkategoria-hurtowni&post=54099"},{"taxonomy":"product_brand","embeddable":true,"href":"https:\/\/premino.pl\/index.php?rest_route=%2Fwp%2Fv2%2Fproduct_brand&post=54099"},{"taxonomy":"product_cat","embeddable":true,"href":"https:\/\/premino.pl\/index.php?rest_route=%2Fwp%2Fv2%2Fproduct_cat&post=54099"},{"taxonomy":"product_tag","embeddable":true,"href":"https:\/\/premino.pl\/index.php?rest_route=%2Fwp%2Fv2%2Fproduct_tag&post=54099"}],"curies":[{"name":"wp","href":"https:\/\/api.w.org\/{rel}","templated":true}]}}