{"id":54271,"date":"2026-05-13T16:00:16","date_gmt":"2026-05-13T14:00:16","guid":{"rendered":"https:\/\/premino.pl\/?product=vinohydra-intensywnie-nawilzajacy-krem-60ml"},"modified":"2026-05-13T16:00:20","modified_gmt":"2026-05-13T14:00:20","slug":"vinohydra-intensywnie-nawilzajacy-krem-60ml","status":"publish","type":"product","link":"https:\/\/premino.pl\/?product=vinohydra-intensywnie-nawilzajacy-krem-60ml","title":{"rendered":"VinoHydra intensywnie nawil\u017caj\u0105cy krem 60ml"},"content":{"rendered":"<p>Intensywnie nawil\u017caj\u0105cy krem VinoHydra to idealna piel\u0119gnacja dla bardzo suchej i wra\u017cliwej sk\u00f3ry. G\u0142\u0119boko nawil\u017ca, od\u017cywia i \u0142agodzi uczucie \u015bci\u0105gni\u0119cia, przywracaj\u0105c komfort i g\u0142adko\u015b\u0107 przez ca\u0142y dzie\u0144.<\/p>\n<p><b>Formu\u0142a:<br \/><\/b>\u2022 98% sk\u0142adnik\u00f3w pochodzenia naturalnego<br \/>\u2022 Niekomedogenny<br \/>\u2022 Testowany dermatologicznie<br \/>\u2022 Wega\u0144ski<\/p>\n<p><b>Widoczne rezultaty:<br \/><\/b>Nawil\u017cenie +94% po 8 godzinach*<\/p>\n<p>*Badanie instrumentalne (korneometria), 10 ochotnik\u00f3w<\/p>\n<p><b>Kluczowe sk\u0142adniki:<br \/><\/b>\u2022 Kwas hialuronowy \u2013 wyg\u0142adza sk\u00f3r\u0119 i zapewnia d\u0142ugotrwa\u0142e nawil\u017cenie<br \/>\u2022 Organiczne mas\u0142o shea \u2013 od\u017cywia, regeneruje i chroni such\u0105 sk\u00f3r\u0119<br \/>\u2022 Organiczna woda winogronowa \u2013 nawil\u017ca, koi, dzia\u0142a antyoksydacyjnie i prebiotycznie, wspieraj\u0105c mikrobiot\u0119 sk\u00f3ry i jej zdrowy wygl\u0105d<\/p>\n<p><b>Spos\u00f3b u\u017cycia:<\/b><br \/>Stosowa\u0107 rano i wieczorem na twarz i szyj\u0119, samodzielnie lub po serum.<\/p>\n<p><strong>Dzia\u0142anie:<\/strong> nawil\u017caj\u0105ce, od\u017cywcze, regeneruje, uelastycznia, wyg\u0142adza, \u0142agodzi podra\u017cnienia<br \/>\n<strong>Gramatura:<\/strong> ml<br \/>\n<strong>Konsystencja:<\/strong> krem<br \/>\n<strong>Linie elitarne:<\/strong> tak<br \/>\n<strong>Piel\u0119gnacja specyficzna:<\/strong> nie<br \/>\n<strong>Pojemno\u015b\u0107:<\/strong> 60<br \/>\n<strong>Pora stosowania:<\/strong> dowolnie, dzie\u0144, noc<br \/>\n<strong>P\u0142e\u0107:<\/strong> damski<br \/>\n<strong>Rodzaj sk\u00f3ry:<\/strong> wra\u017cliwa<br \/>\n<strong>S\u0142o\u0144ce:<\/strong> nie<br \/>\n<strong>Typ sk\u00f3ry:<\/strong> sucha<\/p>\n<p><strong>Uwagi:<\/strong><\/p>\n<p>Unika\u0107 kontaktu z oczami.<\/p>\n<p><strong>Sk\u0142adniki:<\/strong><\/p>\n<p>AQUA\/WATER\/EAU, GLYCERIN, COCO-CAPRYLATE\/CAPRATE, SQUALANE, CETEARYL ALCOHOL, ETHYL OLEATE, BUTYROSPERMUM PARKII (SHEA) BUTTER EXTRACT, VITIS VINIFERA (GRAPE) FRUIT WATER, POTASSIUM CETYL PHOSPHATE, PALMITOYL GRAPE SEED EXTRACT, CETEARYL GLUCOSIDE, XYLOSE, HYDROGENATED CASTOR OIL\/SEBACIC ACID COPOLYMER, HYDROGENATED OLIVE OIL STEARYL ESTERS, CARBOMER, TOCOPHERYL ACETATE, CAPRYLYL GLYCOL, POTASSIUM SORBATE, HELIANTHUS ANNUUS (SUNFLOWER) SEED OIL, SODIUM HYDROXIDE, TOCOPHEROL, VITIS VINIFERA (GRAPE) JUICE, CITRIC ACID, SODIUM HYALURONATE, SODIUM BENZOATE, PARFUM (FRAGRANCE)<\/p>\n","protected":false},"excerpt":{"rendered":"<p> <strong>Dzia\u0142anie:<\/strong> nawil\u017caj\u0105ce, od\u017cywcze, regeneruje, uelastycznia, wyg\u0142adza, \u0142agodzi podra\u017cnienia<br \/>  <strong>Gramatura:<\/strong> ml<br \/>  <strong>Konsystencja:<\/strong> krem<br \/>  <strong>Linie elitarne:<\/strong> tak<br \/>  <strong>Piel\u0119gnacja specyficzna:<\/strong> nie<br \/>  <strong>Pojemno\u015b\u0107:<\/strong> 60<br \/>  <strong>Pora stosowania:<\/strong> dowolnie, dzie\u0144, noc<br \/>  <strong>P\u0142e\u0107:<\/strong> damski<br \/>  <strong>Rodzaj sk\u00f3ry:<\/strong> wra\u017cliwa<br \/>  <strong>S\u0142o\u0144ce:<\/strong> nie<br \/>  <strong>Typ sk\u00f3ry:<\/strong> sucha <\/p>\n","protected":false},"featured_media":54272,"comment_status":"open","ping_status":"closed","template":"","meta":{"_acf_changed":false},"kategoria-hurtowni":[90,109,110],"product_brand":[653],"product_cat":[76],"product_tag":[],"class_list":{"0":"post-54271","1":"product","2":"type-product","3":"status-publish","4":"has-post-thumbnail","6":"kategoria-hurtowni-pielegnacja","7":"kategoria-hurtowni-pielegnacja-twarzy-pielegnacja","8":"kategoria-hurtowni-twarz-pielegnacja-twarzy-pielegnacja","9":"product_brand-caudalie","10":"product_cat-primavera","12":"first","13":"outofstock","14":"taxable","15":"shipping-taxable","16":"product-type-simple"},"acf":[],"_links":{"self":[{"href":"https:\/\/premino.pl\/index.php?rest_route=\/wp\/v2\/product\/54271","targetHints":{"allow":["GET"]}}],"collection":[{"href":"https:\/\/premino.pl\/index.php?rest_route=\/wp\/v2\/product"}],"about":[{"href":"https:\/\/premino.pl\/index.php?rest_route=\/wp\/v2\/types\/product"}],"replies":[{"embeddable":true,"href":"https:\/\/premino.pl\/index.php?rest_route=%2Fwp%2Fv2%2Fcomments&post=54271"}],"wp:featuredmedia":[{"embeddable":true,"href":"https:\/\/premino.pl\/index.php?rest_route=\/wp\/v2\/media\/54272"}],"wp:attachment":[{"href":"https:\/\/premino.pl\/index.php?rest_route=%2Fwp%2Fv2%2Fmedia&parent=54271"}],"wp:term":[{"taxonomy":"kategoria-hurtowni","embeddable":true,"href":"https:\/\/premino.pl\/index.php?rest_route=%2Fwp%2Fv2%2Fkategoria-hurtowni&post=54271"},{"taxonomy":"product_brand","embeddable":true,"href":"https:\/\/premino.pl\/index.php?rest_route=%2Fwp%2Fv2%2Fproduct_brand&post=54271"},{"taxonomy":"product_cat","embeddable":true,"href":"https:\/\/premino.pl\/index.php?rest_route=%2Fwp%2Fv2%2Fproduct_cat&post=54271"},{"taxonomy":"product_tag","embeddable":true,"href":"https:\/\/premino.pl\/index.php?rest_route=%2Fwp%2Fv2%2Fproduct_tag&post=54271"}],"curies":[{"name":"wp","href":"https:\/\/api.w.org\/{rel}","templated":true}]}}