{"id":54273,"date":"2026-05-13T16:00:16","date_gmt":"2026-05-13T14:00:16","guid":{"rendered":"https:\/\/premino.pl\/?product=vinofresh-24-godzinny-naturalny-dezodorant-50g"},"modified":"2026-05-13T16:00:20","modified_gmt":"2026-05-13T14:00:20","slug":"vinofresh-24-godzinny-naturalny-dezodorant-50g","status":"publish","type":"product","link":"https:\/\/premino.pl\/?product=vinofresh-24-godzinny-naturalny-dezodorant-50g","title":{"rendered":"Vinofresh 24-godzinny naturalny dezodorant 50g"},"content":{"rendered":"<p>Naturalny dezodorant w sztyfcie Vinofresh skutecznie neutralizuje bakterie odpowiedzialne za nieprzyjemny zapach, zapewniaj\u0105c \u015bwie\u017co\u015b\u0107 nawet przez 24 godziny. Jego delikatna formu\u0142a nawil\u017ca i koi sk\u00f3r\u0119 pod pachami, nie powoduj\u0105c podra\u017cnie\u0144. Orze\u017awiaj\u0105ce, eukaliptusowe nuty zapachowe nadaj\u0105 poczucie czysto\u015bci i energii przez ca\u0142y dzie\u0144.<\/p>\n<p><b>Formu\u0142a:<br \/><\/b>\u2022 98% sk\u0142adnik\u00f3w pochodzenia naturalnego<br \/>\u2022 wega\u0144ska i testowana dermatologicznie<br \/>\u2022 bez soli glinu<br \/>\u2022 bez alkoholu<br \/>\u2022 bez sody oczyszczonej<br \/>\u2022 bez silikon\u00f3w<br \/>\u2022 bez syntetycznych substancji zapachowych<\/p>\n<p><b>Widoczne rezultaty:<\/b><br \/>Skuteczno\u015b\u0107 potwierdzona \u2013 \u015bwie\u017co\u015b\u0107 przez 24 godziny.<\/p>\n<p><b>Kluczowe sk\u0142adniki aktywne:<br \/><\/b>\u2022 Organiczna woda winogronowa \u2013 intensywnie nawil\u017ca, koi i dzia\u0142a antyoksydacyjnie; wspiera mikrobiot\u0119 sk\u00f3ry, poprawiaj\u0105c jej naturaln\u0105 r\u00f3wnowag\u0119.<br \/>\u2022 Organiczny eukaliptus \u2013 w 100% naturalny, zapewnia uczucie czysto\u015bci i \u015bwie\u017co\u015bci przez ca\u0142y dzie\u0144.<\/p>\n<p><b>Czy wiesz, \u017ce&#8230;<\/b><br \/>Zawarta w formule naturalna gliceryna dzia\u0142a nawil\u017caj\u0105co i zmi\u0119kczaj\u0105co, dzi\u0119ki czemu dezodorant \u0142atwo si\u0119 rozprowadza i nie wysusza sk\u00f3ry.<\/p>\n<p><b>Spos\u00f3b u\u017cycia:<\/b><br \/>Stosuj codziennie na czyst\u0105, such\u0105 sk\u00f3r\u0119 pod pachami. Wystarczy 5\u201310 poci\u0105gni\u0119\u0107 sztyftem, aby cieszy\u0107 si\u0119 naturaln\u0105 \u015bwie\u017co\u015bci\u0105 przez ca\u0142y dzie\u0144.<\/p>\n<p><strong>Dzia\u0142anie:<\/strong> chroni przeciwpotowo, nawil\u017caj\u0105ce, od\u015bwie\u017ca<br \/>\n<strong>Gramatura:<\/strong> g<br \/>\n<strong>Konsystencja:<\/strong> dezodorant sztyft<br \/>\n<strong>Linie elitarne:<\/strong> tak<br \/>\n<strong>Lokalizacja:<\/strong> pachy<br \/>\n<strong>Piel\u0119gnacja cia\u0142a:<\/strong> tak<br \/>\n<strong>Pojemno\u015b\u0107:<\/strong> 50<br \/>\n<strong>P\u0142e\u0107:<\/strong> damski<br \/>\n<strong>S\u0142o\u0144ce:<\/strong> nie<\/p>\n<p><strong>Uwagi:<\/strong><\/p>\n<p>Unika\u0107 kontaktu z oczami.<\/p>\n<p><strong>Sk\u0142adniki:<\/strong><\/p>\n<p>BUTYLENE GLYCOL, GLYCERIN, PROPANEDIOL, AQUA\/WATER\/EAU, SODIUM STEARATE, POLYGLYCERYL-4 CAPRATE, POLYGLYCERYL-6 CAPRYLATE, CITRONELLYL METHYLCROTONATE, VITIS VINIFERA (GRAPE) FRUIT WATER, EUCALYPTUS GLOBULUS LEAF OIL, CAPRYLYL GLYCOL, LIMONENE, VITIS VINIFERA (GRAPE) JUICE, CITRIC ACID, SODIUM BENZOATE, POTASSIUM SORBATE, CITRONELLOL.<\/p>\n","protected":false},"excerpt":{"rendered":"<p> <strong>Dzia\u0142anie:<\/strong> chroni przeciwpotowo, nawil\u017caj\u0105ce, od\u015bwie\u017ca<br \/>  <strong>Gramatura:<\/strong> g<br \/>  <strong>Konsystencja:<\/strong> dezodorant sztyft<br \/>  <strong>Linie elitarne:<\/strong> tak<br \/>  <strong>Lokalizacja:<\/strong> pachy<br \/>  <strong>Piel\u0119gnacja cia\u0142a:<\/strong> tak<br \/>  <strong>Pojemno\u015b\u0107:<\/strong> 50<br \/>  <strong>P\u0142e\u0107:<\/strong> damski<br \/>  <strong>S\u0142o\u0144ce:<\/strong> nie <\/p>\n","protected":false},"featured_media":54274,"comment_status":"open","ping_status":"closed","template":"","meta":{"_acf_changed":false},"kategoria-hurtowni":[90,91],"product_brand":[653],"product_cat":[76],"product_tag":[],"class_list":{"0":"post-54273","1":"product","2":"type-product","3":"status-publish","4":"has-post-thumbnail","6":"kategoria-hurtowni-pielegnacja","7":"kategoria-hurtowni-pielegnacja-ciala","8":"product_brand-caudalie","9":"product_cat-primavera","11":"first","12":"outofstock","13":"taxable","14":"shipping-taxable","15":"product-type-simple"},"acf":[],"_links":{"self":[{"href":"https:\/\/premino.pl\/index.php?rest_route=\/wp\/v2\/product\/54273","targetHints":{"allow":["GET"]}}],"collection":[{"href":"https:\/\/premino.pl\/index.php?rest_route=\/wp\/v2\/product"}],"about":[{"href":"https:\/\/premino.pl\/index.php?rest_route=\/wp\/v2\/types\/product"}],"replies":[{"embeddable":true,"href":"https:\/\/premino.pl\/index.php?rest_route=%2Fwp%2Fv2%2Fcomments&post=54273"}],"wp:featuredmedia":[{"embeddable":true,"href":"https:\/\/premino.pl\/index.php?rest_route=\/wp\/v2\/media\/54274"}],"wp:attachment":[{"href":"https:\/\/premino.pl\/index.php?rest_route=%2Fwp%2Fv2%2Fmedia&parent=54273"}],"wp:term":[{"taxonomy":"kategoria-hurtowni","embeddable":true,"href":"https:\/\/premino.pl\/index.php?rest_route=%2Fwp%2Fv2%2Fkategoria-hurtowni&post=54273"},{"taxonomy":"product_brand","embeddable":true,"href":"https:\/\/premino.pl\/index.php?rest_route=%2Fwp%2Fv2%2Fproduct_brand&post=54273"},{"taxonomy":"product_cat","embeddable":true,"href":"https:\/\/premino.pl\/index.php?rest_route=%2Fwp%2Fv2%2Fproduct_cat&post=54273"},{"taxonomy":"product_tag","embeddable":true,"href":"https:\/\/premino.pl\/index.php?rest_route=%2Fwp%2Fv2%2Fproduct_tag&post=54273"}],"curies":[{"name":"wp","href":"https:\/\/api.w.org\/{rel}","templated":true}]}}