{"id":54275,"date":"2026-05-13T16:00:16","date_gmt":"2026-05-13T14:00:16","guid":{"rendered":"https:\/\/premino.pl\/?product=vinohydra-nawilzajacy-krem-zel-60ml"},"modified":"2026-05-13T16:00:21","modified_gmt":"2026-05-13T14:00:21","slug":"vinohydra-nawilzajacy-krem-zel-60ml","status":"publish","type":"product","link":"https:\/\/premino.pl\/?product=vinohydra-nawilzajacy-krem-zel-60ml","title":{"rendered":"VinoHydra nawil\u017caj\u0105cy krem-\u017cel 60ml"},"content":{"rendered":"<p>Nawil\u017caj\u0105cy krem-\u017cel VinoHydra to naturalny zastrzyk wilgoci dla sk\u00f3ry. Jego lekka, \u017celowa konsystencja bez silikonu daje natychmiastowe uczucie \u015bwie\u017co\u015bci, szybko si\u0119 wch\u0142ania i nie pozostawia t\u0142ustego filmu \u2013 idealnie sprawdza si\u0119 w piel\u0119gnacji cery mieszanej i wra\u017cliwej. Sk\u00f3ra staje si\u0119 g\u0142adka, nawil\u017cona, a cera promiennie wygl\u0105da.<\/p>\n<p><b>Formu\u0142a:<br \/><\/b>\u2022 98% sk\u0142adnik\u00f3w pochodzenia naturalnego<br \/>\u2022 Testowany dermatologicznie<br \/>\u2022 Niekomedogenny<br \/>\u2022 Wega\u0144ski<\/p>\n<p><b>Widoczne rezultaty:<br \/><\/b>Nawil\u017cenie +84% ju\u017c po 30 minutach*<\/p>\n<p>*Badanie instrumentalne, korneometria, 11 ochotnik\u00f3w, po 30 minutach.<\/p>\n<p><b>Kluczowe sk\u0142adniki:<br \/><\/b>\u2022 Kwas hialuronowy \u2013 w 100% naturalny, biotechnologicznie wytwarzany. Wyg\u0142adza sk\u00f3r\u0119 i zapewnia d\u0142ugotrwa\u0142e nawil\u017cenie.<br \/>\u2022 Ekstrakt z aloesu \u2013 intensywnie nawil\u017ca, \u0142agodzi podra\u017cnienia i wi\u0105\u017ce wod\u0119 w sk\u00f3rze.<br \/>\u2022 Organiczna woda winogronowa \u2013 koi, dzia\u0142a antyoksydacyjnie i prebiotycznie, wzmacnia mikrobiot\u0119 sk\u00f3ry i wspiera jej zdrowy wygl\u0105d.<\/p>\n<p><b>Czy wiesz, \u017ce\u2026?<\/b><br \/>Wi\u0119kszo\u015b\u0107 \u017celowych formu\u0142 zawdzi\u0119cza lekko\u015b\u0107 dodatkom silikon\u00f3w. Krem-\u017cel VinoHydra to prawdziwe arcydzie\u0142o naturalnej formu\u0142y \u2013 lekko\u015b\u0107 i nawil\u017cenie bez silikon\u00f3w.<\/p>\n<p><b>Spos\u00f3b u\u017cycia:<\/b><br \/>Stosowa\u0107 rano i wieczorem na twarz i szyj\u0119, samodzielnie lub po serum.<\/p>\n<p><strong>Dzia\u0142anie:<\/strong> nawil\u017caj\u0105ce, uelastycznia, wyg\u0142adza<br \/>\n<strong>Gramatura:<\/strong> ml<br \/>\n<strong>Konsystencja:<\/strong> krem-\u017cel<br \/>\n<strong>Linie elitarne:<\/strong> tak<br \/>\n<strong>Piel\u0119gnacja specyficzna:<\/strong> nie<br \/>\n<strong>Pojemno\u015b\u0107:<\/strong> 60<br \/>\n<strong>Pora stosowania:<\/strong> dowolnie<br \/>\n<strong>P\u0142e\u0107:<\/strong> damski<br \/>\n<strong>Rodzaj sk\u00f3ry:<\/strong> wra\u017cliwa<br \/>\n<strong>S\u0142o\u0144ce:<\/strong> nie<br \/>\n<strong>Typ sk\u00f3ry:<\/strong> mieszana\/t\u0142usta<\/p>\n<p><strong>Uwagi:<\/strong><\/p>\n<p>Unika\u0107 kontaktu z oczami.<\/p>\n<p><strong>Sk\u0142adniki:<\/strong><\/p>\n<p>AQUA\/WATER\/EAU, GLYCERIN, VITIS VINIFERA (GRAPE) FRUIT WATER, ISOSTEARYL ISOSTEARATE, OCTYLDODECYL MYRISTATE, SQUALANE, MICROCRYSTALLINE CELLULOSE, CAPRYLIC\/CAPRIC TRIGLYCERIDE, BENZYL ALCOHOL, XANTHAN GUM, CARBOMER, CELLULOSE GUM, CAPRYLYL GLYCOL, VITIS VINIFERA (GRAPE) JUICE, SODIUM HYALURONATE, SODIUM HYDROXIDE, ALOE BARBADENSIS LEAF JUICE POWDER, HELIANTHUS ANNUUS (SUNFLOWER) SEED OIL, TOCOPHEROL, CITRIC ACID, DEHYDROACETIC ACID, SODIUM PHYTATE, SODIUM CARBOXYMETHYL BETA-GLUCAN, SODIUM BENZOATE, POTASSIUM SORBATE, PARFUM (FRAGRANCE).<\/p>\n","protected":false},"excerpt":{"rendered":"<p> <strong>Dzia\u0142anie:<\/strong> nawil\u017caj\u0105ce, uelastycznia, wyg\u0142adza<br \/>  <strong>Gramatura:<\/strong> ml<br \/>  <strong>Konsystencja:<\/strong> krem-\u017cel<br \/>  <strong>Linie elitarne:<\/strong> tak<br \/>  <strong>Piel\u0119gnacja specyficzna:<\/strong> nie<br \/>  <strong>Pojemno\u015b\u0107:<\/strong> 60<br \/>  <strong>Pora stosowania:<\/strong> dowolnie<br \/>  <strong>P\u0142e\u0107:<\/strong> damski<br \/>  <strong>Rodzaj sk\u00f3ry:<\/strong> wra\u017cliwa<br \/>  <strong>S\u0142o\u0144ce:<\/strong> nie<br \/>  <strong>Typ sk\u00f3ry:<\/strong> mieszana\/t\u0142usta <\/p>\n","protected":false},"featured_media":54276,"comment_status":"open","ping_status":"closed","template":"","meta":{"_acf_changed":false},"kategoria-hurtowni":[90,109,110],"product_brand":[653],"product_cat":[76],"product_tag":[],"class_list":{"0":"post-54275","1":"product","2":"type-product","3":"status-publish","4":"has-post-thumbnail","6":"kategoria-hurtowni-pielegnacja","7":"kategoria-hurtowni-pielegnacja-twarzy-pielegnacja","8":"kategoria-hurtowni-twarz-pielegnacja-twarzy-pielegnacja","9":"product_brand-caudalie","10":"product_cat-primavera","12":"first","13":"outofstock","14":"taxable","15":"shipping-taxable","16":"product-type-simple"},"acf":[],"_links":{"self":[{"href":"https:\/\/premino.pl\/index.php?rest_route=\/wp\/v2\/product\/54275","targetHints":{"allow":["GET"]}}],"collection":[{"href":"https:\/\/premino.pl\/index.php?rest_route=\/wp\/v2\/product"}],"about":[{"href":"https:\/\/premino.pl\/index.php?rest_route=\/wp\/v2\/types\/product"}],"replies":[{"embeddable":true,"href":"https:\/\/premino.pl\/index.php?rest_route=%2Fwp%2Fv2%2Fcomments&post=54275"}],"wp:featuredmedia":[{"embeddable":true,"href":"https:\/\/premino.pl\/index.php?rest_route=\/wp\/v2\/media\/54276"}],"wp:attachment":[{"href":"https:\/\/premino.pl\/index.php?rest_route=%2Fwp%2Fv2%2Fmedia&parent=54275"}],"wp:term":[{"taxonomy":"kategoria-hurtowni","embeddable":true,"href":"https:\/\/premino.pl\/index.php?rest_route=%2Fwp%2Fv2%2Fkategoria-hurtowni&post=54275"},{"taxonomy":"product_brand","embeddable":true,"href":"https:\/\/premino.pl\/index.php?rest_route=%2Fwp%2Fv2%2Fproduct_brand&post=54275"},{"taxonomy":"product_cat","embeddable":true,"href":"https:\/\/premino.pl\/index.php?rest_route=%2Fwp%2Fv2%2Fproduct_cat&post=54275"},{"taxonomy":"product_tag","embeddable":true,"href":"https:\/\/premino.pl\/index.php?rest_route=%2Fwp%2Fv2%2Fproduct_tag&post=54275"}],"curies":[{"name":"wp","href":"https:\/\/api.w.org\/{rel}","templated":true}]}}