{"id":54325,"date":"2026-05-13T16:00:39","date_gmt":"2026-05-13T14:00:39","guid":{"rendered":"https:\/\/premino.pl\/?product=vinoperfect-skoncentrowana-glikolowa-esencja-dodajaca-blasku-100ml"},"modified":"2026-05-13T16:00:41","modified_gmt":"2026-05-13T14:00:41","slug":"vinoperfect-skoncentrowana-glikolowa-esencja-dodajaca-blasku-100ml","status":"publish","type":"product","link":"https:\/\/premino.pl\/?product=vinoperfect-skoncentrowana-glikolowa-esencja-dodajaca-blasku-100ml","title":{"rendered":"Vinoperfect skoncentrowana glikolowa esencja dodaj\u0105ca blasku 100ml"},"content":{"rendered":"<p>Esencja roz\u015bwietlaj\u0105ca z kwasem glikolowym Vinoperfect to pierwszy krok w codziennej piel\u0119gnacji przeciw przebarwieniom. Stworzona dla wszystkich kobiet, kt\u00f3re chc\u0105 zapobiega\u0107 powstawaniu plam pigmentacyjnych lub je redukowa\u0107 \u2013 niezale\u017cnie od ich przyczyny: s\u0142o\u0144ca, tr\u0105dziku, wieku czy ci\u0105\u017cy. Delikatna, a jednocze\u015bnie skuteczna, esencja usuwa martwe kom\u00f3rki nask\u00f3rka, przywracaj\u0105c sk\u00f3rze naturalny blask i jednolity koloryt. Jej lekka, wodnista konsystencja \u2013 idealna mieszanka serum i balsamu \u2013 natychmiast si\u0119 wch\u0142ania, przygotowuj\u0105c sk\u00f3r\u0119 do pe\u0142nego dzia\u0142ania serum Vinoperfect. Subtelny, naturalny zapach kwiatu pomara\u0144czy dodaje uczucia \u015bwie\u017co\u015bci.<\/p>\n<p><b>Korzy\u015bci:<br \/><\/b>\u2022 Roz\u015bwietla i wyr\u00f3wnuje koloryt sk\u00f3ry<br \/>\u2022 Usuwa martwe kom\u00f3rki nask\u00f3rka<br \/>\u2022 Przywraca naturalny blask i promienno\u015b\u0107<br \/>\u2022 Nawil\u017ca i koi cer\u0119<br \/>\u2022 Podwaja skuteczno\u015b\u0107 serum Vinoperfect w zakresie roz\u015bwietlenia<\/p>\n<p><b>Sk\u0142adniki aktywne:<br \/><\/b>\u2022 Bia\u0142a piwonia \u2013 dodaje blasku i wyr\u00f3wnuje koloryt cery<br \/>\u2022 Organiczna woda winogronowa \u2013 nawil\u017ca, koi, dzia\u0142a antyoksydacyjnie i wspiera mikrobiom sk\u00f3ry<br \/>\u2022 Kwas glikolowy \u2013 usuwa martwe kom\u00f3rki, dodaj\u0105c cerze blasku<\/p>\n<p><b>Widoczne efekty:<br \/><\/b>\u2022 Promienna i jednolita cera<br \/>\u2022 Poprawa tekstury sk\u00f3ry \u2013 100% kobiet zauwa\u017ca wyra\u017aniejsze wyg\u0142adzenie*<\/p>\n<p><b>Dodatkowe informacje:<\/b><br \/>\u2022 98% sk\u0142adnik\u00f3w pochodzenia naturalnego<br \/>\u2022 Bezolejowy<br \/>\u2022 Testowany dermatologicznie<br \/>\u2022 Wega\u0144ski<\/p>\n<p>*Badanie kliniczne, 56 dni, 31 ochotnik\u00f3w<\/p>\n<p><b>Spos\u00f3b u\u017cycia:<\/b><br \/>Stosuj rano i wieczorem na oczyszczon\u0105 sk\u00f3r\u0119 twarzy i szyi, za pomoc\u0105 wacika lub opuszk\u00f3w palc\u00f3w, przed serum Vinoperfect, aby uzyska\u0107 maksymalny efekt blasku.<\/p>\n<p><strong>Dzia\u0142anie:<\/strong> nawil\u017caj\u0105ce, rozja\u015bnia przebarwienia, roz\u015bwietlaj\u0105ce, wyg\u0142adza, wyr\u00f3wnuje koloryt sk\u00f3ry, z\u0142uszcza nask\u00f3rek<br \/>\n<strong>Gramatura:<\/strong> ml<br \/>\n<strong>Konsystencja:<\/strong> emulsja<br \/>\n<strong>Linie elitarne:<\/strong> tak<br \/>\n<strong>Piel\u0119gnacja specyficzna:<\/strong> nie<br \/>\n<strong>Pojemno\u015b\u0107:<\/strong> 100<br \/>\n<strong>Pora stosowania:<\/strong> dowolnie, dzie\u0144, noc<br \/>\n<strong>P\u0142e\u0107:<\/strong> damski<br \/>\n<strong>Rodzaj sk\u00f3ry:<\/strong> dojrza\u0142a<br \/>\n<strong>S\u0142o\u0144ce:<\/strong> nie<br \/>\n<strong>Typ sk\u00f3ry:<\/strong> mieszana\/t\u0142usta, normalna, sucha<\/p>\n<p><strong>Uwagi:<\/strong><\/p>\n<p>Unika\u0107 kontaktu z oczami.<\/p>\n<p><strong>Sk\u0142adniki:<\/strong><\/p>\n<p>AQUA\/WATER\/EAU, VITIS VINIFERA (GRAPE) FRUIT WATER, CITRUS AURANTIUM AMARA (BITTER ORANGE) FLOWER WATER, GLYCERIN, METHYLPROPANEDIOL, GLYCOLIC ACID, CAPRYLYL GLYCOL, SODIUM HYDROXIDE, VITIS VINIFERA (GRAPE) JUICE, SODIUM BENZOATE, CITRIC ACID, ARGININE, PAEONIA LACTIFLORA ROOT EXTRACT, POTASSIUM SORBATE, SODIUM PHYTATE, PHENYLPROPANOL, LINALOOL, LIMONENE.<\/p>\n","protected":false},"excerpt":{"rendered":"<p> <strong>Dzia\u0142anie:<\/strong> nawil\u017caj\u0105ce, rozja\u015bnia przebarwienia, roz\u015bwietlaj\u0105ce, wyg\u0142adza, wyr\u00f3wnuje koloryt sk\u00f3ry, z\u0142uszcza nask\u00f3rek<br \/>  <strong>Gramatura:<\/strong> ml<br \/>  <strong>Konsystencja:<\/strong> emulsja<br \/>  <strong>Linie elitarne:<\/strong> tak<br \/>  <strong>Piel\u0119gnacja specyficzna:<\/strong> nie<br \/>  <strong>Pojemno\u015b\u0107:<\/strong> 100<br \/>  <strong>Pora stosowania:<\/strong> dowolnie, dzie\u0144, noc<br \/>  <strong>P\u0142e\u0107:<\/strong> damski<br \/>  <strong>Rodzaj sk\u00f3ry:<\/strong> dojrza\u0142a<br \/>  <strong>S\u0142o\u0144ce:<\/strong> nie<br \/>  <strong>Typ sk\u00f3ry:<\/strong> mieszana\/t\u0142usta, normalna, sucha <\/p>\n","protected":false},"featured_media":54326,"comment_status":"open","ping_status":"closed","template":"","meta":{"_acf_changed":false},"kategoria-hurtowni":[90,109,110],"product_brand":[653],"product_cat":[76],"product_tag":[],"class_list":{"0":"post-54325","1":"product","2":"type-product","3":"status-publish","4":"has-post-thumbnail","6":"kategoria-hurtowni-pielegnacja","7":"kategoria-hurtowni-pielegnacja-twarzy-pielegnacja","8":"kategoria-hurtowni-twarz-pielegnacja-twarzy-pielegnacja","9":"product_brand-caudalie","10":"product_cat-primavera","12":"first","13":"outofstock","14":"taxable","15":"shipping-taxable","16":"product-type-simple"},"acf":[],"_links":{"self":[{"href":"https:\/\/premino.pl\/index.php?rest_route=\/wp\/v2\/product\/54325","targetHints":{"allow":["GET"]}}],"collection":[{"href":"https:\/\/premino.pl\/index.php?rest_route=\/wp\/v2\/product"}],"about":[{"href":"https:\/\/premino.pl\/index.php?rest_route=\/wp\/v2\/types\/product"}],"replies":[{"embeddable":true,"href":"https:\/\/premino.pl\/index.php?rest_route=%2Fwp%2Fv2%2Fcomments&post=54325"}],"wp:featuredmedia":[{"embeddable":true,"href":"https:\/\/premino.pl\/index.php?rest_route=\/wp\/v2\/media\/54326"}],"wp:attachment":[{"href":"https:\/\/premino.pl\/index.php?rest_route=%2Fwp%2Fv2%2Fmedia&parent=54325"}],"wp:term":[{"taxonomy":"kategoria-hurtowni","embeddable":true,"href":"https:\/\/premino.pl\/index.php?rest_route=%2Fwp%2Fv2%2Fkategoria-hurtowni&post=54325"},{"taxonomy":"product_brand","embeddable":true,"href":"https:\/\/premino.pl\/index.php?rest_route=%2Fwp%2Fv2%2Fproduct_brand&post=54325"},{"taxonomy":"product_cat","embeddable":true,"href":"https:\/\/premino.pl\/index.php?rest_route=%2Fwp%2Fv2%2Fproduct_cat&post=54325"},{"taxonomy":"product_tag","embeddable":true,"href":"https:\/\/premino.pl\/index.php?rest_route=%2Fwp%2Fv2%2Fproduct_tag&post=54325"}],"curies":[{"name":"wp","href":"https:\/\/api.w.org\/{rel}","templated":true}]}}