{"id":54719,"date":"2026-05-13T16:03:15","date_gmt":"2026-05-13T14:03:15","guid":{"rendered":"https:\/\/premino.pl\/?product=floradrop-protect%c2%b9-probiotyk-suplement-diety-w-kroplach-20ml"},"modified":"2026-05-13T16:03:16","modified_gmt":"2026-05-13T14:03:16","slug":"floradrop-protect%c2%b9-probiotyk-suplement-diety-w-kroplach-20ml","status":"publish","type":"product","link":"https:\/\/premino.pl\/?product=floradrop-protect%c2%b9-probiotyk-suplement-diety-w-kroplach-20ml","title":{"rendered":"Floradrop protect\u00b9 probiotyk suplement diety w kroplach 20ml"},"content":{"rendered":"<p><b>Mikrokapsu\u0142kowane \u017cywe kultury bakterii Lactobacillus Rhamnosus GG + witamina D<\/b><br \/>Suplement diety w kroplach, 40 dziennych porcji<\/p>\n<p><b>Dlaczego warto wybra\u0107 Floradrop protect, probiotyk w kroplach od Aura Herbals?<\/b><br \/>\u2022 pomaga w prawid\u0142owym funkcjonowaniu uk\u0142adu odporno\u015bciowego\u00b9<br \/>\u2022 zawiera mikrokapsu\u0142kowane \u017cywe kultury bakterii Lactobacillus Rhamnosus GG ATCC53103<br \/>\u2022 ca\u0142kowita liczba bakterii probiotycznych: 2 x 10\u2079 CFU\/kapsu\u0142ka (CFU \u2013 jednostka tworz\u0105ca koloni\u0119)<br \/>\u2022 preparat wzbogacony o markow\u0105 witamin\u0119 D (Quali\u00ae-D) \u2013 2000 IU w dziennej porcji<br \/>\u2022 100% naturalnych sk\u0142adnik\u00f3w<br \/>\u2022 clean label &#8211; najprostszy sk\u0142ad, bez zb\u0119dnych dodatk\u00f3w<\/p>\n<p><b>Szczeg\u00f3lne w\u0142a\u015bciwo\u015bci sk\u0142adnik\u00f3w aktywnych<\/b><br \/>\u00b9Witamina D\u00a0pomaga w prawid\u0142owym funkcjonowaniu uk\u0142adu odporno\u015bciowego.<\/p>\n<p><b>Gwarancja jako\u015bci preparatu Floradrop protect, probiotyk<br \/><\/b>Mikrokapsulacja szczep\u00f3w bakterii to nowoczesna technologia ochrony probiotyk\u00f3w, kt\u00f3ra polega na zamykaniu \u017cywych bakterii w mikroskopijnych kapsu\u0142kach. Proces ten zabezpiecza bakterie przed szkodliwymi czynnikami, takimi jak kwas \u017co\u0142\u0105dkowy i enzymy trawienne. Mikrokapsu\u0142ki mog\u0105 uwalnia\u0107 substancje w kontrolowany spos\u00f3b, co pozwala na precyzyjne dostarczenie ich do okre\u015blonych miejsc w organizmie.<\/p>\n<p>Do produkcji Floradrop protect wykorzystano certyfikowan\u0105 witamin\u0119 D \u2013 Quali\u00ae-D. To najwy\u017cszej jako\u015bci witamina D pozyskiwana z lanoliny, we\u0142ny \u017cywych i zdrowych owiec, \u017cyj\u0105cych na australijskich i nowozelandzkich pastwiskach. Dzi\u0119ki drobno rozproszonym cz\u0105steczkom, pozyskanym w specjalistycznych, szwajcarskich laboratoriach, Quali\u00ae-D charakteryzuje si\u0119 bardzo stabiln\u0105 form\u0105. Ten innowacyjny proces sprawi\u0142, \u017ce w preparacie Aura Herbals znajdziesz witamin\u0119 D naturalnego pochodzenia, kt\u00f3ra jest jeszcze szybciej i \u0142atwiej wch\u0142aniana przez organizm ludzki.<\/p>\n<p><b>Spos\u00f3b u\u017cycia<br \/><\/b>Przed u\u017cyciem mocno wstrz\u0105sn\u0105\u0107. 15 kropli doda\u0107 do wody lub innego ch\u0142odnego p\u0142ynu i wypi\u0107. Nie dodawa\u0107 do bardzo zimnych lub gor\u0105cych posi\u0142k\u00f3w.<\/p>\n<p><b>Zalecana porcja do spo\u017cycia: 15 kropli\u00a0Nie przekraczaj zalecanej dziennej porcji do spo\u017cycia.<\/b><\/p>\n<p><strong>Forma podania:<\/strong> krople<br \/>\n<strong>Gramatura:<\/strong> ml<br \/>\n<strong>Pojemno\u015b\u0107:<\/strong> 20<br \/>\n<strong>P\u0142e\u0107:<\/strong> unisex<br \/>\n<strong>Rodzaj:<\/strong> witaminy i minera\u0142y<\/p>\n<p><strong>Uwagi:<\/strong><\/p>\n<p>Kobiety w ci\u0105\u017cy i karmi\u0105ce powinny przed zastosowaniem skonsultowa\u0107 si\u0119 z lekarzem. Mo\u017cliwo\u015b\u0107 wyst\u0119powania osadu \u2013 \u015bwiadectwo obecno\u015bci naturalnych sk\u0142adnik\u00f3w, nie stanowi wady produktu. Przed zastosowaniem wskazane jest wykonanie badania 25-(OH)D we krwi oraz konsultacja jego wyniku z lekarzem lub farmaceut\u0105. Suplement diety przeznaczony dla zdrowej populacji os\u00f3b doros\u0142ych do 75 roku \u017cycia. Przechowywanie: Przechowuj w suchym miejscu w temperaturze 15-25\u00b0C, w spos\u00f3b niedost\u0119pny dla ma\u0142ych dzieci. Nie zamra\u017caj. Produkt zawiera \u017cywe kultury bakterii, kt\u00f3re s\u0105 wra\u017cliwe na ciep\u0142o, z tego wzgl\u0119du nie nale\u017cy nara\u017ca\u0107 produktu na dzia\u0142anie ciep\u0142a, promieni s\u0142onecznych i na gwa\u0142towne zmiany temperatur. Najlepiej spo\u017cy\u0107 przed: Data wa\u017cno\u015bci i numer partii na opakowaniu.<\/p>\n<p><strong>Sk\u0142adniki:<\/strong><\/p>\n<p>Olej kukurydziany, Mikrokapsu\u0142kowane \u017cywe kultury bakterii (Lactobacillus Rhamnosus GG), Przeciwutleniacz: alfa-tokoferol, Cholekalcyferol (witamina D z lanoliny, Quali\u00ae-D).<\/p>\n","protected":false},"excerpt":{"rendered":"<p> <strong>Forma podania:<\/strong> krople<br \/>  <strong>Gramatura:<\/strong> ml<br \/>  <strong>Pojemno\u015b\u0107:<\/strong> 20<br \/>  <strong>P\u0142e\u0107:<\/strong> unisex<br \/>  <strong>Rodzaj:<\/strong> witaminy i minera\u0142y <\/p>\n","protected":false},"featured_media":54720,"comment_status":"open","ping_status":"closed","template":"","meta":{"_acf_changed":false},"kategoria-hurtowni":[206,205],"product_brand":[580],"product_cat":[76],"product_tag":[],"class_list":{"0":"post-54719","1":"product","2":"type-product","3":"status-publish","4":"has-post-thumbnail","6":"kategoria-hurtowni-suplementy-diety","7":"kategoria-hurtowni-zdrowie","8":"product_brand-aura-herbals","9":"product_cat-primavera","11":"first","12":"outofstock","13":"taxable","14":"shipping-taxable","15":"product-type-simple"},"acf":[],"_links":{"self":[{"href":"https:\/\/premino.pl\/index.php?rest_route=\/wp\/v2\/product\/54719","targetHints":{"allow":["GET"]}}],"collection":[{"href":"https:\/\/premino.pl\/index.php?rest_route=\/wp\/v2\/product"}],"about":[{"href":"https:\/\/premino.pl\/index.php?rest_route=\/wp\/v2\/types\/product"}],"replies":[{"embeddable":true,"href":"https:\/\/premino.pl\/index.php?rest_route=%2Fwp%2Fv2%2Fcomments&post=54719"}],"wp:featuredmedia":[{"embeddable":true,"href":"https:\/\/premino.pl\/index.php?rest_route=\/wp\/v2\/media\/54720"}],"wp:attachment":[{"href":"https:\/\/premino.pl\/index.php?rest_route=%2Fwp%2Fv2%2Fmedia&parent=54719"}],"wp:term":[{"taxonomy":"kategoria-hurtowni","embeddable":true,"href":"https:\/\/premino.pl\/index.php?rest_route=%2Fwp%2Fv2%2Fkategoria-hurtowni&post=54719"},{"taxonomy":"product_brand","embeddable":true,"href":"https:\/\/premino.pl\/index.php?rest_route=%2Fwp%2Fv2%2Fproduct_brand&post=54719"},{"taxonomy":"product_cat","embeddable":true,"href":"https:\/\/premino.pl\/index.php?rest_route=%2Fwp%2Fv2%2Fproduct_cat&post=54719"},{"taxonomy":"product_tag","embeddable":true,"href":"https:\/\/premino.pl\/index.php?rest_route=%2Fwp%2Fv2%2Fproduct_tag&post=54719"}],"curies":[{"name":"wp","href":"https:\/\/api.w.org\/{rel}","templated":true}]}}