{"id":55342,"date":"2026-05-13T16:07:25","date_gmt":"2026-05-13T14:07:25","guid":{"rendered":"https:\/\/premino.pl\/?product=the-face-glue-supertrwala-baza-pod-makijaz-35ml"},"modified":"2026-05-13T16:07:26","modified_gmt":"2026-05-13T14:07:26","slug":"the-face-glue-supertrwala-baza-pod-makijaz-35ml","status":"publish","type":"product","link":"https:\/\/premino.pl\/?product=the-face-glue-supertrwala-baza-pod-makijaz-35ml","title":{"rendered":"The Face Glue supertrwa\u0142a baza pod makija\u017c 35ml"},"content":{"rendered":"<p>Z t\u0105 baz\u0105 wszystko si\u0119 klei! Baza THE FACE GLUE daje efekt kleju bez lepko\u015bci. Przykleja makija\u017c nawet na 24 godziny! Nawil\u017ca sk\u00f3r\u0119 nawet na 24 godziny! Podk\u0142ad: PRZYKLEJONY! Puder: PRZYKLEJONY! R\u00f3\u017c: PRZYKLEJONY! Z Baz\u0105 The Face Glue WSZYSTKO SI\u0118 KLEI, przytrzyma a\u017c do 24 godzin! Jej formu\u0142a zawiera kwas poliglutaminowy, znany z w\u0142a\u015bciwo\u015bci nawil\u017caj\u0105cych, oraz syrop klonowy, kt\u00f3ry zapewnia przyczepno\u015b\u0107 kleju. Bez lepko\u015bci!\u00a0<\/p>\n<p>Baza The Face Glue zapewnia do 24 godzin trwa\u0142o\u015bci i nawil\u017cenia, oferuj\u0105c efekt kleju bez uczucia lepko\u015bci. Jej niekomedogenna formu\u0142a jest komfortowa na sk\u00f3rze i pozwala jej oddycha\u0107 przez ca\u0142y dzie\u0144, nadaj\u0105c mi\u0119ciutkie wyko\u0144czenie. WSZYSTKO SI\u0118 KLEI, gdy \u0142\u0105czysz baz\u0119 The Face Glue ze sprayem The Face Glue oraz klejem do brwi The Brow Glue. <\/p>\n<p>Baza The Face Glue daje efekt kleju z mi\u0119ciutkim wyko\u0144czeniem. Stw\u00f3rz sw\u00f3j look, nak\u0142adaj\u0105c swoje ulubione produkty NYX Professional Makeup, takie jak Buttermelt Glaze Tint dla b\u0142yszcz\u0105cego, roz\u015bwietlonego efektu, lub podk\u0142ad Bare With Me Blur Tint Foundation dla matowego wyko\u0144czenia.\u200b<\/p>\n<p>NYX Professional Makeup \u2014 wyselekcjonowane przez profesjonalnych makija\u017cyst\u00f3w z Los Angeles produkty, kt\u00f3re zapewniaj\u0105 intensywny kolor i epick\u0105 trwa\u0142o\u015b\u0107. 100% Cruelty Free od pocz\u0105tku, nigdy nie testowali\u015bmy na zwierz\u0119tach.<\/p>\n<p><b>Stosowanie:<\/b><br \/>Krok pierwszy: na\u0142\u00f3\u017c baz\u0119 pod makija\u017c The Face Glue.<br \/>Rozprowad\u017a r\u00f3wnomiernie niewielk\u0105 ilo\u015b\u0107 produktu i zobacz, jak dopasowuje si\u0119 do odcienia Twojej sk\u00f3ry! Nie musisz czeka\u0107, by na\u0142o\u017cy\u0107 makija\u017c!<br \/>Krok drugi, utrwal za pomoc\u0105 The Face Glue Setting Spray!<br \/>Krok trzeci, wystylizuj brwi za pomoc\u0105 The Brow Glue! I wszystko si\u0119 klei!<\/p>\n<p><strong>Dzia\u0142anie:<\/strong> nawil\u017caj\u0105ce, utrwalaj\u0105ca<br \/>\n<strong>Efekt:<\/strong> wyg\u0142adzaj\u0105cy<br \/>\n<strong>Forma podania:<\/strong> tuba<br \/>\n<strong>Gramatura:<\/strong> ml<br \/>\n<strong>Kolor:<\/strong> Transparent<br \/>\n<strong>Pojemno\u015b\u0107:<\/strong> 35<br \/>\n<strong>P\u0142e\u0107:<\/strong> damski<br \/>\n<strong>S\u0142o\u0144ce:<\/strong> nie<\/p>\n<p><strong>Uwagi:<\/strong><\/p>\n<p>Nie s\u0105 wymagane \u017cadne specjalne \u015brodki ostro\u017cno\u015bci przy u\u017cywaniu tego produktu w normalnych lub racjonalnie przewidywalnych warunkach u\u017cytkowania.<\/p>\n<p><strong>Sk\u0142adniki:<\/strong><\/p>\n<p>AQUA \/ WATER \/ EAU \u2022 GLYCERIN \u2022 PEG-150 DISTEARATE \u2022 BUTYLENE GLYCOL \u2022 PVP \u2022 ACER SACCHARUM EXTRACT \/ SUGAR MAPLE EXTRACT \u2022 CARBOMER \u2022 ISODODECANE \u2022 SODIUM HYALURONATE \u2022 TROMETHAMINE \u2022 ALUMINUM HYDROXIDE \u2022 ISOPROPYL TITANIUM TRIISOSTEARATE \u2022 HYDROXYPROPYLTRIMONIUM HYALURONATE \u2022 CAPRYLYL GLYCOL \u2022 TRISODIUM ETHYLENEDIAMINE DISUCCINATE \u2022 XANTHAN GUM \u2022 PANTHENOL \u2022 ETHYLHEXYLGLYCERIN \u2022 POLYGLUTAMIC ACID \u2022 POLYGLYCERYL-4 ISOSTEARATE \u2022 OCTYLDODECANOL \u2022 TOCOPHEROL \u2022 ASCORBYL PALMITATE \u2022 PHENOXYETHANOL \u2022 CI 77891 \/ TITANIUM DIOXIDE (F.I.L. N70044839\/2).<\/p>\n","protected":false},"excerpt":{"rendered":"<p> <strong>Dzia\u0142anie:<\/strong> nawil\u017caj\u0105ce, utrwalaj\u0105ca<br \/>  <strong>Efekt:<\/strong> wyg\u0142adzaj\u0105cy<br \/>  <strong>Forma podania:<\/strong> tuba<br \/>  <strong>Gramatura:<\/strong> ml<br \/>  <strong>Kolor:<\/strong> Transparent<br \/>  <strong>Pojemno\u015b\u0107:<\/strong> 35<br \/>  <strong>P\u0142e\u0107:<\/strong> damski<br \/>  <strong>S\u0142o\u0144ce:<\/strong> nie <\/p>\n","protected":false},"featured_media":55343,"comment_status":"open","ping_status":"closed","template":"","meta":{"_acf_changed":false},"kategoria-hurtowni":[83,274,275],"product_brand":[141],"product_cat":[76],"product_tag":[],"class_list":{"0":"post-55342","1":"product","2":"type-product","3":"status-publish","4":"has-post-thumbnail","6":"kategoria-hurtowni-makijaz","7":"kategoria-hurtowni-makijaz-bazy","8":"kategoria-hurtowni-twarz-makijaz-bazy","9":"product_brand-nyx-professional-makeup","10":"product_cat-primavera","12":"first","13":"outofstock","14":"taxable","15":"shipping-taxable","16":"product-type-simple"},"acf":[],"_links":{"self":[{"href":"https:\/\/premino.pl\/index.php?rest_route=\/wp\/v2\/product\/55342","targetHints":{"allow":["GET"]}}],"collection":[{"href":"https:\/\/premino.pl\/index.php?rest_route=\/wp\/v2\/product"}],"about":[{"href":"https:\/\/premino.pl\/index.php?rest_route=\/wp\/v2\/types\/product"}],"replies":[{"embeddable":true,"href":"https:\/\/premino.pl\/index.php?rest_route=%2Fwp%2Fv2%2Fcomments&post=55342"}],"wp:featuredmedia":[{"embeddable":true,"href":"https:\/\/premino.pl\/index.php?rest_route=\/wp\/v2\/media\/55343"}],"wp:attachment":[{"href":"https:\/\/premino.pl\/index.php?rest_route=%2Fwp%2Fv2%2Fmedia&parent=55342"}],"wp:term":[{"taxonomy":"kategoria-hurtowni","embeddable":true,"href":"https:\/\/premino.pl\/index.php?rest_route=%2Fwp%2Fv2%2Fkategoria-hurtowni&post=55342"},{"taxonomy":"product_brand","embeddable":true,"href":"https:\/\/premino.pl\/index.php?rest_route=%2Fwp%2Fv2%2Fproduct_brand&post=55342"},{"taxonomy":"product_cat","embeddable":true,"href":"https:\/\/premino.pl\/index.php?rest_route=%2Fwp%2Fv2%2Fproduct_cat&post=55342"},{"taxonomy":"product_tag","embeddable":true,"href":"https:\/\/premino.pl\/index.php?rest_route=%2Fwp%2Fv2%2Fproduct_tag&post=55342"}],"curies":[{"name":"wp","href":"https:\/\/api.w.org\/{rel}","templated":true}]}}