{"id":55628,"date":"2026-05-13T16:09:03","date_gmt":"2026-05-13T14:09:03","guid":{"rendered":"https:\/\/premino.pl\/?product=trajan-perfumy-spray-100ml"},"modified":"2026-05-13T16:09:04","modified_gmt":"2026-05-13T14:09:04","slug":"trajan-perfumy-spray-100ml","status":"publish","type":"product","link":"https:\/\/premino.pl\/?product=trajan-perfumy-spray-100ml","title":{"rendered":"Trajan perfumy spray 100ml"},"content":{"rendered":"<p>Electimuss Trajan to \u015bwietlista, \u017cywa kompozycja unisex wydana w roku 2020.\u00a0Zapach inspirowany jest podr\u00f3\u017cami i odwag\u0105 \u2013 ho\u0142dem dla rzymskiego cesarza Trajana, symbolizuj\u0105cego si\u0142\u0119, elegancj\u0119 i harmoni\u0119.<\/p>\n<p><b>Nuty zapachowe:<br \/><\/b><br \/><b>Nuta g\u0142owy: <\/b>czerwona pomara\u0144cza, mandarynka, cytryna, bergamotka<br \/><b>Nuta serca: <\/b>szafran, lawenda, sza\u0142wia<br \/><b>Nuta bazy: <\/b>ambra, cedr, mech d\u0119bowy<\/p>\n<p><strong>Gramatura:<\/strong> ml<br \/>\n<strong>Linia k\u0105pielowa:<\/strong> nie<br \/>\n<strong>Miniatura:<\/strong> nie<br \/>\n<strong>Nuta bazy:<\/strong> ambra, cedr, mech d\u0119bowy<br \/>\n<strong>Nuta g\u0142owy:<\/strong> bergamotka, cytryna, czerwona pomara\u0144cza, mandarynka<br \/>\n<strong>Nuta g\u0142\u00f3wna:<\/strong> ciep\u0142a korzenna , cytrusowe<br \/>\n<strong>Nuta serca:<\/strong> lawenda, szafran, sza\u0142wia<br \/>\n<strong>Pojemno\u015b\u0107:<\/strong> 100<br \/>\n<strong>Produkt rzadki:<\/strong> tak<br \/>\n<strong>Pr\u00f3bka:<\/strong> nie<br \/>\n<strong>P\u0142e\u0107:<\/strong> unisex<br \/>\n<strong>Rodzaj:<\/strong> perfumy<br \/>\n<strong>Tester:<\/strong> nie<br \/>\n<strong>Zapach alternatywny:<\/strong> nie<\/p>\n<p><strong>Uwagi:<\/strong><\/p>\n<p>Produkt \u0142atwopalny \u2013 trzyma\u0107 z dala od ognia, unika\u0107 kontaktu z oczami, mo\u017ce powodowa\u0107 reakcje alergiczne, przechowywa\u0107 poza zasi\u0119giem dzieci. Unika\u0107 kontaktu z oczami. Nie po\u0142yka\u0107 ani nie przyjmowa\u0107 perfum wewn\u0119trznie. Przechowywa\u0107 w miejscu niedost\u0119pnym dla dzieci i zwierz\u0105t domowych. Nie stosowa\u0107 na wra\u017cliw\u0105 sk\u00f3r\u0119 .<\/p>\n<p><strong>Sk\u0142adniki:<\/strong><\/p>\n<p>Alcohol Denat. Parfum [Fragrance]. Limonene, Coumarin, Linalool.<\/p>\n","protected":false},"excerpt":{"rendered":"<p> <strong>Gramatura:<\/strong> ml<br \/>  <strong>Linia k\u0105pielowa:<\/strong> nie<br \/>  <strong>Miniatura:<\/strong> nie<br \/>  <strong>Nuta bazy:<\/strong> ambra, cedr, mech d\u0119bowy<br \/>  <strong>Nuta g\u0142owy:<\/strong> bergamotka, cytryna, czerwona pomara\u0144cza, mandarynka<br \/>  <strong>Nuta g\u0142\u00f3wna:<\/strong> ciep\u0142a korzenna , cytrusowe<br \/>  <strong>Nuta serca:<\/strong> lawenda, szafran, sza\u0142wia<br \/>  <strong>Pojemno\u015b\u0107:<\/strong> 100<br \/>  <strong>Produkt rzadki:<\/strong> tak<br \/>  <strong>Pr\u00f3bka:<\/strong> nie<br \/>  <strong>P\u0142e\u0107:<\/strong> unisex<br \/>  <strong>Rodzaj:<\/strong> perfumy<br \/>  <strong>Tester:<\/strong> nie<br \/>  <strong>Zapach alternatywny:<\/strong> nie <\/p>\n","protected":false},"featured_media":55629,"comment_status":"open","ping_status":"closed","template":"","meta":{"_acf_changed":false},"kategoria-hurtowni":[87,88],"product_brand":[209],"product_cat":[76],"product_tag":[],"class_list":{"0":"post-55628","1":"product","2":"type-product","3":"status-publish","4":"has-post-thumbnail","6":"kategoria-hurtowni-perfumy","7":"kategoria-hurtowni-zapachy","8":"product_brand-electimuss","9":"product_cat-primavera","11":"first","12":"outofstock","13":"taxable","14":"shipping-taxable","15":"product-type-simple"},"acf":[],"_links":{"self":[{"href":"https:\/\/premino.pl\/index.php?rest_route=\/wp\/v2\/product\/55628","targetHints":{"allow":["GET"]}}],"collection":[{"href":"https:\/\/premino.pl\/index.php?rest_route=\/wp\/v2\/product"}],"about":[{"href":"https:\/\/premino.pl\/index.php?rest_route=\/wp\/v2\/types\/product"}],"replies":[{"embeddable":true,"href":"https:\/\/premino.pl\/index.php?rest_route=%2Fwp%2Fv2%2Fcomments&post=55628"}],"wp:featuredmedia":[{"embeddable":true,"href":"https:\/\/premino.pl\/index.php?rest_route=\/wp\/v2\/media\/55629"}],"wp:attachment":[{"href":"https:\/\/premino.pl\/index.php?rest_route=%2Fwp%2Fv2%2Fmedia&parent=55628"}],"wp:term":[{"taxonomy":"kategoria-hurtowni","embeddable":true,"href":"https:\/\/premino.pl\/index.php?rest_route=%2Fwp%2Fv2%2Fkategoria-hurtowni&post=55628"},{"taxonomy":"product_brand","embeddable":true,"href":"https:\/\/premino.pl\/index.php?rest_route=%2Fwp%2Fv2%2Fproduct_brand&post=55628"},{"taxonomy":"product_cat","embeddable":true,"href":"https:\/\/premino.pl\/index.php?rest_route=%2Fwp%2Fv2%2Fproduct_cat&post=55628"},{"taxonomy":"product_tag","embeddable":true,"href":"https:\/\/premino.pl\/index.php?rest_route=%2Fwp%2Fv2%2Fproduct_tag&post=55628"}],"curies":[{"name":"wp","href":"https:\/\/api.w.org\/{rel}","templated":true}]}}