{"id":55668,"date":"2026-05-13T16:09:19","date_gmt":"2026-05-13T14:09:19","guid":{"rendered":"https:\/\/premino.pl\/?product=collagen-jelly-cream-ujedrniajacy-krem-zel-do-twarzy-50ml"},"modified":"2026-05-13T16:09:20","modified_gmt":"2026-05-13T14:09:20","slug":"collagen-jelly-cream-ujedrniajacy-krem-zel-do-twarzy-50ml","status":"publish","type":"product","link":"https:\/\/premino.pl\/?product=collagen-jelly-cream-ujedrniajacy-krem-zel-do-twarzy-50ml","title":{"rendered":"Collagen Jelly Cream uj\u0119drniaj\u0105cy krem-\u017cel do twarzy 50ml"},"content":{"rendered":"<p>Medicube Collagen Jelly Cream to lekki krem o \u017celowej konsystencji, zapewniaj\u0105cy zaawansowan\u0105 piel\u0119gnacj\u0119 przeciwstarzeniow\u0105. Wspiera popraw\u0119 elastyczno\u015bci sk\u00f3ry, wyg\u0142adza jej struktur\u0119 i nadaje zdrowy, promienny wygl\u0105d. Formu\u0142a oparta na takich sk\u0142adnikach jak niacynamid, hydrolizowany kolagen i skwalan intensywnie nawil\u017ca, wspomaga zatrzymywanie wilgoci i poprawia j\u0119drno\u015b\u0107 sk\u00f3ry. Krem doskonale sprawdzi si\u0119 w piel\u0119gnacji sk\u00f3ry suchej, dojrza\u0142ej i odwodnionej. Nie zawiera alkoholu, paraben\u00f3w, siarczan\u00f3w ani silikon\u00f3w, dzi\u0119ki czemu jest \u0142agodny i odpowiedni nawet dla wra\u017cliwej cery.<\/p>\n<p>\u2022 \u017belowa, szybko wch\u0142aniaj\u0105ca si\u0119 konsystencja<br \/>\u2022 Intensywnie uj\u0119drnia i nawil\u017ca sk\u00f3r\u0119<br \/>\u2022 Zawiera kompleks kolagenowy dla poprawy elastyczno\u015bci<br \/>\u2022\u00a0Odpowiedni dla ka\u017cdego typu cery<br \/>\u2022 Pozostawia \u015bwie\u017ce, lekkie i niet\u0142uste wyko\u0144czenie<\/p>\n<p><b>Spos\u00f3b u\u017cycia:\u00a0<\/b>Nabierz odpowiedni\u0105 ilo\u015b\u0107 kremu o galaretowatej konsystencji za pomoc\u0105 szpatu\u0142ki lub czystych palc\u00f3w. R\u00f3wnomiernie rozprowad\u017a produkt na twarzy i szyi. Wmasuj delikatnie, wykonuj\u0105c ruchy ku g\u00f3rze, a\u017c do ca\u0142kowitego wch\u0142oni\u0119cia.<\/p>\n<p><b>Wskaz\u00f3wka:\u00a0<\/b>Przechowuj krem w lod\u00f3wce, aby wzmocni\u0107 efekt ch\u0142odzenia &#8211; idealny dla sk\u00f3ry podra\u017cnionej lub przegrzanej.<\/p>\n<p><strong>Dzia\u0142anie:<\/strong> nawil\u017caj\u0105ce, regeneruje, uelastycznia, uj\u0119drnia, wyg\u0142adza, zmi\u0119kcza, \u0142agodzi podra\u017cnienia<br \/>\n<strong>Gramatura:<\/strong> ml<br \/>\n<strong>Konsystencja:<\/strong> krem-\u017cel<br \/>\n<strong>Linie elitarne:<\/strong> nie<br \/>\n<strong>Piel\u0119gnacja specyficzna:<\/strong> nie<br \/>\n<strong>Pojemno\u015b\u0107:<\/strong> 50<br \/>\n<strong>Pora stosowania:<\/strong> dowolnie<br \/>\n<strong>P\u0142e\u0107:<\/strong> damski<br \/>\n<strong>Rodzaj sk\u00f3ry:<\/strong> dojrza\u0142a, wra\u017cliwa<br \/>\n<strong>S\u0142o\u0144ce:<\/strong> nie<br \/>\n<strong>Typ sk\u00f3ry:<\/strong> mieszana\/t\u0142usta, normalna, sucha<\/p>\n<p><strong>Uwagi:<\/strong><\/p>\n<p>Unikaj kontaktu z oczami. Produkt do u\u017cytku zewn\u0119trznego.<\/p>\n<p><strong>Sk\u0142adniki:<\/strong><\/p>\n<p>Water \/ Propanediol \/ Dipropylene Glycol \/ Butylene Glycol \/ Methylpropanediol \/ Diethoxyethyl Succinate \/ Ethoxydiglycol \/ Ammonium Acryloyldimethyltaurate\/Beheneth-25 Methacrylate Crosspolymer \/ Niacinamide \/ Trehalose \/ 1,2-Hexanediol \/ Chlorella Vulgaris Extract \/ Collagen \/ Hydrolyzed Collagen \/ Cynanchum Atratum Extract \/ Althaea Rosea Flower Extract \/ Soluble Collagen \/ Allium Sativum (Garlic) Bulb Extract \/ Avena Sativa (Oat) Kernel Extract \/ Bertholletia Excelsa Seed Extract \/ Brassica Oleracea Italica (Broccoli) Extract \/ Camellia Sinensis Seed Extract \/ Salmon Egg Extract \/ Solanum Lycopersicum (Tomato) Fruit Extract \/ Spinacia Oleracea (Spinach) Leaf Extract \/ Vaccinium Angustifolium (Blueberry) Fruit Extract \/ Wine Extract \/ Polyglyceryl-10 Isostearate \/ Tromethamine \/ Glucose \/ Polyglyceryl-10 Oleate \/ Ethylhexylglycerin \/ Fructooligosaccharides \/ Fructose \/ Adenosine \/ Sodium Phytate \/ Cyanocobalamin \/ Tocopherol \/ Pullulan \/ Glycerin \/ Hydroxypropyltrimonium Hyaluronate \/ Squalane \/ Soluble Proteoglycan \/ Hydrolyzed Elastin \/ Sodium DNA \/ Carbomer \/ Xanthan Gum \/ Fragrance (Parfum)<\/p>\n","protected":false},"excerpt":{"rendered":"<p> <strong>Dzia\u0142anie:<\/strong> nawil\u017caj\u0105ce, regeneruje, uelastycznia, uj\u0119drnia, wyg\u0142adza, zmi\u0119kcza, \u0142agodzi podra\u017cnienia<br \/>  <strong>Gramatura:<\/strong> ml<br \/>  <strong>Konsystencja:<\/strong> krem-\u017cel<br \/>  <strong>Linie elitarne:<\/strong> nie<br \/>  <strong>Piel\u0119gnacja specyficzna:<\/strong> nie<br \/>  <strong>Pojemno\u015b\u0107:<\/strong> 50<br \/>  <strong>Pora stosowania:<\/strong> dowolnie<br \/>  <strong>P\u0142e\u0107:<\/strong> damski<br \/>  <strong>Rodzaj sk\u00f3ry:<\/strong> dojrza\u0142a, wra\u017cliwa<br \/>  <strong>S\u0142o\u0144ce:<\/strong> nie<br \/>  <strong>Typ sk\u00f3ry:<\/strong> mieszana\/t\u0142usta, normalna, sucha <\/p>\n","protected":false},"featured_media":55669,"comment_status":"open","ping_status":"closed","template":"","meta":{"_acf_changed":false},"kategoria-hurtowni":[90,109,110],"product_brand":[577],"product_cat":[76],"product_tag":[],"class_list":{"0":"post-55668","1":"product","2":"type-product","3":"status-publish","4":"has-post-thumbnail","6":"kategoria-hurtowni-pielegnacja","7":"kategoria-hurtowni-pielegnacja-twarzy-pielegnacja","8":"kategoria-hurtowni-twarz-pielegnacja-twarzy-pielegnacja","9":"product_brand-medicube","10":"product_cat-primavera","12":"first","13":"outofstock","14":"taxable","15":"shipping-taxable","16":"product-type-simple"},"acf":[],"_links":{"self":[{"href":"https:\/\/premino.pl\/index.php?rest_route=\/wp\/v2\/product\/55668","targetHints":{"allow":["GET"]}}],"collection":[{"href":"https:\/\/premino.pl\/index.php?rest_route=\/wp\/v2\/product"}],"about":[{"href":"https:\/\/premino.pl\/index.php?rest_route=\/wp\/v2\/types\/product"}],"replies":[{"embeddable":true,"href":"https:\/\/premino.pl\/index.php?rest_route=%2Fwp%2Fv2%2Fcomments&post=55668"}],"wp:featuredmedia":[{"embeddable":true,"href":"https:\/\/premino.pl\/index.php?rest_route=\/wp\/v2\/media\/55669"}],"wp:attachment":[{"href":"https:\/\/premino.pl\/index.php?rest_route=%2Fwp%2Fv2%2Fmedia&parent=55668"}],"wp:term":[{"taxonomy":"kategoria-hurtowni","embeddable":true,"href":"https:\/\/premino.pl\/index.php?rest_route=%2Fwp%2Fv2%2Fkategoria-hurtowni&post=55668"},{"taxonomy":"product_brand","embeddable":true,"href":"https:\/\/premino.pl\/index.php?rest_route=%2Fwp%2Fv2%2Fproduct_brand&post=55668"},{"taxonomy":"product_cat","embeddable":true,"href":"https:\/\/premino.pl\/index.php?rest_route=%2Fwp%2Fv2%2Fproduct_cat&post=55668"},{"taxonomy":"product_tag","embeddable":true,"href":"https:\/\/premino.pl\/index.php?rest_route=%2Fwp%2Fv2%2Fproduct_tag&post=55668"}],"curies":[{"name":"wp","href":"https:\/\/api.w.org\/{rel}","templated":true}]}}