{"id":55730,"date":"2026-05-13T16:09:42","date_gmt":"2026-05-13T14:09:42","guid":{"rendered":"https:\/\/premino.pl\/?product=softeasy-builder-gel-zel-budujacy-baby-pink-45g"},"modified":"2026-05-13T16:09:44","modified_gmt":"2026-05-13T14:09:44","slug":"softeasy-builder-gel-zel-budujacy-baby-pink-45g","status":"publish","type":"product","link":"https:\/\/premino.pl\/?product=softeasy-builder-gel-zel-budujacy-baby-pink-45g","title":{"rendered":"Soft&amp;Easy Builder Gel \u017cel buduj\u0105cy Baby Pink 45g"},"content":{"rendered":"<p><b>\u017bEL BUDUJ\u0104CY<\/b><br \/>Lakier hybrydowy to w Twoim przypadku za ma\u0142o? Potrzebujesz supertrwa\u0142ej, efektownej stylizacji do\u00a0szybkiego\u00a0wykonania w domu? Szukasz sposobu na\u00a0\u0142atwe\u00a0utwardzenie naturalnej p\u0142ytki lub przed\u0142u\u017cenie paznokci? \u017bel buduj\u0105cy\u00a0SOFT&#038;EASY BUILDER GEL\u00a0to produkt dla Ciebie!<\/p>\n<p>Innowacyjna formu\u0142a \u017celu o wyj\u0105tkowej strukturze i g\u0119sto\u015bci sprawia, \u017ce doskonale\u00a0si\u0119 poziomuje, przez co wybacza b\u0142\u0119dy nawet niezbyt do\u015bwiadczonego u\u017cytkownika,\u00a0szybk\u0105\u00a0prac\u0119 u\u0142atwia tak\u017ce zapobiegaj\u0105ca sp\u0142ywaniu na sk\u00f3rki pami\u0119\u0107 cieczy. Stylizacja przy u\u017cyciu\u00a0SOFT&#038;EASY nie wymaga pi\u0142owania ani Topu\u00a0\u2013 wystarczy przetrze\u0107 warstw\u0119 dyspersyjn\u0105 Cleanerem i intensywnie b\u0142yszcz\u0105ce paznokcie s\u0105 gotowe!<\/p>\n<p>Nowoczesna receptura \u017celu o \u015bwietnej przyczepno\u015bci pozwala na wyr\u00f3wnanie, utwardzenie i przed\u0142u\u017cenie p\u0142ytki nawet przy cienkiej warstwie, gwarantuj\u0105c stylizacji\u00a0wygl\u0105d zbli\u017cony do naturalnej p\u0142ytki paznokcia\u00a0przy\u00a0trwa\u0142o\u015bci co najmniej do 4 tygodni!. Zapobiega te\u017c \u0142amaniu i kruszeniu si\u0119 paznokci, dzi\u0119ki czemu\u00a0mog\u0105 urosn\u0105\u0107 znacznie d\u0142u\u017csze. Specjalna formu\u0142a, dzi\u0119ki niskiej temperaturze polimeryzacji,\u00a0ogranicza do minimum pieczenie w lampie.<\/p>\n<p><b>SOFT&#038;EASY GEL wyst\u0119puje w\u00a016\u00a0kolorach:<br \/><\/b>\u2022 SKIN COVER \u2013 naturalny, neutralny kolor nude, idealny do zakrycia wszelkich niedoskona\u0142o\u015bci p\u0142ytki paznokcia. \u015awietnie komponuje si\u0119 z ka\u017cdym odcieniem sk\u00f3ry, doskona\u0142y jako samodzielny lakier lub baza pod bardziej intensywne kolory.<br \/>\u2022 LILAC \u2013\u00a0delikatny, pastelowy odcie\u0144 lilii, kt\u00f3ry wprowadza \u015bwie\u017co\u015b\u0107 i elegancj\u0119 do ka\u017cdej stylizacji. Doskonale sprawdza si\u0119 zar\u00f3wno samodzielnie, jak i jako baza do bardziej kreatywnych zdobie\u0144.<br \/>\u2022 BLUSH PINK \u2013 subtelny, r\u00f3\u017cowy odcie\u0144, kt\u00f3ry dodaje delikatno\u015bci i romantyzmu ka\u017cdej stylizacji. Idealny jako pe\u0142en manicure lub baza do frencha i baby boomera. Kryje a\u017c w 90%!<br \/>\u2022 GLIMMER PINK \u2013\u00a0pastelowy r\u00f3\u017c z opalizuj\u0105cymi p\u0142atkami, kt\u00f3ry nadaje stylizacji nieco szale\u0144stwa i polotu. Doskona\u0142y do stosowania samodzielnie i jako dodatek w kreatywnych wzor\u00f3w.<br \/>\u2022 CLEAR\u00a0\u2013 transparentny, \u015bwietnie sprawdza si\u0119 jako baza buduj\u0105ca i wyr\u00f3wnuj\u0105ca do wszystkich kolor\u00f3w lakier\u00f3w hybrydowych.<br \/>\u2022 NATURAL \u2013 naturalny, delikatny kolor nude, dobrany tak by wsp\u00f3\u0142gra\u0107 z naturalnym kolorem sk\u00f3ry; \u015bwietnie sprawdza si\u0119 samodzielnie, bez potrzeby u\u017cywania dodatkowego lakieru, kryje a\u017c w 90%!<br \/>\u2022 MILKY PINK \u2013 delikatny, rozbielony r\u00f3\u017c, doskonale sprawdza si\u0119 samodzielnie jako pe\u0142en manikiur oraz jako baza do frencha czy baby boomera, kryje a\u017c w 90%!<br \/>\u2022 BABY PINK \u2013 cukierkowy, s\u0142odki odcie\u0144 r\u00f3\u017cu, doskonale sprawdza si\u0119 samodzielnie jako pe\u0142en manicure oraz jako baza do frencha czy baby boomera, kryje a\u017c w 90%!<br \/>\u2022 CHAMPAGNE \u2013 naturalny, delikatny odcie\u0144 nude z po\u0142yskuj\u0105c\u0105 z\u0142ot\u0105 drobink\u0105, kt\u00f3ra daje wyj\u0105tkowo efektowne wyko\u0144czenie. Doskona\u0142y do stosowania samodzielnego jako pe\u0142en manicure lub jako baza do bardziej fantazyjnych stylizacji, kryje a\u017c w 90%!<br \/>\u2022 GLAM PINK \u2013 pastelowy, delikatny odcie\u0144 r\u00f3\u017cu z po\u0142yskuj\u0105c\u0105 srebrn\u0105 drobink\u0105, doskonale sprawdza si\u0119 samodzielnie jako pe\u0142en manikiur lub baza do dalszych stylizacji, kryje a\u017c w 90%!<br \/>\u2022 PINK CHAMPAGNE \u2013 delikatny, cukierkowy r\u00f3\u017c z wyj\u0105tkow\u0105, r\u00f3\u017cow\u0105 drobink\u0105. \u015awietnie sprawdza si\u0119 jako samodzielna stylizacja, bez potrzeby u\u017cywania dodatkowego lakieru. Kryje a\u017c w 90%!<br \/>\u2022 DANCING SPARKLES \u2013 jasny be\u017c z subteln\u0105, z\u0142ot\u0105 drobin\u0105. Doskonale sprawdza si\u0119 jako samodzielna, subtelna stylizacja, tworzy pi\u0119kny efekt seashell na paznokciach! Kryje a\u017c w 90%!<br \/>\u2022 MILKY WHITE \u2013 mleczna biel, idealna do \u015blubnego manicure, a tak\u017ce na co dzie\u0144. Sprawdzi si\u0119 solo oraz przy zdobieniu typu \u201eprincess nails\u201d.<br \/>\u2022 PANNA COTTA \u2013 bardzo jasny r\u00f3\u017c, kt\u00f3ry z pewno\u015bci\u0105 spodoba si\u0119 fankom ch\u0142odnych ton\u00f3w, a przy tym jest na tyle delikatny, \u017ce pasuje do ka\u017cdego typu karnacji. Idealny jako samodzielna stylizacj\u0105 b\u0105d\u017a do zdobienia typu \u201eprincess nails\u201d.<br \/>\u2022 SWEET SUGAR \u2013 subtelny, jasny r\u00f3\u017c z drobinkami, kt\u00f3re przypominaj\u0105 s\u0142odk\u0105 cukrow\u0105 posypk\u0119. Efektowny odcie\u0144 dla fanek b\u0142ysku.<br \/>\u2022 LIGHT BEIGE\u00a0\u2013 jasny, ciep\u0142y be\u017c. \u015awietny w zestawieniu z drobinkowymi topami i py\u0142kami, a tak\u017ce solo, szczeg\u00f3lnie u posiadaczek ciep\u0142ej karnacji.<\/p>\n<p>Wypr\u00f3buj, a stwierdzisz, \u017ce od dzi\u015b SOFT&#038;EASY BUILDER GEL to Tw\u00f3j #musthave!<\/p>\n<p><b>G\u0142\u00f3wne cechy:<\/b><br \/>\u2022 Samopoziomuj\u0105cy, z pami\u0119ci\u0105 cieczy \u2013 \u0141ATWO!<br \/>\u2022\u00a0Multifunkcyjny\u00a0\u2013 SZYBKO!*<br \/>\u2022 O doskona\u0142ej przyczepno\u015bci* i wysokiej trwa\u0142o\u015bci \u2013 NA D\u0141UGO!<br \/>\u2022 O intensywnym po\u0142ysku \u2013 PI\u0118KNIE!<br \/>\u2022 Z formu\u0142\u0105, dzi\u0119ki kt\u00f3rej NIE PIECZE W LAMPIE!<br \/>\u2022 Zastosowanie: uzupe\u0142nianie i utwardzanie naturalnej p\u0142ytki oraz przed\u0142u\u017canie paznokci \u2013 BINGO!<\/p>\n<p>*Pami\u0119taj, \u017ce ka\u017cda p\u0142ytka jest inna i wymaga indywidualnego podej\u015bcia, dlatego w przypadku szczeg\u00f3lnie wymagaj\u0105cych paznokci dla wzmocnienia przyczepno\u015bci \u017celu mo\u017cesz u\u017cy\u0107 wcierki z ulubionej Bazy Claresa.<\/p>\n<p><strong>Gramatura:<\/strong> g<br \/>\n<strong>Kolor:<\/strong> Baby Pink<br \/>\n<strong>Pojemno\u015b\u0107:<\/strong> 45<br \/>\n<strong>P\u0142e\u0107:<\/strong> damski<br \/>\n<strong>S\u0142o\u0144ce:<\/strong> nie<\/p>\n<p><strong>Uwagi:<\/strong><\/p>\n<p>Tylko do u\u017cytku profesjonalnego. Mo\u017ce powodowa\u0107 reakcj\u0119 alergiczn\u0105. Unika\u0107 kontaktu ze sk\u00f3r\u0105. Przeczyta\u0107 uwa\u017cnie spos\u00f3b u\u017cycia.<\/p>\n<p><strong>Sk\u0142adniki:<\/strong><\/p>\n<p>Bis-HEMA Polyneopentyl Glycol Adipate\/IPDI Copolymer, Bis-HEA Poly(1,4-Butanediol)-9\/IPDI Copolymer, Bis-HEA Polyglycol Adipate\/IPDI Copolymer, Trimethylolpropane Trimethacrylate, Hexanediol Dimethacrylate, Urethane Acrylate, Hydroxycyclohexyl Phenyl Ketone, Silica Dimethyl Silylate, Synthetic Fluorphlogopite, Ethyl Trimethylbenzoyl Phenylphosphinate, Isobornyl Methacrylate, Polyhydroxycarboxylic Acid Amides, PPG-3, Polyether Acrylate, Dipropylene Glycol Diacrylate, Polyester Acrylate, Mica, Hydroquinone, p-Hydroxyanisole, Tin Oxide, +\/- CI 77891, CI 74260, CI 74160, CI 60725, CI 77491, CI 77492, CI 77499, CI 45410, CI 19140, CI 77742, CI 77007<\/p>\n","protected":false},"excerpt":{"rendered":"<p> <strong>Gramatura:<\/strong> g<br \/>  <strong>Kolor:<\/strong> Baby Pink<br \/>  <strong>Pojemno\u015b\u0107:<\/strong> 45<br \/>  <strong>P\u0142e\u0107:<\/strong> damski<br \/>  <strong>S\u0142o\u0144ce:<\/strong> nie <\/p>\n","protected":false},"featured_media":55731,"comment_status":"open","ping_status":"closed","template":"","meta":{"_acf_changed":false},"kategoria-hurtowni":[83,174,267],"product_brand":[268],"product_cat":[76],"product_tag":[],"class_list":{"0":"post-55730","1":"product","2":"type-product","3":"status-publish","4":"has-post-thumbnail","6":"kategoria-hurtowni-makijaz","7":"kategoria-hurtowni-makijaz-paznokcie","8":"kategoria-hurtowni-zele-i-akryle","9":"product_brand-claresa","10":"product_cat-primavera","12":"first","13":"outofstock","14":"taxable","15":"shipping-taxable","16":"product-type-simple"},"acf":[],"_links":{"self":[{"href":"https:\/\/premino.pl\/index.php?rest_route=\/wp\/v2\/product\/55730","targetHints":{"allow":["GET"]}}],"collection":[{"href":"https:\/\/premino.pl\/index.php?rest_route=\/wp\/v2\/product"}],"about":[{"href":"https:\/\/premino.pl\/index.php?rest_route=\/wp\/v2\/types\/product"}],"replies":[{"embeddable":true,"href":"https:\/\/premino.pl\/index.php?rest_route=%2Fwp%2Fv2%2Fcomments&post=55730"}],"wp:featuredmedia":[{"embeddable":true,"href":"https:\/\/premino.pl\/index.php?rest_route=\/wp\/v2\/media\/55731"}],"wp:attachment":[{"href":"https:\/\/premino.pl\/index.php?rest_route=%2Fwp%2Fv2%2Fmedia&parent=55730"}],"wp:term":[{"taxonomy":"kategoria-hurtowni","embeddable":true,"href":"https:\/\/premino.pl\/index.php?rest_route=%2Fwp%2Fv2%2Fkategoria-hurtowni&post=55730"},{"taxonomy":"product_brand","embeddable":true,"href":"https:\/\/premino.pl\/index.php?rest_route=%2Fwp%2Fv2%2Fproduct_brand&post=55730"},{"taxonomy":"product_cat","embeddable":true,"href":"https:\/\/premino.pl\/index.php?rest_route=%2Fwp%2Fv2%2Fproduct_cat&post=55730"},{"taxonomy":"product_tag","embeddable":true,"href":"https:\/\/premino.pl\/index.php?rest_route=%2Fwp%2Fv2%2Fproduct_tag&post=55730"}],"curies":[{"name":"wp","href":"https:\/\/api.w.org\/{rel}","templated":true}]}}