{"id":56059,"date":"2026-05-13T18:38:13","date_gmt":"2026-05-13T16:38:13","guid":{"rendered":"https:\/\/premino.pl\/?product=essence-balsam-do-ciala-aura-300ml"},"modified":"2026-05-13T18:38:15","modified_gmt":"2026-05-13T16:38:15","slug":"essence-balsam-do-ciala-aura-300ml","status":"publish","type":"product","link":"https:\/\/premino.pl\/?product=essence-balsam-do-ciala-aura-300ml","title":{"rendered":"Essence balsam do cia\u0142a Aura 300ml"},"content":{"rendered":"<p>Formu\u0142a oparta na olejach \u2013 sojowym, s\u0142onecznikowym i migda\u0142owym \u2013 intensywnie od\u017cywia i wyg\u0142adza, a gliceryna i witamina C nawil\u017ca oraz wyr\u00f3wnuje koloryt sk\u00f3ry.<\/p>\n<p><b>AURA<\/b><br \/>\u015awie\u017co\u015b\u0107 kwiat\u00f3w po\u0142\u0105czona z kremow\u0105 wanili\u0105 i aksamitnym drzewnym wyko\u0144czeniem. Kobiecy, magnetyczny i nowoczesny.<\/p>\n<p><b>SPOS\u00d3B U\u017bYCIA<br \/><\/b>Nanie\u015b balsam na such\u0105, czyst\u0105 sk\u00f3r\u0119 i delikatnie wmasuj kolistymi ruchami a\u017c do wch\u0142oni\u0119cia. Stosuj codziennie, najlepiej po k\u0105pieli lub prysznicu.<\/p>\n<p><strong>Dzia\u0142anie:<\/strong> nawil\u017caj\u0105ce, od\u017cywcze, wyg\u0142adza<br \/>\n<strong>Gramatura:<\/strong> ml<br \/>\n<strong>Konsystencja:<\/strong> balsam<br \/>\n<strong>Linie elitarne:<\/strong> nie<br \/>\n<strong>Lokalizacja:<\/strong> ca\u0142e cia\u0142o<br \/>\n<strong>Piel\u0119gnacja cia\u0142a:<\/strong> tak<br \/>\n<strong>Pojemno\u015b\u0107:<\/strong> 300<br \/>\n<strong>P\u0142e\u0107:<\/strong> damski<br \/>\n<strong>S\u0142o\u0144ce:<\/strong> nie<\/p>\n<p><strong>Uwagi:<\/strong><\/p>\n<p>Przeciwwskazania: Uczulenie na kt\u00f3rykolwiek ze sk\u0142adnik\u00f3w produktu.<\/p>\n<p><strong>Sk\u0142adniki:<\/strong><\/p>\n<p>Aqua, Glycine Soja Oil, Glycerin, Helianthus Annuus Seed Oil, Prunus Amygdalus Dulcis Oil, Propanediol, Dicaprylyl Carbonate, Parfum, Ethylhexyl Olivate, Tocopheryl Acetate, Panthenol, Ascorbyl Glucoside, Polyglyceryl-4 Olivate, Sodium Acrylates Copolymer, Xanthan Gum, Citric Acid, Phenoxyethanol, Acetyl Cedrene, Alpha-Isomethyl Ionone, Cinnamyl Alcohol, Benzyl Salicylate, Hexamethylindanopyran, Vanillin, Citronellol, Coumarin, Limonene, Geranyl Acetate, Linalool, Tetramethyl Acetyloctahydronaphthalenes, Trimethylbenzenepropanol.<\/p>\n","protected":false},"excerpt":{"rendered":"<p> <strong>Dzia\u0142anie:<\/strong> nawil\u017caj\u0105ce, od\u017cywcze, wyg\u0142adza<br \/>  <strong>Gramatura:<\/strong> ml<br \/>  <strong>Konsystencja:<\/strong> balsam<br \/>  <strong>Linie elitarne:<\/strong> nie<br \/>  <strong>Lokalizacja:<\/strong> ca\u0142e cia\u0142o<br \/>  <strong>Piel\u0119gnacja cia\u0142a:<\/strong> tak<br \/>  <strong>Pojemno\u015b\u0107:<\/strong> 300<br \/>  <strong>P\u0142e\u0107:<\/strong> damski<br \/>  <strong>S\u0142o\u0144ce:<\/strong> nie <\/p>\n","protected":false},"featured_media":56060,"comment_status":"open","ping_status":"closed","template":"","meta":{"_acf_changed":false},"kategoria-hurtowni":[100,165],"product_brand":[865],"product_cat":[76],"product_tag":[],"class_list":{"0":"post-56059","1":"product","2":"type-product","3":"status-publish","4":"has-post-thumbnail","6":"kategoria-hurtowni-eco-bio","7":"kategoria-hurtowni-pielegnacja-ciala-eco-bio","8":"product_brand-vianek","9":"product_cat-primavera","11":"first","12":"outofstock","13":"taxable","14":"shipping-taxable","15":"product-type-simple"},"acf":[],"_links":{"self":[{"href":"https:\/\/premino.pl\/index.php?rest_route=\/wp\/v2\/product\/56059","targetHints":{"allow":["GET"]}}],"collection":[{"href":"https:\/\/premino.pl\/index.php?rest_route=\/wp\/v2\/product"}],"about":[{"href":"https:\/\/premino.pl\/index.php?rest_route=\/wp\/v2\/types\/product"}],"replies":[{"embeddable":true,"href":"https:\/\/premino.pl\/index.php?rest_route=%2Fwp%2Fv2%2Fcomments&post=56059"}],"wp:featuredmedia":[{"embeddable":true,"href":"https:\/\/premino.pl\/index.php?rest_route=\/wp\/v2\/media\/56060"}],"wp:attachment":[{"href":"https:\/\/premino.pl\/index.php?rest_route=%2Fwp%2Fv2%2Fmedia&parent=56059"}],"wp:term":[{"taxonomy":"kategoria-hurtowni","embeddable":true,"href":"https:\/\/premino.pl\/index.php?rest_route=%2Fwp%2Fv2%2Fkategoria-hurtowni&post=56059"},{"taxonomy":"product_brand","embeddable":true,"href":"https:\/\/premino.pl\/index.php?rest_route=%2Fwp%2Fv2%2Fproduct_brand&post=56059"},{"taxonomy":"product_cat","embeddable":true,"href":"https:\/\/premino.pl\/index.php?rest_route=%2Fwp%2Fv2%2Fproduct_cat&post=56059"},{"taxonomy":"product_tag","embeddable":true,"href":"https:\/\/premino.pl\/index.php?rest_route=%2Fwp%2Fv2%2Fproduct_tag&post=56059"}],"curies":[{"name":"wp","href":"https:\/\/api.w.org\/{rel}","templated":true}]}}