{"id":56069,"date":"2026-05-13T18:38:17","date_gmt":"2026-05-13T16:38:17","guid":{"rendered":"https:\/\/premino.pl\/?product=essence-mydlo-do-rak-aura-300ml"},"modified":"2026-05-13T18:38:18","modified_gmt":"2026-05-13T16:38:18","slug":"essence-mydlo-do-rak-aura-300ml","status":"publish","type":"product","link":"https:\/\/premino.pl\/?product=essence-mydlo-do-rak-aura-300ml","title":{"rendered":"Essence myd\u0142o do r\u0105k Aura 300ml"},"content":{"rendered":"<p><b>Myd\u0142o do r\u0105k AURA<\/b><br \/>Skutecznie oczyszcza sk\u00f3r\u0119, nie powoduj\u0105c uczucia \u015bci\u0105gni\u0119cia. Jego formu\u0142a zawiera gliceryn\u0119 i ekstrakt z aloesu, kt\u00f3re regeneruj\u0105, oraz wzmacniaj\u0105 barier\u0119 hydrolipidow\u0105, a dodatek alantoiny \u0142agodzi podra\u017cnienia.<\/p>\n<p><b>AURA<\/b><br \/>\u015awie\u017co\u015b\u0107 kwiat\u00f3w po\u0142\u0105czona z kremow\u0105 wanili\u0105 i aksamitnym drzewnym wyko\u0144czeniem. Kobiecy, magnetyczny i nowoczesny.<\/p>\n<p><b>SPOS\u00d3B U\u017bYCIA<br \/><\/b>Nanie\u015b niewielk\u0105 ilo\u015b\u0107 myd\u0142a na wilgotne d\u0142onie, rozprowad\u017a do uzyskania piany, a nast\u0119pnie dok\u0142adnie sp\u0142ucz wod\u0105.<\/p>\n<p><strong>Dzia\u0142anie:<\/strong> nawil\u017caj\u0105ce, oczyszczaj\u0105ce, wyg\u0142adza, zmi\u0119kcza<br \/>\n<strong>Gramatura:<\/strong> ml<br \/>\n<strong>Konsystencja:<\/strong> myd\u0142o<br \/>\n<strong>Linie elitarne:<\/strong> nie<br \/>\n<strong>Lokalizacja:<\/strong> d\u0142onie<br \/>\n<strong>Piel\u0119gnacja cia\u0142a:<\/strong> tak<br \/>\n<strong>Pojemno\u015b\u0107:<\/strong> 300<br \/>\n<strong>P\u0142e\u0107:<\/strong> damski<br \/>\n<strong>S\u0142o\u0144ce:<\/strong> nie<\/p>\n<p><strong>Uwagi:<\/strong><\/p>\n<p>Przeciwwskazania: Uczulenie na kt\u00f3rykolwiek ze sk\u0142adnik\u00f3w produktu.<\/p>\n<p><strong>Sk\u0142adniki:<\/strong><\/p>\n<p>Aqua, Cocamidopropyl Betaine, Sodium Coco-Sulfate, Coco- Glucoside, Glycerin, Sodium Chloride, Panthenol, Allantoin, Aloe Barbadensis Leaf Juice Powder, Parfum, Guar Hydroxypropyltrimonium Chloride, Citric Acid, Sodium Benzoate, Potassium Sorbate, Hexamethylindanopyran.<\/p>\n","protected":false},"excerpt":{"rendered":"<p> <strong>Dzia\u0142anie:<\/strong> nawil\u017caj\u0105ce, oczyszczaj\u0105ce, wyg\u0142adza, zmi\u0119kcza<br \/>  <strong>Gramatura:<\/strong> ml<br \/>  <strong>Konsystencja:<\/strong> myd\u0142o<br \/>  <strong>Linie elitarne:<\/strong> nie<br \/>  <strong>Lokalizacja:<\/strong> d\u0142onie<br \/>  <strong>Piel\u0119gnacja cia\u0142a:<\/strong> tak<br \/>  <strong>Pojemno\u015b\u0107:<\/strong> 300<br \/>  <strong>P\u0142e\u0107:<\/strong> damski<br \/>  <strong>S\u0142o\u0144ce:<\/strong> nie <\/p>\n","protected":false},"featured_media":56070,"comment_status":"open","ping_status":"closed","template":"","meta":{"_acf_changed":false},"kategoria-hurtowni":[100,165],"product_brand":[865],"product_cat":[76],"product_tag":[],"class_list":{"0":"post-56069","1":"product","2":"type-product","3":"status-publish","4":"has-post-thumbnail","6":"kategoria-hurtowni-eco-bio","7":"kategoria-hurtowni-pielegnacja-ciala-eco-bio","8":"product_brand-vianek","9":"product_cat-primavera","11":"first","12":"outofstock","13":"taxable","14":"shipping-taxable","15":"product-type-simple"},"acf":[],"_links":{"self":[{"href":"https:\/\/premino.pl\/index.php?rest_route=\/wp\/v2\/product\/56069","targetHints":{"allow":["GET"]}}],"collection":[{"href":"https:\/\/premino.pl\/index.php?rest_route=\/wp\/v2\/product"}],"about":[{"href":"https:\/\/premino.pl\/index.php?rest_route=\/wp\/v2\/types\/product"}],"replies":[{"embeddable":true,"href":"https:\/\/premino.pl\/index.php?rest_route=%2Fwp%2Fv2%2Fcomments&post=56069"}],"wp:featuredmedia":[{"embeddable":true,"href":"https:\/\/premino.pl\/index.php?rest_route=\/wp\/v2\/media\/56070"}],"wp:attachment":[{"href":"https:\/\/premino.pl\/index.php?rest_route=%2Fwp%2Fv2%2Fmedia&parent=56069"}],"wp:term":[{"taxonomy":"kategoria-hurtowni","embeddable":true,"href":"https:\/\/premino.pl\/index.php?rest_route=%2Fwp%2Fv2%2Fkategoria-hurtowni&post=56069"},{"taxonomy":"product_brand","embeddable":true,"href":"https:\/\/premino.pl\/index.php?rest_route=%2Fwp%2Fv2%2Fproduct_brand&post=56069"},{"taxonomy":"product_cat","embeddable":true,"href":"https:\/\/premino.pl\/index.php?rest_route=%2Fwp%2Fv2%2Fproduct_cat&post=56069"},{"taxonomy":"product_tag","embeddable":true,"href":"https:\/\/premino.pl\/index.php?rest_route=%2Fwp%2Fv2%2Fproduct_tag&post=56069"}],"curies":[{"name":"wp","href":"https:\/\/api.w.org\/{rel}","templated":true}]}}