{"id":57215,"date":"2026-05-13T18:45:40","date_gmt":"2026-05-13T16:45:40","guid":{"rendered":"https:\/\/premino.pl\/?product=very-good-girl-elixir-woda-perfumowana-spray-80ml"},"modified":"2026-05-13T18:45:40","modified_gmt":"2026-05-13T16:45:40","slug":"very-good-girl-elixir-woda-perfumowana-spray-80ml","status":"publish","type":"product","link":"https:\/\/premino.pl\/?product=very-good-girl-elixir-woda-perfumowana-spray-80ml","title":{"rendered":"Very Good Girl Elixir woda perfumowana spray 80ml"},"content":{"rendered":"<p>Intensywna ods\u0142ona kultowego zapachu zamkni\u0119ta w ikonicznym szpilkowym flakonie. Very Good Girl Elixir zachwyca soczysto\u015bci\u0105 czere\u015bni, g\u0142\u0119bi\u0105 aksamitnej czerwonej r\u00f3\u017cy i ciep\u0142em promiennej wanilii. To zmys\u0142owa, orientalno-kwiatowa kompozycja o magnetycznym uroku, kt\u00f3rej trudno si\u0119 oprze\u0107. Esencja uwodzenia i czystej pokusy. Bo czy nie przyjemnie jest by\u0107 niegrzeczn\u0105?<\/p>\n<p><b>Nuty zapachowe:<br \/><\/b><br \/><b>Nuta g\u0142owy: <\/b>czere\u015bnia, gorzki migda\u0142<br \/><b>Nuta serca: <\/b>r\u00f3\u017ca, tuberoza<br \/><b>Nuta bazy: <\/b>wanilia, kakao<\/p>\n<p><strong>Gramatura:<\/strong> ml<br \/>\n<strong>Linia k\u0105pielowa:<\/strong> nie<br \/>\n<strong>Miniatura:<\/strong> nie<br \/>\n<strong>Nuta bazy:<\/strong> kakao, wanilia<br \/>\n<strong>Nuta g\u0142owy:<\/strong> czere\u015bnia, gorzki migda\u0142<br \/>\n<strong>Nuta g\u0142\u00f3wna:<\/strong> kwiatowe, orientalne<br \/>\n<strong>Nuta serca:<\/strong> r\u00f3\u017ca, tuberoza<br \/>\n<strong>Pojemno\u015b\u0107:<\/strong> 80<br \/>\n<strong>Produkt rzadki:<\/strong> nie<br \/>\n<strong>Pr\u00f3bka:<\/strong> nie<br \/>\n<strong>P\u0142e\u0107:<\/strong> damski<br \/>\n<strong>Rodzaj:<\/strong> woda perfumowana<br \/>\n<strong>Tester:<\/strong> nie<br \/>\n<strong>Zapach alternatywny:<\/strong> nie<br \/>\n<strong>Zestaw:<\/strong> nie<\/p>\n<p><strong>Uwagi:<\/strong><\/p>\n<p>Produkt przechowywa\u0107 z dala od ognia i \u017ar\u00f3de\u0142 ciep\u0142a. Trzyma\u0107 w miejscu niedost\u0119pnym dla dzieci. Nie stosowa\u0107 na podra\u017cnion\u0105 lub uszkodzon\u0105 sk\u00f3r\u0119. Unika\u0107 kontaktu z oczami.<\/p>\n<p><strong>Sk\u0142adniki:<\/strong><\/p>\n<p>ALCOHOL DENAT., PARFUM (FRAGRANCE), AQUA (WATER), HEXYL CINNAMAL, LINALOOL, LIMONENE, COUMARIN, BUTYL METHOXYDIBENZOYLMETHANE, BENZYL BENZOATE, ALPHA-ISOMETHYL IONONE, ANISE ALCOHOL, ALCOHOL, ISOEUGENOL, CITRAL, TRIS(TETRAMETHYLHYDROXYPIPERIDINOL) CITRATE, GERANIOL, CI 14700 (RED 4), BENZYL ALCOHOL, CI 60730 (EXT. VIOLET 2), CI 17200 (RED 33), CI 19140 (YELLOW 5).<\/p>\n","protected":false},"excerpt":{"rendered":"<p> <strong>Gramatura:<\/strong> ml<br \/>  <strong>Linia k\u0105pielowa:<\/strong> nie<br \/>  <strong>Miniatura:<\/strong> nie<br \/>  <strong>Nuta bazy:<\/strong> kakao, wanilia<br \/>  <strong>Nuta g\u0142owy:<\/strong> czere\u015bnia, gorzki migda\u0142<br \/>  <strong>Nuta g\u0142\u00f3wna:<\/strong> kwiatowe, orientalne<br \/>  <strong>Nuta serca:<\/strong> r\u00f3\u017ca, tuberoza<br \/>  <strong>Pojemno\u015b\u0107:<\/strong> 80<br \/>  <strong>Produkt rzadki:<\/strong> nie<br \/>  <strong>Pr\u00f3bka:<\/strong> nie<br \/>  <strong>P\u0142e\u0107:<\/strong> damski<br \/>  <strong>Rodzaj:<\/strong> woda perfumowana<br \/>  <strong>Tester:<\/strong> nie<br \/>  <strong>Zapach alternatywny:<\/strong> nie<br \/>  <strong>Zestaw:<\/strong> nie <\/p>\n","protected":false},"featured_media":57216,"comment_status":"open","ping_status":"closed","template":"","meta":{"_acf_changed":false},"kategoria-hurtowni":[87,88],"product_brand":[155],"product_cat":[76],"product_tag":[],"class_list":{"0":"post-57215","1":"product","2":"type-product","3":"status-publish","4":"has-post-thumbnail","6":"kategoria-hurtowni-perfumy","7":"kategoria-hurtowni-zapachy","8":"product_brand-carolina-herrera","9":"product_cat-primavera","11":"first","12":"outofstock","13":"taxable","14":"shipping-taxable","15":"product-type-simple"},"acf":[],"_links":{"self":[{"href":"https:\/\/premino.pl\/index.php?rest_route=\/wp\/v2\/product\/57215","targetHints":{"allow":["GET"]}}],"collection":[{"href":"https:\/\/premino.pl\/index.php?rest_route=\/wp\/v2\/product"}],"about":[{"href":"https:\/\/premino.pl\/index.php?rest_route=\/wp\/v2\/types\/product"}],"replies":[{"embeddable":true,"href":"https:\/\/premino.pl\/index.php?rest_route=%2Fwp%2Fv2%2Fcomments&post=57215"}],"wp:featuredmedia":[{"embeddable":true,"href":"https:\/\/premino.pl\/index.php?rest_route=\/wp\/v2\/media\/57216"}],"wp:attachment":[{"href":"https:\/\/premino.pl\/index.php?rest_route=%2Fwp%2Fv2%2Fmedia&parent=57215"}],"wp:term":[{"taxonomy":"kategoria-hurtowni","embeddable":true,"href":"https:\/\/premino.pl\/index.php?rest_route=%2Fwp%2Fv2%2Fkategoria-hurtowni&post=57215"},{"taxonomy":"product_brand","embeddable":true,"href":"https:\/\/premino.pl\/index.php?rest_route=%2Fwp%2Fv2%2Fproduct_brand&post=57215"},{"taxonomy":"product_cat","embeddable":true,"href":"https:\/\/premino.pl\/index.php?rest_route=%2Fwp%2Fv2%2Fproduct_cat&post=57215"},{"taxonomy":"product_tag","embeddable":true,"href":"https:\/\/premino.pl\/index.php?rest_route=%2Fwp%2Fv2%2Fproduct_tag&post=57215"}],"curies":[{"name":"wp","href":"https:\/\/api.w.org\/{rel}","templated":true}]}}