{"id":59915,"date":"2026-05-13T19:03:33","date_gmt":"2026-05-13T17:03:33","guid":{"rendered":"https:\/\/premino.pl\/?product=brow-g-kredka-do-brwi-05-granite-0-09g"},"modified":"2026-05-13T19:03:35","modified_gmt":"2026-05-13T17:03:35","slug":"brow-g-kredka-do-brwi-05-granite-0-09g","status":"publish","type":"product","link":"https:\/\/premino.pl\/?product=brow-g-kredka-do-brwi-05-granite-0-09g","title":{"rendered":"Brow G kredka do brwi 05 Granite 0.09g"},"content":{"rendered":"<p><b>BROW G \u2013 Modeluj\u0105ca kredka do brwi<br \/><\/b>Dzi\u0119ki precyzyjnej, wysuwanej ko\u0144c\u00f3wce kredka Brow G pozwala na perfekcyjne zdefiniowanie i wype\u0142nienie brwi, zapewniaj\u0105c naturalny i trwa\u0142y efekt. Podw\u00f3jna ko\u0144c\u00f3wka \u2013 cienka, precyzyjna kredka oraz szczoteczka szpulowa \u2013 u\u0142atwia aplikacj\u0119 i blendowanie, gwarantuj\u0105c idealne wyko\u0144czenie.\u00a0<\/p>\n<p><b>Formu\u0142a z efektem drugiej sk\u00f3ry<br \/><\/b>G\u0142adka, jednolita konsystencja \u0142atwo si\u0119 rozprowadza, umo\u017cliwiaj\u0105c stopniowanie intensywno\u015bci koloru dla naturalnego efektu.<\/p>\n<p><b>Ultraprecyzyjna, wysuwana ko\u0144c\u00f3wka<br \/><\/b>Kredka Brow G ma eleganckie, czarne opakowanie z podw\u00f3jn\u0105 ko\u0144c\u00f3wk\u0105: precyzyjn\u0105 kredk\u0119 do rysowania oraz szczoteczk\u0119 do blendowania, dzi\u0119ki kt\u00f3rym stylizacja brwi staje si\u0119 szybka i wygodna.<\/p>\n<p><strong>Forma podania:<\/strong> kredka<br \/>\n<strong>Gramatura:<\/strong> g<br \/>\n<strong>Kolor:<\/strong> 05 Granite<br \/>\n<strong>Pojemno\u015b\u0107:<\/strong> 0.09<br \/>\n<strong>P\u0142e\u0107:<\/strong> damski<br \/>\n<strong>S\u0142o\u0144ce:<\/strong> nie<\/p>\n<p><strong>Uwagi:<\/strong><\/p>\n<p>Tylko do u\u017cytku zewn\u0119trznego.<\/p>\n<p><strong>Sk\u0142adniki:<\/strong><\/p>\n<p>#19049 INGREDIENTS: STEARIC ACID \u2022 MICA \u2022 HYDROGENATED CASTOR OIL \u2022 RHUS SUCCEDANEA FRUIT WAX \u2022 BIS-BEHENYL\/ISOSTEARYL\/PHYTOSTERYL DIMER DILINOLEYL DIMER DILINOLEATE \u2022 POLYGLYCERYL-2 TRIISOSTEARATE \u2022 JOJOBA ESTERS \u2022 TRIETHYLHEXANOIN \u2022 TOCOPHEROL \u2022 [+\/- CI 77491, CI 77492, CI 77499 (IRON OXIDES) \u2022 CI 77891 (TITANIUM DIOXIDE)].#19048 INGREDIENTS: STEARIC ACID \u2022 HYDROGENATED CASTOR OIL \u2022 RHUS SUCCEDANEA FRUIT WAX \u2022 MICA \u2022 BIS-BEHENYL\/ISOSTEARYL\/PHYTOSTERYL DIMER DILINOLEYL DIMER DILINOLEATE \u2022 POLYGLYCERYL-2 TRIISOSTEARATE \u2022 JOJOBA ESTERS \u2022 TRIETHYLHEXANOIN \u2022 TOCOPHEROL \u2022 [+\/- CI 77491, CI 77499 (IRON OXIDES) \u2022 CI 77891 (TITANIUM DIOXIDE)].#19049 INGREDIENTS: STEARIC ACID \u2022 MICA \u2022 HYDROGENATED CASTOR OIL \u2022 RHUS SUCCEDANEA FRUIT WAX \u2022 BIS-BEHENYL\/ISOSTEARYL\/PHYTOSTERYL DIMER DILINOLEYL DIMER DILINOLEATE \u2022 POLYGLYCERYL-2 TRIISOSTEARATE \u2022 JOJOBA ESTERS \u2022 TRIETHYLHEXANOIN \u2022 TOCOPHEROL \u2022 [+\/- CI 77491, CI 77499 (IRON OXIDES) \u2022 CI 77891 (TITANIUM DIOXIDE)].#19045 INGREDIENTS: MICA \u2022 STEARIC ACID \u2022 HYDROGENATED CASTOR OIL \u2022 RHUS SUCCEDANEA FRUIT WAX \u2022 BIS-BEHENYL\/ISOSTEARYL\/PHYTOSTERYL DIMER DILINOLEYL DIMER DILINOLEATE \u2022 POLYGLYCERYL-2 TRIISOSTEARATE \u2022 JOJOBA ESTERS \u2022 TRIETHYLHEXANOIN \u2022 TOCOPHEROL \u2022 [+\/- CI 77491, CI 77499 (IRON OXIDES) \u2022 CI 77891 (TITANIUM DIOXIDE)].<\/p>\n","protected":false},"excerpt":{"rendered":"<p> <strong>Forma podania:<\/strong> kredka<br \/>  <strong>Gramatura:<\/strong> g<br \/>  <strong>Kolor:<\/strong> 05 Granite<br \/>  <strong>Pojemno\u015b\u0107:<\/strong> 0.09<br \/>  <strong>P\u0142e\u0107:<\/strong> damski<br \/>  <strong>S\u0142o\u0144ce:<\/strong> nie <\/p>\n","protected":false},"featured_media":59916,"comment_status":"open","ping_status":"closed","template":"","meta":{"_acf_changed":false},"kategoria-hurtowni":[83,126,142],"product_brand":[308],"product_cat":[76],"product_tag":[],"class_list":{"0":"post-59915","1":"product","2":"type-product","3":"status-publish","4":"has-post-thumbnail","6":"kategoria-hurtowni-makijaz","7":"kategoria-hurtowni-makijaz-oczy","8":"kategoria-hurtowni-makijaz-brwi","9":"product_brand-guerlain","10":"product_cat-primavera","12":"first","13":"outofstock","14":"taxable","15":"shipping-taxable","16":"product-type-simple"},"acf":[],"_links":{"self":[{"href":"https:\/\/premino.pl\/index.php?rest_route=\/wp\/v2\/product\/59915","targetHints":{"allow":["GET"]}}],"collection":[{"href":"https:\/\/premino.pl\/index.php?rest_route=\/wp\/v2\/product"}],"about":[{"href":"https:\/\/premino.pl\/index.php?rest_route=\/wp\/v2\/types\/product"}],"replies":[{"embeddable":true,"href":"https:\/\/premino.pl\/index.php?rest_route=%2Fwp%2Fv2%2Fcomments&post=59915"}],"wp:featuredmedia":[{"embeddable":true,"href":"https:\/\/premino.pl\/index.php?rest_route=\/wp\/v2\/media\/59916"}],"wp:attachment":[{"href":"https:\/\/premino.pl\/index.php?rest_route=%2Fwp%2Fv2%2Fmedia&parent=59915"}],"wp:term":[{"taxonomy":"kategoria-hurtowni","embeddable":true,"href":"https:\/\/premino.pl\/index.php?rest_route=%2Fwp%2Fv2%2Fkategoria-hurtowni&post=59915"},{"taxonomy":"product_brand","embeddable":true,"href":"https:\/\/premino.pl\/index.php?rest_route=%2Fwp%2Fv2%2Fproduct_brand&post=59915"},{"taxonomy":"product_cat","embeddable":true,"href":"https:\/\/premino.pl\/index.php?rest_route=%2Fwp%2Fv2%2Fproduct_cat&post=59915"},{"taxonomy":"product_tag","embeddable":true,"href":"https:\/\/premino.pl\/index.php?rest_route=%2Fwp%2Fv2%2Fproduct_tag&post=59915"}],"curies":[{"name":"wp","href":"https:\/\/api.w.org\/{rel}","templated":true}]}}