{"id":60685,"date":"2026-05-13T19:08:55","date_gmt":"2026-05-13T17:08:55","guid":{"rendered":"https:\/\/premino.pl\/?product=pedzelki-do-zdobien-paznokci-3szt"},"modified":"2026-05-13T19:08:57","modified_gmt":"2026-05-13T17:08:57","slug":"pedzelki-do-zdobien-paznokci-3szt","status":"publish","type":"product","link":"https:\/\/premino.pl\/?product=pedzelki-do-zdobien-paznokci-3szt","title":{"rendered":"P\u0119dzelki do zdobie\u0144 paznokci 3szt"},"content":{"rendered":"<p>Zestaw profesjonalnych p\u0119dzelk\u00f3w do stylizacji paznokci. P\u0119dzelki charakteryzuje bardzo wysoka jako\u015b\u0107 i wytrzyma\u0142o\u015b\u0107. P\u0119dzelki te u\u017cywane s\u0105 przede wszystkim w profesjonalnych salonach manicure.<\/p>\n<p>Mo\u017cna nimi nak\u0142ada\u0107 \u017cel na p\u0142ytk\u0119 paznokcia, drobne ozdobne \u017cele kolorowe\/brokatowe, malowa\u0107 i cieniowa\u0107 oraz usuwa\u0107 kurz z powierzchni p\u0142ytki paznokcia. Ergonomiczne r\u0105czki u\u0142atwiaj\u0105 prac\u0119 i pomagaj\u0105 tworzy\u0107 pi\u0119kne i wyj\u0105tkowe wzorki na Twoich paznokciach.<\/p>\n<p><strong>Gramatura:<\/strong> sztuka<br \/>\n<strong>Pojemno\u015b\u0107:<\/strong> 3<br \/>\n<strong>P\u0142e\u0107:<\/strong> damski<br \/>\n<strong>S\u0142o\u0144ce:<\/strong> nie<\/p>\n<p><strong>Uwagi:<\/strong><\/p>\n<p>Chroni\u0107 przed dzie\u0107mi. Produkt do u\u017cytku profesjonalnego. Produkt nie jest zabawk\u0105. U\u017cywa\u0107 zgodnie z przeznaczeniem.<\/p>\n<p><strong>Sk\u0142adniki:<\/strong><\/p>\n<p>w\u0142osie naturalne, ergonomiczne r\u0105czki<\/p>\n","protected":false},"excerpt":{"rendered":"<p> <strong>Gramatura:<\/strong> sztuka<br \/>  <strong>Pojemno\u015b\u0107:<\/strong> 3<br \/>  <strong>P\u0142e\u0107:<\/strong> damski<br \/>  <strong>S\u0142o\u0144ce:<\/strong> nie <\/p>\n","protected":false},"featured_media":60686,"comment_status":"open","ping_status":"closed","template":"","meta":{"_acf_changed":false},"kategoria-hurtowni":[175,83,174],"product_brand":[792],"product_cat":[76],"product_tag":[],"class_list":{"0":"post-60685","1":"product","2":"type-product","3":"status-publish","4":"has-post-thumbnail","6":"kategoria-hurtowni-akcesoria-makijaz-paznokcie","7":"kategoria-hurtowni-makijaz","8":"kategoria-hurtowni-makijaz-paznokcie","9":"product_brand-sunone","10":"product_cat-primavera","12":"first","13":"outofstock","14":"taxable","15":"shipping-taxable","16":"product-type-simple"},"acf":[],"_links":{"self":[{"href":"https:\/\/premino.pl\/index.php?rest_route=\/wp\/v2\/product\/60685","targetHints":{"allow":["GET"]}}],"collection":[{"href":"https:\/\/premino.pl\/index.php?rest_route=\/wp\/v2\/product"}],"about":[{"href":"https:\/\/premino.pl\/index.php?rest_route=\/wp\/v2\/types\/product"}],"replies":[{"embeddable":true,"href":"https:\/\/premino.pl\/index.php?rest_route=%2Fwp%2Fv2%2Fcomments&post=60685"}],"wp:featuredmedia":[{"embeddable":true,"href":"https:\/\/premino.pl\/index.php?rest_route=\/wp\/v2\/media\/60686"}],"wp:attachment":[{"href":"https:\/\/premino.pl\/index.php?rest_route=%2Fwp%2Fv2%2Fmedia&parent=60685"}],"wp:term":[{"taxonomy":"kategoria-hurtowni","embeddable":true,"href":"https:\/\/premino.pl\/index.php?rest_route=%2Fwp%2Fv2%2Fkategoria-hurtowni&post=60685"},{"taxonomy":"product_brand","embeddable":true,"href":"https:\/\/premino.pl\/index.php?rest_route=%2Fwp%2Fv2%2Fproduct_brand&post=60685"},{"taxonomy":"product_cat","embeddable":true,"href":"https:\/\/premino.pl\/index.php?rest_route=%2Fwp%2Fv2%2Fproduct_cat&post=60685"},{"taxonomy":"product_tag","embeddable":true,"href":"https:\/\/premino.pl\/index.php?rest_route=%2Fwp%2Fv2%2Fproduct_tag&post=60685"}],"curies":[{"name":"wp","href":"https:\/\/api.w.org\/{rel}","templated":true}]}}