{"id":61715,"date":"2026-05-13T19:15:34","date_gmt":"2026-05-13T17:15:34","guid":{"rendered":"https:\/\/premino.pl\/?product=face-illuminator-highlighting-powder-rozswietlacz-do-twarzy-devotion-9g"},"modified":"2026-05-13T19:15:36","modified_gmt":"2026-05-13T17:15:36","slug":"face-illuminator-highlighting-powder-rozswietlacz-do-twarzy-devotion-9g","status":"publish","type":"product","link":"https:\/\/premino.pl\/?product=face-illuminator-highlighting-powder-rozswietlacz-do-twarzy-devotion-9g","title":{"rendered":"Face Illuminator Highlighting Powder roz\u015bwietlacz do twarzy Devotion 9g"},"content":{"rendered":"<p>Face Illuminator Highlighting Powder to wielozadaniowy, wielowymiarowy puder roz\u015bwietlaj\u0105cy, kt\u00f3ry pozwala uzyska\u0107 blask na twarzy, oczach i dekolcie. Dzi\u0119ki pryzmatycznym pigmentom zapewnia d\u0142ugotrwa\u0142e roz\u015bwietlenie, kt\u00f3re pozostaje na miejscu przez ca\u0142y dzie\u0144 &#8211; bez blakni\u0119cia czy przemieszczania si\u0119. W zale\u017cno\u015bci od wybranego p\u0119dzla mo\u017cesz \u0142atwo kontrolowa\u0107 intensywno\u015b\u0107 efektu i precyzyjnie rozprowadzi\u0107 produkt tam, gdzie chcesz.<\/p>\n<p>Nowoczesna, kompaktowa formu\u0142a ma kremowo-pudrow\u0105 konsystencj\u0119, kt\u00f3ra g\u0142adko si\u0119 aplikuje, r\u00f3wnomiernie rozprowadza i nie osypuje si\u0119 ani nie kruszy.<\/p>\n<p>Mo\u017cliwo\u015b\u0107 budowania intensywno\u015bci \u2013 od subtelnego blasku po spektakularne roz\u015bwietlenie.<\/p>\n<p>Bez dodatku oleju. Testowany dermatologicznie i okulistycznie. Odpowiedni r\u00f3wnie\u017c dla delikatnej sk\u00f3ry<\/p>\n<p><\/p>\n<p><strong>Br\u0105zuj\u0105cy:<\/strong> nie<br \/>\n<strong>Forma podania:<\/strong> Kompakt<br \/>\n<strong>Gramatura:<\/strong> g<br \/>\n<strong>Kolor:<\/strong> Devotion<br \/>\n<strong>Pojemno\u015b\u0107:<\/strong> 9<br \/>\n<strong>P\u0142e\u0107:<\/strong> damski<br \/>\n<strong>Roz\u015bwietlaj\u0105cy:<\/strong> tak<br \/>\n<strong>S\u0142o\u0144ce:<\/strong> nie<\/p>\n<p><strong>Uwagi:<\/strong><\/p>\n<p>Zaprzesta\u0144 stosowania przy wyst\u0105pieniu reakcji niepo\u017c\u0105danych.<\/p>\n<p><strong>Sk\u0142adniki:<\/strong><\/p>\n<p>Mica, Cetearyl Ethylhexanoate, Hdi\/Trimethylol Hexyllactone Crosspolymer, Glycerin, Squalane, Octyldodecyl Stearoyl Stearate, Polysorbate 80, Caprylyl Glycol, Ethylhexylglycerin, 1,2-Hexanediol, Chondrus Crispus (Carrageenan) Powder, Xanthan Gum, Pentaerythrityl Tetra-Di-T-Butyl Hydroxyhydrocinnamate, Silica, Dicalcium Phosphate, Synthetic Fluorphlogopite. May Contain\/Peut Contenir\/(+\/-): Ci 77891 (Titanium Dioxide), Ci 77491, Ci 77492 (Iron Oxides).<\/p>\n","protected":false},"excerpt":{"rendered":"<p> <strong>Br\u0105zuj\u0105cy:<\/strong> nie<br \/>  <strong>Forma podania:<\/strong> Kompakt<br \/>  <strong>Gramatura:<\/strong> g<br \/>  <strong>Kolor:<\/strong> Devotion<br \/>  <strong>Pojemno\u015b\u0107:<\/strong> 9<br \/>  <strong>P\u0142e\u0107:<\/strong> damski<br \/>  <strong>Roz\u015bwietlaj\u0105cy:<\/strong> tak<br \/>  <strong>S\u0142o\u0144ce:<\/strong> nie <\/p>\n","protected":false},"featured_media":61716,"comment_status":"open","ping_status":"closed","template":"","meta":{"_acf_changed":false},"kategoria-hurtowni":[83,129,130],"product_brand":[665],"product_cat":[76],"product_tag":[],"class_list":{"0":"post-61715","1":"product","2":"type-product","3":"status-publish","4":"has-post-thumbnail","6":"kategoria-hurtowni-makijaz","7":"kategoria-hurtowni-makijaz-twarz","8":"kategoria-hurtowni-rozswietlacze","9":"product_brand-laura-mercier","10":"product_cat-primavera","12":"first","13":"outofstock","14":"taxable","15":"shipping-taxable","16":"product-type-simple"},"acf":[],"_links":{"self":[{"href":"https:\/\/premino.pl\/index.php?rest_route=\/wp\/v2\/product\/61715","targetHints":{"allow":["GET"]}}],"collection":[{"href":"https:\/\/premino.pl\/index.php?rest_route=\/wp\/v2\/product"}],"about":[{"href":"https:\/\/premino.pl\/index.php?rest_route=\/wp\/v2\/types\/product"}],"replies":[{"embeddable":true,"href":"https:\/\/premino.pl\/index.php?rest_route=%2Fwp%2Fv2%2Fcomments&post=61715"}],"wp:featuredmedia":[{"embeddable":true,"href":"https:\/\/premino.pl\/index.php?rest_route=\/wp\/v2\/media\/61716"}],"wp:attachment":[{"href":"https:\/\/premino.pl\/index.php?rest_route=%2Fwp%2Fv2%2Fmedia&parent=61715"}],"wp:term":[{"taxonomy":"kategoria-hurtowni","embeddable":true,"href":"https:\/\/premino.pl\/index.php?rest_route=%2Fwp%2Fv2%2Fkategoria-hurtowni&post=61715"},{"taxonomy":"product_brand","embeddable":true,"href":"https:\/\/premino.pl\/index.php?rest_route=%2Fwp%2Fv2%2Fproduct_brand&post=61715"},{"taxonomy":"product_cat","embeddable":true,"href":"https:\/\/premino.pl\/index.php?rest_route=%2Fwp%2Fv2%2Fproduct_cat&post=61715"},{"taxonomy":"product_tag","embeddable":true,"href":"https:\/\/premino.pl\/index.php?rest_route=%2Fwp%2Fv2%2Fproduct_tag&post=61715"}],"curies":[{"name":"wp","href":"https:\/\/api.w.org\/{rel}","templated":true}]}}