{"id":62309,"date":"2026-05-13T19:19:32","date_gmt":"2026-05-13T17:19:32","guid":{"rendered":"https:\/\/premino.pl\/?product=another-13-woda-perfumowana-spray-100ml"},"modified":"2026-05-13T19:19:32","modified_gmt":"2026-05-13T17:19:32","slug":"another-13-woda-perfumowana-spray-100ml","status":"publish","type":"product","link":"https:\/\/premino.pl\/?product=another-13-woda-perfumowana-spray-100ml","title":{"rendered":"Another 13 woda perfumowana spray 100ml"},"content":{"rendered":"<p>Another 13\u00a0to ekskluzywny zapach, kt\u00f3rego\u00a0nazwa odwo\u0142uje si\u0119 zar\u00f3wno do symboliki liczby 13 \u2013 cz\u0119sto kojarzonej z przes\u0105dami i tajemnic\u0105 \u2013 jak i do liczby starannie dobranych sk\u0142adnik\u00f3w, kt\u00f3re wsp\u00f3lnie tworz\u0105 ten intryguj\u0105cy, wielowymiarowy aromat.<\/p>\n<p><b>Nuty zapachowe:<br \/><\/b><br \/><b>Nuta g\u0142owy: <\/b>gruszka, jab\u0142ko, cytrusy<br \/><b>Nuta serca: <\/b>ambrette (pi\u017cmian w\u0142a\u015bciwy), salicylan amylu, mech, ja\u015bmin<br \/><b>Nuta bazy: <\/b>iso e super, cetalox, helwetolid, ambrettolide<\/p>\n<p><\/p>\n<p><b>Produkt sprzedawany bez kartonika.<\/b><\/p>\n<p><strong>Gramatura:<\/strong> ml<br \/>\n<strong>Linia k\u0105pielowa:<\/strong> nie<br \/>\n<strong>Miniatura:<\/strong> nie<br \/>\n<strong>Nuta bazy:<\/strong> ambrettolide, cetalox, helwetolid, iso e super<br \/>\n<strong>Nuta g\u0142owy:<\/strong> cytrusy, gruszka, jab\u0142ko<br \/>\n<strong>Nuta g\u0142\u00f3wna:<\/strong> drzewne, orientalne<br \/>\n<strong>Nuta serca:<\/strong> ambrette (pi\u017cmian w\u0142a\u015bciwy), ja\u015bmin, mech, salicylan amylu<br \/>\n<strong>Pojemno\u015b\u0107:<\/strong> 100<br \/>\n<strong>Produkt rzadki:<\/strong> tak<br \/>\n<strong>Pr\u00f3bka:<\/strong> nie<br \/>\n<strong>P\u0142e\u0107:<\/strong> unisex<br \/>\n<strong>Rodzaj:<\/strong> woda perfumowana<br \/>\n<strong>Tester:<\/strong> nie<br \/>\n<strong>Zapach alternatywny:<\/strong> nie<br \/>\n<strong>Zestaw:<\/strong> nie<\/p>\n<p><strong>Uwagi:<\/strong><\/p>\n<p>Produkt \u0142atwopalny a\u017c do wyschni\u0119cia. Przechowywa\u0107 z dala od \u017ar\u00f3de\u0142 ciep\u0142a i zap\u0142onu. Unika\u0107 rozpylania w kierunku oczu.<\/p>\n<p><strong>Sk\u0142adniki:<\/strong><\/p>\n<p>Alcohol Denat., Fragrance (Parfum), WaterAquaEau, Benzyl Salicylate, Benzyl Benzoate, Bht<\/p>\n","protected":false},"excerpt":{"rendered":"<p> <strong>Gramatura:<\/strong> ml<br \/>  <strong>Linia k\u0105pielowa:<\/strong> nie<br \/>  <strong>Miniatura:<\/strong> nie<br \/>  <strong>Nuta bazy:<\/strong> ambrettolide, cetalox, helwetolid, iso e super<br \/>  <strong>Nuta g\u0142owy:<\/strong> cytrusy, gruszka, jab\u0142ko<br \/>  <strong>Nuta g\u0142\u00f3wna:<\/strong> drzewne, orientalne<br \/>  <strong>Nuta serca:<\/strong> ambrette (pi\u017cmian w\u0142a\u015bciwy), ja\u015bmin, mech, salicylan amylu<br \/>  <strong>Pojemno\u015b\u0107:<\/strong> 100<br \/>  <strong>Produkt rzadki:<\/strong> tak<br \/>  <strong>Pr\u00f3bka:<\/strong> nie<br \/>  <strong>P\u0142e\u0107:<\/strong> unisex<br \/>  <strong>Rodzaj:<\/strong> woda perfumowana<br \/>  <strong>Tester:<\/strong> nie<br \/>  <strong>Zapach alternatywny:<\/strong> nie<br \/>  <strong>Zestaw:<\/strong> nie <\/p>\n","protected":false},"featured_media":62310,"comment_status":"open","ping_status":"closed","template":"","meta":{"_acf_changed":false},"kategoria-hurtowni":[87,88],"product_brand":[1011],"product_cat":[76],"product_tag":[],"class_list":{"0":"post-62309","1":"product","2":"type-product","3":"status-publish","4":"has-post-thumbnail","6":"kategoria-hurtowni-perfumy","7":"kategoria-hurtowni-zapachy","8":"product_brand-le-labo","9":"product_cat-primavera","11":"first","12":"outofstock","13":"taxable","14":"shipping-taxable","15":"product-type-simple"},"acf":[],"_links":{"self":[{"href":"https:\/\/premino.pl\/index.php?rest_route=\/wp\/v2\/product\/62309","targetHints":{"allow":["GET"]}}],"collection":[{"href":"https:\/\/premino.pl\/index.php?rest_route=\/wp\/v2\/product"}],"about":[{"href":"https:\/\/premino.pl\/index.php?rest_route=\/wp\/v2\/types\/product"}],"replies":[{"embeddable":true,"href":"https:\/\/premino.pl\/index.php?rest_route=%2Fwp%2Fv2%2Fcomments&post=62309"}],"wp:featuredmedia":[{"embeddable":true,"href":"https:\/\/premino.pl\/index.php?rest_route=\/wp\/v2\/media\/62310"}],"wp:attachment":[{"href":"https:\/\/premino.pl\/index.php?rest_route=%2Fwp%2Fv2%2Fmedia&parent=62309"}],"wp:term":[{"taxonomy":"kategoria-hurtowni","embeddable":true,"href":"https:\/\/premino.pl\/index.php?rest_route=%2Fwp%2Fv2%2Fkategoria-hurtowni&post=62309"},{"taxonomy":"product_brand","embeddable":true,"href":"https:\/\/premino.pl\/index.php?rest_route=%2Fwp%2Fv2%2Fproduct_brand&post=62309"},{"taxonomy":"product_cat","embeddable":true,"href":"https:\/\/premino.pl\/index.php?rest_route=%2Fwp%2Fv2%2Fproduct_cat&post=62309"},{"taxonomy":"product_tag","embeddable":true,"href":"https:\/\/premino.pl\/index.php?rest_route=%2Fwp%2Fv2%2Fproduct_tag&post=62309"}],"curies":[{"name":"wp","href":"https:\/\/api.w.org\/{rel}","templated":true}]}}