{"id":62863,"date":"2026-05-13T19:23:51","date_gmt":"2026-05-13T17:23:51","guid":{"rendered":"https:\/\/premino.pl\/?product=pearl-light-cream-krem-do-twarzy-80ml"},"modified":"2026-05-13T19:23:52","modified_gmt":"2026-05-13T17:23:52","slug":"pearl-light-cream-krem-do-twarzy-80ml","status":"publish","type":"product","link":"https:\/\/premino.pl\/?product=pearl-light-cream-krem-do-twarzy-80ml","title":{"rendered":"Pearl Light Cream krem do twarzy 80ml"},"content":{"rendered":"<p>Per\u0142y zawieraj\u0105 proteinow\u0105 konchiolin\u0119, sk\u0142adaj\u0105c\u0105 si\u0119 z a\u017c 20 cennych aminokwas\u00f3w, kt\u00f3ra wnikaj\u0105c w sk\u00f3r\u0119 odm\u0142adza j\u0105. W\u0142a\u015bnie dlatego krem \u200b\u200bLAMBRE Pearl Light z naturalnym ekstraktem z pere\u0142 ma silne dzia\u0142anie przeciwstarzeniowe: stymuluje procesy odnowy kom\u00f3rek, nawil\u017ca i tonizuje sk\u00f3r\u0119.<\/p>\n<p>Per\u0142owy krem przeciwzmarszczkowy do twarzy, zawieraj\u0105cy aktywny kompleks odm\u0142adzaj\u0105cy: ekstrakt z pere\u0142, witaminy A, E i F, Moist 24<b>\u2122<\/b>\u00a0oraz olej z owoc\u00f3w marakui i mas\u0142o shea. Wspomaga naturalne procesy odnowy sk\u00f3ry, wyg\u0142adza zmarszczki oraz zapobiega ich powstawaniu. Aktywnie nawil\u017ca, uelastycznia i przyspiesza regeneracj\u0119 nask\u00f3rka. Ma przyjemn\u0105 i delikatn\u0105 konsystencj\u0119.<\/p>\n<p>\u2022 intensywnie nawil\u017ca i g\u0142\u0119boko od\u017cywia sk\u00f3r\u0119<br \/>\u2022 chroni sk\u00f3r\u0119 przed przesuszeniem, kt\u00f3re jest jedn\u0105\u00a0z przyczyn przedwczesnego starzenia<br \/>\u2022 nawil\u017cona i od\u017cywiona sk\u00f3ra promienieje zdrowym blaskiem<\/p>\n<p><b>SK\u0141ADNIKI:<\/b><br \/>\u2022\u00a0Ekstrakt z pere\u0142\u00a0&#8211; bogaty\u00a0w minera\u0142y, oligoelementy i peptydy z g\u0142\u0119bin oceanu. Ekstrakt od dawna jest znany i wykorzystywany w praktyce medycznej dzi\u0119ki w\u0142a\u015bciwo\u015bciom nawil\u017caj\u0105cym i hamuj\u0105cym procesy starzenia. Chroni sk\u00f3r\u0119 przed niszcz\u0105cym wp\u0142ywem czynnik\u00f3w \u015brodowiska zewn\u0119trznego, jednocze\u015bnie poprawiaj\u0105c metabolizm i podtrzymuj\u0105c odpowiedni poziom nawil\u017cenia. Znacznie wp\u0142ywa na struktur\u0119 sk\u00f3ry, podtrzymuj\u0105c jej spoisto\u015b\u0107 i elastyczno\u015b\u0107.<br \/>\u2022\u00a0Witaminy A,E,F\u00a0&#8211; witamina A przyspiesza odnow\u0119 nask\u00f3rka, witamina E chroni przed niekorzystnym dzia\u0142aniem wolnych rodnik\u00f3w, a witamina F zapobiega odwodnieniu i przywraca sk\u00f3rze elastyczno\u015b\u0107.<br \/>\u2022\u00a0Moist 24\u2122\u00a0&#8211;\u00a0innowacyjny sk\u0142adnik aktywny, pozyskany z subtropikalnej ro\u015bliny Imperata Cylindrica, rosn\u0105cej na terenach pustynnych np. w Australii. Moist 24 charakteryzuj\u0105 si\u0119 szczeg\u00f3lnie korzystnym wp\u0142ywem na sk\u00f3r\u0119 &#8211; utrzymywaniem elastyczno\u015bci, a tak\u017ce zapewnia intensywne i d\u0142ugotrwa\u0142e nawil\u017cenie sk\u00f3ry odczuwalne przez 24 godziny.<br \/>\u2022\u00a0Mas\u0142o Shea\u00a0&#8211; inaczej mas\u0142o Karite, otrzymuje si\u0119 z orzech\u00f3w drzewa mas\u0142owego jest naturalnym filtrem przeciws\u0142onecznym. Posiada wspania\u0142e w\u0142a\u015bciwo\u015bci od\u017cywcze i nawil\u017caj\u0105ce. Wyg\u0142adza i regeneruje nask\u00f3rek, dzi\u0119ki temu doskonale nadaje si\u0119 do sk\u00f3ry suchej i zniszczonej, wymagaj\u0105cej szczeg\u00f3lnej i efektywnej piel\u0119gnacji. Normalizuje warstw\u0119 rogow\u0105 sk\u00f3ry, nadaj\u0105c jej zdrowy kolor i sprawiaj\u0105c, \u017ce staje si\u0119 niezwykle delikatn\u0105 i mi\u0119kk\u0105 w dotyku.<br \/>\u2022\u00a0Olej z marakui\u00a0&#8211; otrzymywany\u00a0w procesie t\u0142oczenia na zimno nasion ro\u015bliny\u00a0Passiflora Edulis, wyst\u0119puj\u0105cej w krajach tropikalnych w lasach Amazonii. Dzi\u0119ki obecno\u015bci niezb\u0119dnych nienasyconych kwas\u00f3w t\u0142uszczowych olej odbudowuje sk\u00f3r\u0119, \u0142agodzi procesy zapalne, podra\u017cnienia, sucho\u015b\u0107 i \u0142uszczenie si\u0119 nask\u00f3rka. \u0141atwo si\u0119 wch\u0142ania, nie pozostawiaj\u0105c nieestetycznie wygl\u0105daj\u0105cego po\u0142ysku.<br \/>\u2022\u00a0Skwalan\u00a0&#8211; naturalny surowiec pochodzenia ro\u015blinnego otrzymywany w wyniku ekstrakcji oliwy z oliwek. Komponent bariery ochronnej sk\u00f3ry, kt\u00f3ry zapewnia jej mi\u0119kko\u015b\u0107 i elastyczno\u015b\u0107. Poprawia procesy regeneracyjne nask\u00f3rka , wp\u0142ywaj\u0105c na odpowiedni\u0105 r\u00f3wnowag\u0119 wodno-lipidow\u0105, zapobiega przesuszeniu, przyspiesza penetracj\u0119 sk\u0142adnik\u00f3w kremu do wn\u0119trza warstwy rogowej.<\/p>\n<p><b>STOSOWANIE:<\/b><br \/>Stosowa\u0107 codziennie rano. Delikatnie wmasowa\u0107 w sk\u00f3r\u0119\u00a0twarzy, szyi i dekoltu. Krem doskonale si\u0119 nadaje do stosowania pod makija\u017c twarzy.<\/p>\n<p><strong>Dzia\u0142anie:<\/strong> chroni, nawil\u017caj\u0105ce, od\u017cywcze, redukuje zmarszczki, regeneruje, uelastycznia, wyg\u0142adza<br \/>\n<strong>Gramatura:<\/strong> ml<br \/>\n<strong>Konsystencja:<\/strong> krem<br \/>\n<strong>Linie elitarne:<\/strong> nie<br \/>\n<strong>Piel\u0119gnacja specyficzna:<\/strong> nie<br \/>\n<strong>Pojemno\u015b\u0107:<\/strong> 80<br \/>\n<strong>Pora stosowania:<\/strong> dzie\u0144<br \/>\n<strong>P\u0142e\u0107:<\/strong> damski<br \/>\n<strong>Rodzaj sk\u00f3ry:<\/strong> dojrza\u0142a<br \/>\n<strong>S\u0142o\u0144ce:<\/strong> nie<br \/>\n<strong>Typ sk\u00f3ry:<\/strong> mieszana\/t\u0142usta, normalna, sucha<\/p>\n<p><strong>Uwagi:<\/strong><\/p>\n<p>Unika\u0107 kontaktu z oczami.<\/p>\n<p><strong>Sk\u0142adniki:<\/strong><\/p>\n<p>AQUA, ISODECYL NEOPENTANOATE, GLYCERIN, CETEARYL ALCOHOL, PASSIFLORA EDULIS SEED OIL, SQUALANE, GLYCERYL STEARATE, PEG-100 STEARATE, BUTYROSPERMUM PARKII  BUTTER, DIMETHICONE, HYDROXYPROPYL STARCH PHOSPHATE, GLYCINE SOJA OIL, ISOPROPYL MYRISTATE, PEG-20 STEARATE, CARTHAMUS TINCTORIUS SEED OIL, LINOLEIC ACID, TOCOPHERYL ACETATE, RETINYL PALMITATE, HYDROLYZED PEARL, MARIS SAL, IMPERATA CYLINDRICA ROOT EXTRACT, ASCORBIC ACID, ASCORBYL PALMITATE, CITRIC ACID, TOCOPHEROL, PEG-8, CARBOMER, PARFUM, PHENOXYETHANOL, DMDM HYDANTOIN, METHYLPARABEN, PROPYLPARABEN, POTASSIUM SORBATE, DISODIUM EDTA.<\/p>\n","protected":false},"excerpt":{"rendered":"<p> <strong>Dzia\u0142anie:<\/strong> chroni, nawil\u017caj\u0105ce, od\u017cywcze, redukuje zmarszczki, regeneruje, uelastycznia, wyg\u0142adza<br \/>  <strong>Gramatura:<\/strong> ml<br \/>  <strong>Konsystencja:<\/strong> krem<br \/>  <strong>Linie elitarne:<\/strong> nie<br \/>  <strong>Piel\u0119gnacja specyficzna:<\/strong> nie<br \/>  <strong>Pojemno\u015b\u0107:<\/strong> 80<br \/>  <strong>Pora stosowania:<\/strong> dzie\u0144<br \/>  <strong>P\u0142e\u0107:<\/strong> damski<br \/>  <strong>Rodzaj sk\u00f3ry:<\/strong> dojrza\u0142a<br \/>  <strong>S\u0142o\u0144ce:<\/strong> nie<br \/>  <strong>Typ sk\u00f3ry:<\/strong> mieszana\/t\u0142usta, normalna, sucha <\/p>\n","protected":false},"featured_media":62864,"comment_status":"open","ping_status":"closed","template":"","meta":{"_acf_changed":false},"kategoria-hurtowni":[90,109,110],"product_brand":[1021],"product_cat":[76],"product_tag":[],"class_list":{"0":"post-62863","1":"product","2":"type-product","3":"status-publish","4":"has-post-thumbnail","6":"kategoria-hurtowni-pielegnacja","7":"kategoria-hurtowni-pielegnacja-twarzy-pielegnacja","8":"kategoria-hurtowni-twarz-pielegnacja-twarzy-pielegnacja","9":"product_brand-lambre","10":"product_cat-primavera","12":"first","13":"outofstock","14":"taxable","15":"shipping-taxable","16":"product-type-simple"},"acf":[],"_links":{"self":[{"href":"https:\/\/premino.pl\/index.php?rest_route=\/wp\/v2\/product\/62863","targetHints":{"allow":["GET"]}}],"collection":[{"href":"https:\/\/premino.pl\/index.php?rest_route=\/wp\/v2\/product"}],"about":[{"href":"https:\/\/premino.pl\/index.php?rest_route=\/wp\/v2\/types\/product"}],"replies":[{"embeddable":true,"href":"https:\/\/premino.pl\/index.php?rest_route=%2Fwp%2Fv2%2Fcomments&post=62863"}],"wp:featuredmedia":[{"embeddable":true,"href":"https:\/\/premino.pl\/index.php?rest_route=\/wp\/v2\/media\/62864"}],"wp:attachment":[{"href":"https:\/\/premino.pl\/index.php?rest_route=%2Fwp%2Fv2%2Fmedia&parent=62863"}],"wp:term":[{"taxonomy":"kategoria-hurtowni","embeddable":true,"href":"https:\/\/premino.pl\/index.php?rest_route=%2Fwp%2Fv2%2Fkategoria-hurtowni&post=62863"},{"taxonomy":"product_brand","embeddable":true,"href":"https:\/\/premino.pl\/index.php?rest_route=%2Fwp%2Fv2%2Fproduct_brand&post=62863"},{"taxonomy":"product_cat","embeddable":true,"href":"https:\/\/premino.pl\/index.php?rest_route=%2Fwp%2Fv2%2Fproduct_cat&post=62863"},{"taxonomy":"product_tag","embeddable":true,"href":"https:\/\/premino.pl\/index.php?rest_route=%2Fwp%2Fv2%2Fproduct_tag&post=62863"}],"curies":[{"name":"wp","href":"https:\/\/api.w.org\/{rel}","templated":true}]}}