{"id":63111,"date":"2026-05-13T19:25:47","date_gmt":"2026-05-13T17:25:47","guid":{"rendered":"https:\/\/premino.pl\/?product=iklen-pure-c-reverse-krem-pod-oczy-15ml"},"modified":"2026-05-13T19:25:47","modified_gmt":"2026-05-13T17:25:47","slug":"iklen-pure-c-reverse-krem-pod-oczy-15ml","status":"publish","type":"product","link":"https:\/\/premino.pl\/?product=iklen-pure-c-reverse-krem-pod-oczy-15ml","title":{"rendered":"Iklen+ &lsqb;Pure-C-Reverse&rsqb; krem pod oczy 15ml"},"content":{"rendered":"<p><b>Specjalistyczna piel\u0119gnacja sk\u00f3ry wok\u00f3\u0142 oczu<br \/><\/b>Innowacyjna formu\u0142a \u0142\u0105czy stabilizowan\u0105 witamin\u0119 C, duet biomimetycznych kwas\u00f3w hialuronowych oraz sk\u0142adniki aktywne o dzia\u0142aniu przeciwobrz\u0119kowym i rozja\u015bniaj\u0105cym. Produkt redukuje cienie i opuchlizn\u0119, wyg\u0142adza kontur oka oraz nawil\u017ca i przywraca blask ju\u017c od pierwszej aplikacji. Z dnia na dzie\u0144 sk\u00f3ra staje si\u0119 g\u0142adsza, ja\u015bniejsza i bardziej wypocz\u0119ta.<\/p>\n<p><b>Dzia\u0142anie:<br \/><\/b>\u2022 Usuwa cienie i opuchlizn\u0119 \u2013 ekstrakt z Ximenia Caffra udra\u017cnia i wyg\u0142adza okolice oczu, zmniejszaj\u0105c oznaki zm\u0119czenia.<br \/>\u2022 Nawil\u017ca i uj\u0119drnia \u2013 biomimetyczne kwasy hialuronowe (BPM i HPM) zwi\u0119kszaj\u0105 elastyczno\u015b\u0107 i j\u0119drno\u015b\u0107 sk\u00f3ry.<br \/>\u2022 Roz\u015bwietla \u2013 stabilizowana witamina C chroni przed stresem oksydacyjnym i przywraca blask.<br \/>\u2022 Koryguje przebarwienia \u2013 4-butylrezorcynol reguluje produkcj\u0119 melaniny, wyr\u00f3wnuj\u0105c koloryt sk\u00f3ry.<\/p>\n<p><b>Kluczowe sk\u0142adniki:<br \/><\/b>\u2022 Stabilizowana witamina C \u2013 silny antyoksydant, pobudza syntez\u0119 kolagenu, dzia\u0142a przeciwstarzeniowo i rozja\u015bniaj\u0105co.<br \/>\u2022 Biomimetyczne kwasy hialuronowe (BPM i HPM) \u2013 intensywnie nawil\u017caj\u0105 i zmi\u0119kczaj\u0105 sk\u00f3r\u0119.<br \/>\u2022 4-butylrezorcynol \u2013 skuteczny w walce z przebarwieniami i plamami pigmentacyjnymi.<br \/>\u2022 Niacynamid i czerwona alga \u015bnie\u017cna \u2013 poprawiaj\u0105 blask sk\u00f3ry, redukuj\u0105 przebarwienia i wyg\u0142adzaj\u0105.<br \/>\u2022 Ekstrakt z Ximenia Caffra \u2013 redukuje obrz\u0119ki, uj\u0119drnia i od\u015bwie\u017ca spojrzenie.<\/p>\n<p><b>Spos\u00f3b u\u017cycia:<\/b><br \/>Nak\u0142ada\u0107 rano i wieczorem na oczyszczon\u0105 sk\u00f3r\u0119 wok\u00f3\u0142 oczu.<\/p>\n<p><strong>Dzia\u0142anie:<\/strong> nawil\u017caj\u0105ce, redukuje cienie i obrz\u0119ki, redukuje zmarszczki, usuwa oznaki zm\u0119czenia, wyg\u0142adza<br \/>\n<strong>Gramatura:<\/strong> ml<br \/>\n<strong>Konsystencja:<\/strong> krem<br \/>\n<strong>Linie elitarne:<\/strong> nie<br \/>\n<strong>Piel\u0119gnacja specyficzna:<\/strong> nie<br \/>\n<strong>Pojemno\u015b\u0107:<\/strong> 15<br \/>\n<strong>Pora stosowania:<\/strong> dowolnie<br \/>\n<strong>P\u0142e\u0107:<\/strong> damski<br \/>\n<strong>Rodzaj sk\u00f3ry:<\/strong> dojrza\u0142a<br \/>\n<strong>S\u0142o\u0144ce:<\/strong> nie<\/p>\n<p><strong>Uwagi:<\/strong><\/p>\n<p>Unika\u0107 bezpo\u015bredniego kontaktu z oczami.<\/p>\n<p><strong>Sk\u0142adniki:<\/strong><\/p>\n<p>Aqua (Water), Ascorbic Acid, Niacinamide, Alcohol Denat., Glycerin, Glyceryl Stearate Citrate, Propanediol, Caprylic\/Capric Triglyceride, Sodium Acrylates Copolymer, Imperata Cylindrica Root Extract, Oenothera Biennis (Evening Primrose) Oil, Sodium Hyaluronate, Biotin, Caprylyl Glycol, Lecithin, 4-Butylresorcinol, Glycine Soja (Soybean) Oil, 1,2-Hexanediol, Ethylhexylglycerin, Disodium Edta,  Carbomer, Tocopherol, Sodium Citrate, Acrylates\/C10-30 Alkyl Acrylate Crosspolymer, Citric Acid, Sodium Hydroxide<\/p>\n","protected":false},"excerpt":{"rendered":"<p> <strong>Dzia\u0142anie:<\/strong> nawil\u017caj\u0105ce, redukuje cienie i obrz\u0119ki, redukuje zmarszczki, usuwa oznaki zm\u0119czenia, wyg\u0142adza<br \/>  <strong>Gramatura:<\/strong> ml<br \/>  <strong>Konsystencja:<\/strong> krem<br \/>  <strong>Linie elitarne:<\/strong> nie<br \/>  <strong>Piel\u0119gnacja specyficzna:<\/strong> nie<br \/>  <strong>Pojemno\u015b\u0107:<\/strong> 15<br \/>  <strong>Pora stosowania:<\/strong> dowolnie<br \/>  <strong>P\u0142e\u0107:<\/strong> damski<br \/>  <strong>Rodzaj sk\u00f3ry:<\/strong> dojrza\u0142a<br \/>  <strong>S\u0142o\u0144ce:<\/strong> nie <\/p>\n","protected":false},"featured_media":63112,"comment_status":"open","ping_status":"closed","template":"","meta":{"_acf_changed":false},"kategoria-hurtowni":[211,412,214],"product_brand":[1027],"product_cat":[76],"product_tag":[],"class_list":{"0":"post-63111","1":"product","2":"type-product","3":"status-publish","4":"has-post-thumbnail","6":"kategoria-hurtowni-dermokosmetyki","7":"kategoria-hurtowni-oczy-pielegnacja-twarzy-dermokosmetyki","8":"kategoria-hurtowni-pielegnacja-twarzy-dermokosmetyki","9":"product_brand-noreva","10":"product_cat-primavera","12":"first","13":"outofstock","14":"taxable","15":"shipping-taxable","16":"product-type-simple"},"acf":[],"_links":{"self":[{"href":"https:\/\/premino.pl\/index.php?rest_route=\/wp\/v2\/product\/63111","targetHints":{"allow":["GET"]}}],"collection":[{"href":"https:\/\/premino.pl\/index.php?rest_route=\/wp\/v2\/product"}],"about":[{"href":"https:\/\/premino.pl\/index.php?rest_route=\/wp\/v2\/types\/product"}],"replies":[{"embeddable":true,"href":"https:\/\/premino.pl\/index.php?rest_route=%2Fwp%2Fv2%2Fcomments&post=63111"}],"wp:featuredmedia":[{"embeddable":true,"href":"https:\/\/premino.pl\/index.php?rest_route=\/wp\/v2\/media\/63112"}],"wp:attachment":[{"href":"https:\/\/premino.pl\/index.php?rest_route=%2Fwp%2Fv2%2Fmedia&parent=63111"}],"wp:term":[{"taxonomy":"kategoria-hurtowni","embeddable":true,"href":"https:\/\/premino.pl\/index.php?rest_route=%2Fwp%2Fv2%2Fkategoria-hurtowni&post=63111"},{"taxonomy":"product_brand","embeddable":true,"href":"https:\/\/premino.pl\/index.php?rest_route=%2Fwp%2Fv2%2Fproduct_brand&post=63111"},{"taxonomy":"product_cat","embeddable":true,"href":"https:\/\/premino.pl\/index.php?rest_route=%2Fwp%2Fv2%2Fproduct_cat&post=63111"},{"taxonomy":"product_tag","embeddable":true,"href":"https:\/\/premino.pl\/index.php?rest_route=%2Fwp%2Fv2%2Fproduct_tag&post=63111"}],"curies":[{"name":"wp","href":"https:\/\/api.w.org\/{rel}","templated":true}]}}