{"id":63695,"date":"2026-05-13T19:30:10","date_gmt":"2026-05-13T17:30:10","guid":{"rendered":"https:\/\/premino.pl\/?product=podologic-medical-kremo-zel-do-stop-200ml"},"modified":"2026-05-13T19:30:11","modified_gmt":"2026-05-13T17:30:11","slug":"podologic-medical-kremo-zel-do-stop-200ml","status":"publish","type":"product","link":"https:\/\/premino.pl\/?product=podologic-medical-kremo-zel-do-stop-200ml","title":{"rendered":"Podologic Medical kremo-\u017cel do st\u00f3p 200ml"},"content":{"rendered":"<p>Lekka, ale silnie regeneruj\u0105ca formu\u0142a kremo-\u017celu intensywnie nawil\u017ca i wyg\u0142adza sk\u00f3r\u0119. Zapewnia natychmiastowy komfort, chroni przed p\u0119kaniem i nie pozostawia t\u0142ustej ani lepkiej warstwy.<\/p>\n<p><b>Efekt:<\/b> G\u0142\u0119boko nawil\u017cona, g\u0142adka i jedwabi\u015bcie mi\u0119kka sk\u00f3ra \u2013 bez uczucia t\u0142usto\u015bci.<\/p>\n<p><b>Sk\u0142adniki aktywne:\u00a0<\/b>Hydromanil\u2122, colostrum, betaina, olej rycynowy<\/p>\n<p><b>Spos\u00f3b u\u017cycia:\u00a0<\/b>Na\u0142o\u017cy\u0107 preparat na oczyszczon\u0105, such\u0105 sk\u00f3r\u0119 i pozostawi\u0107 do wch\u0142oni\u0119cia.<\/p>\n<p><strong>Dzia\u0142anie:<\/strong> nawil\u017caj\u0105ce, p\u0119kaj\u0105ca sk\u00f3ra st\u00f3p, regeneruje, wyg\u0142adza<br \/>\n<strong>Gramatura:<\/strong> ml<br \/>\n<strong>Konsystencja:<\/strong> krem-\u017cel<br \/>\n<strong>Linie elitarne:<\/strong> nie<br \/>\n<strong>Lokalizacja:<\/strong> stopy<br \/>\n<strong>Piel\u0119gnacja cia\u0142a:<\/strong> tak<br \/>\n<strong>Pojemno\u015b\u0107:<\/strong> 200<br \/>\n<strong>P\u0142e\u0107:<\/strong> damski<br \/>\n<strong>S\u0142o\u0144ce:<\/strong> nie<\/p>\n<p><strong>Uwagi:<\/strong><\/p>\n<p>Tylko do u\u017cytku zewn\u0119trznego.<\/p>\n<p><strong>Sk\u0142adniki:<\/strong><\/p>\n<p>Aqua (Water), Glycerin, Propanediol, Decyl Oleate, Ricinus Communis (Castor) Seed Oil, Caprylic\/Capric Triglyceride, Cetearyl Alcohol, Betaine, Caesalpinia Spinosa Gum, Hydrolyzed Caesalpinia Spinosa Gum, Hydrogenated Palm Glycerides Citrate, Colostrum, Dimethicone, Inulin Lauryl Carbamate, Caprylyl Glycol, Carbomer, Acrylates\/C10-30 Alkyl Acrylate Crosspolymer, Tocopheryl Acetate, Tocopherol, Sodium Hydroxide, Disodium EDTA, Phenoxyethanol, Potassium Sorbate, Parfum (Fragrance).<\/p>\n","protected":false},"excerpt":{"rendered":"<p> <strong>Dzia\u0142anie:<\/strong> nawil\u017caj\u0105ce, p\u0119kaj\u0105ca sk\u00f3ra st\u00f3p, regeneruje, wyg\u0142adza<br \/>  <strong>Gramatura:<\/strong> ml<br \/>  <strong>Konsystencja:<\/strong> krem-\u017cel<br \/>  <strong>Linie elitarne:<\/strong> nie<br \/>  <strong>Lokalizacja:<\/strong> stopy<br \/>  <strong>Piel\u0119gnacja cia\u0142a:<\/strong> tak<br \/>  <strong>Pojemno\u015b\u0107:<\/strong> 200<br \/>  <strong>P\u0142e\u0107:<\/strong> damski<br \/>  <strong>S\u0142o\u0144ce:<\/strong> nie <\/p>\n","protected":false},"featured_media":63696,"comment_status":"open","ping_status":"closed","template":"","meta":{"_acf_changed":false},"kategoria-hurtowni":[90,91],"product_brand":[1034],"product_cat":[76],"product_tag":[],"class_list":{"0":"post-63695","1":"product","2":"type-product","3":"status-publish","4":"has-post-thumbnail","6":"kategoria-hurtowni-pielegnacja","7":"kategoria-hurtowni-pielegnacja-ciala","8":"product_brand-farmona-professional","9":"product_cat-primavera","11":"first","12":"outofstock","13":"taxable","14":"shipping-taxable","15":"product-type-simple"},"acf":[],"_links":{"self":[{"href":"https:\/\/premino.pl\/index.php?rest_route=\/wp\/v2\/product\/63695","targetHints":{"allow":["GET"]}}],"collection":[{"href":"https:\/\/premino.pl\/index.php?rest_route=\/wp\/v2\/product"}],"about":[{"href":"https:\/\/premino.pl\/index.php?rest_route=\/wp\/v2\/types\/product"}],"replies":[{"embeddable":true,"href":"https:\/\/premino.pl\/index.php?rest_route=%2Fwp%2Fv2%2Fcomments&post=63695"}],"wp:featuredmedia":[{"embeddable":true,"href":"https:\/\/premino.pl\/index.php?rest_route=\/wp\/v2\/media\/63696"}],"wp:attachment":[{"href":"https:\/\/premino.pl\/index.php?rest_route=%2Fwp%2Fv2%2Fmedia&parent=63695"}],"wp:term":[{"taxonomy":"kategoria-hurtowni","embeddable":true,"href":"https:\/\/premino.pl\/index.php?rest_route=%2Fwp%2Fv2%2Fkategoria-hurtowni&post=63695"},{"taxonomy":"product_brand","embeddable":true,"href":"https:\/\/premino.pl\/index.php?rest_route=%2Fwp%2Fv2%2Fproduct_brand&post=63695"},{"taxonomy":"product_cat","embeddable":true,"href":"https:\/\/premino.pl\/index.php?rest_route=%2Fwp%2Fv2%2Fproduct_cat&post=63695"},{"taxonomy":"product_tag","embeddable":true,"href":"https:\/\/premino.pl\/index.php?rest_route=%2Fwp%2Fv2%2Fproduct_tag&post=63695"}],"curies":[{"name":"wp","href":"https:\/\/api.w.org\/{rel}","templated":true}]}}