{"id":63789,"date":"2026-05-13T19:30:55","date_gmt":"2026-05-13T17:30:55","guid":{"rendered":"https:\/\/premino.pl\/?product=pedzel-do-blendowania-cieni-01e"},"modified":"2026-05-13T19:30:55","modified_gmt":"2026-05-13T17:30:55","slug":"pedzel-do-blendowania-cieni-01e","status":"publish","type":"product","link":"https:\/\/premino.pl\/?product=pedzel-do-blendowania-cieni-01e","title":{"rendered":"P\u0119dzel do blendowania cieni 01E"},"content":{"rendered":"<p>P\u0119dzel 01E to niezast\u0105pione narz\u0119dzie do blendowania cieni \u2014 zar\u00f3wno prasowanych, sypkich, jak i kremowych. Jego mi\u0119kka, lekko zaokr\u0105glona ko\u0144c\u00f3wka umo\u017cliwia precyzyjne cieniowanie oraz p\u0142ynne przej\u015bcia kolor\u00f3w. Syntetyczne, aksamitne w\u0142osie zapewnia wygod\u0119 podczas aplikacji, a stylowa drewniana r\u0105czka ze z\u0142otym logo dodaje elegancji i profesjonalnego charakteru.<\/p>\n<p><b>Jak u\u017cywa\u0107:<\/b>\u00a0na\u0142\u00f3\u017c cie\u0144 na powieki, a nast\u0119pnie rozetrzyj granice p\u0119dzlem, tworz\u0105c p\u0142ynne przej\u015bcia.<\/p>\n<p><b>Piel\u0119gnacja:<\/b>\u00a0myj w\u0142osie w letniej wodzie z dodatkiem delikatnego myd\u0142a i susz w pozycji poziomej.<\/p>\n<p><strong>Gramatura:<\/strong> sztuka<br \/>\n<strong>Pojemno\u015b\u0107:<\/strong> 1<br \/>\n<strong>P\u0142e\u0107:<\/strong> damski<br \/>\n<strong>S\u0142o\u0144ce:<\/strong> nie<\/p>\n<p><strong>Uwagi:<\/strong><\/p>\n<p>nie dotyczy<\/p>\n<p><strong>Sk\u0142adniki:<\/strong><\/p>\n<p>w\u0142osie syntetyczne<\/p>\n","protected":false},"excerpt":{"rendered":"<p> <strong>Gramatura:<\/strong> sztuka<br \/>  <strong>Pojemno\u015b\u0107:<\/strong> 1<br \/>  <strong>P\u0142e\u0107:<\/strong> damski<br \/>  <strong>S\u0142o\u0144ce:<\/strong> nie <\/p>\n","protected":false},"featured_media":63790,"comment_status":"open","ping_status":"closed","template":"","meta":{"_acf_changed":false},"kategoria-hurtowni":[83,84,85],"product_brand":[138],"product_cat":[76],"product_tag":[],"class_list":{"0":"post-63789","1":"product","2":"type-product","3":"status-publish","4":"has-post-thumbnail","6":"kategoria-hurtowni-makijaz","7":"kategoria-hurtowni-makijaz-akcesoria","8":"kategoria-hurtowni-pedzle","9":"product_brand-paese","10":"product_cat-primavera","12":"first","13":"outofstock","14":"taxable","15":"shipping-taxable","16":"product-type-simple"},"acf":[],"_links":{"self":[{"href":"https:\/\/premino.pl\/index.php?rest_route=\/wp\/v2\/product\/63789","targetHints":{"allow":["GET"]}}],"collection":[{"href":"https:\/\/premino.pl\/index.php?rest_route=\/wp\/v2\/product"}],"about":[{"href":"https:\/\/premino.pl\/index.php?rest_route=\/wp\/v2\/types\/product"}],"replies":[{"embeddable":true,"href":"https:\/\/premino.pl\/index.php?rest_route=%2Fwp%2Fv2%2Fcomments&post=63789"}],"wp:featuredmedia":[{"embeddable":true,"href":"https:\/\/premino.pl\/index.php?rest_route=\/wp\/v2\/media\/63790"}],"wp:attachment":[{"href":"https:\/\/premino.pl\/index.php?rest_route=%2Fwp%2Fv2%2Fmedia&parent=63789"}],"wp:term":[{"taxonomy":"kategoria-hurtowni","embeddable":true,"href":"https:\/\/premino.pl\/index.php?rest_route=%2Fwp%2Fv2%2Fkategoria-hurtowni&post=63789"},{"taxonomy":"product_brand","embeddable":true,"href":"https:\/\/premino.pl\/index.php?rest_route=%2Fwp%2Fv2%2Fproduct_brand&post=63789"},{"taxonomy":"product_cat","embeddable":true,"href":"https:\/\/premino.pl\/index.php?rest_route=%2Fwp%2Fv2%2Fproduct_cat&post=63789"},{"taxonomy":"product_tag","embeddable":true,"href":"https:\/\/premino.pl\/index.php?rest_route=%2Fwp%2Fv2%2Fproduct_tag&post=63789"}],"curies":[{"name":"wp","href":"https:\/\/api.w.org\/{rel}","templated":true}]}}