{"id":63915,"date":"2026-05-13T19:31:51","date_gmt":"2026-05-13T17:31:51","guid":{"rendered":"https:\/\/premino.pl\/?product=sweet-tooth-caramel-dream-mgielka-do-ciala-236ml"},"modified":"2026-05-13T19:31:51","modified_gmt":"2026-05-13T17:31:51","slug":"sweet-tooth-caramel-dream-mgielka-do-ciala-236ml","status":"publish","type":"product","link":"https:\/\/premino.pl\/?product=sweet-tooth-caramel-dream-mgielka-do-ciala-236ml","title":{"rendered":"Sweet Tooth Caramel Dream mgie\u0142ka do cia\u0142a 236ml"},"content":{"rendered":"<p>Otul si\u0119 s\u0142odycz\u0105! Ta pysznie kusz\u0105ca mgie\u0142ka o zapachu karmelu i wanilii zapewnia \u015bwie\u017co\u015b\u0107 i zmys\u0142owo\u015b\u0107 przez ca\u0142y dzie\u0144.<\/p>\n<p><b>Nuty zapachowe:<br \/><\/b><br \/><b>Nuta g\u0142owy: <\/b>pomara\u0144cza, mleko migda\u0142owe, frezja, cytryna, cukier<br \/><b>Nuta serca: <\/b>wanilia, orchidea, kwiat pomara\u0144czy, ciemna czekolada<br \/><b>Nuta bazy: <\/b>bursztyn, pi\u017cmo, paczula, karmel, drzewo sanda\u0142owe<\/p>\n<p><strong>Dla dzieci:<\/strong> Nie<br \/>\n<strong>Gramatura:<\/strong> ml<br \/>\n<strong>Linia k\u0105pielowa:<\/strong> mgie\u0142ka do cia\u0142a<br \/>\n<strong>Nuta bazy:<\/strong> bursztyn, drzewo sanda\u0142owe, karmel, paczula, pi\u017cmo<br \/>\n<strong>Nuta g\u0142owy:<\/strong> cukier, cytryna, frezja, mleko migda\u0142owe, pomara\u0144cza<br \/>\n<strong>Nuta g\u0142\u00f3wna:<\/strong> orientalne, waniliowe<br \/>\n<strong>Nuta serca:<\/strong> ciemna czekolada, kwiat pomara\u0144czy, orchidea, wanilia<br \/>\n<strong>Pojemno\u015b\u0107:<\/strong> 236<br \/>\n<strong>P\u0142e\u0107:<\/strong> damski<\/p>\n<p><strong>Uwagi:<\/strong><\/p>\n<p>PRODUKT  \u0141ATWOPALNY. TYLKO DO U\u017bYTKU ZEWN\u0118TRZNEGO. UNIKA\u0106 KONTAKTU Z OCZAMI.  PRZECHOWYWA\u0106 Z DALA OD \u0179R\u00d3DE\u0141 CIEP\u0141A I OGNIA.<\/p>\n<p><strong>Sk\u0142adniki:<\/strong><\/p>\n<p>ALCOHOL DENAT., AQUA\/WATER\/EAU, PARFUM\/FRAGRANCE, ETHYLHEXYL METHOXYCINNAMATE,BUTYL METHOXYDIBENZOYLMETHANE, ETHYLHEXYL SALICYLATE, HYDROXYCITRONELLAL, LINALOOL,LIMONENE, CITRUS AURANTIUM DULCIS (ORANGE) PEELOIL, CITRUS LIMON (LEMON) PEEL OIL, POGOSTEMON CABLIN LEAF OIL, PINENE, TETRAMETHYL ACETYLOCTAHYDRONAPHTHALENES, VANILLIN<\/p>\n","protected":false},"excerpt":{"rendered":"<p> <strong>Dla dzieci:<\/strong> Nie<br \/>  <strong>Gramatura:<\/strong> ml<br \/>  <strong>Linia k\u0105pielowa:<\/strong> mgie\u0142ka do cia\u0142a<br \/>  <strong>Nuta bazy:<\/strong> bursztyn, drzewo sanda\u0142owe, karmel, paczula, pi\u017cmo<br \/>  <strong>Nuta g\u0142owy:<\/strong> cukier, cytryna, frezja, mleko migda\u0142owe, pomara\u0144cza<br \/>  <strong>Nuta g\u0142\u00f3wna:<\/strong> orientalne, waniliowe<br \/>  <strong>Nuta serca:<\/strong> ciemna czekolada, kwiat pomara\u0144czy, orchidea, wanilia<br \/>  <strong>Pojemno\u015b\u0107:<\/strong> 236<br \/>  <strong>P\u0142e\u0107:<\/strong> damski <\/p>\n","protected":false},"featured_media":63916,"comment_status":"open","ping_status":"closed","template":"","meta":{"_acf_changed":false},"kategoria-hurtowni":[120,87],"product_brand":[402],"product_cat":[76],"product_tag":[],"class_list":{"0":"post-63915","1":"product","2":"type-product","3":"status-publish","4":"has-post-thumbnail","6":"kategoria-hurtowni-linia-kapielowa","7":"kategoria-hurtowni-perfumy","8":"product_brand-sabrina-carpenter","9":"product_cat-primavera","11":"first","12":"outofstock","13":"taxable","14":"shipping-taxable","15":"product-type-simple"},"acf":[],"_links":{"self":[{"href":"https:\/\/premino.pl\/index.php?rest_route=\/wp\/v2\/product\/63915","targetHints":{"allow":["GET"]}}],"collection":[{"href":"https:\/\/premino.pl\/index.php?rest_route=\/wp\/v2\/product"}],"about":[{"href":"https:\/\/premino.pl\/index.php?rest_route=\/wp\/v2\/types\/product"}],"replies":[{"embeddable":true,"href":"https:\/\/premino.pl\/index.php?rest_route=%2Fwp%2Fv2%2Fcomments&post=63915"}],"wp:featuredmedia":[{"embeddable":true,"href":"https:\/\/premino.pl\/index.php?rest_route=\/wp\/v2\/media\/63916"}],"wp:attachment":[{"href":"https:\/\/premino.pl\/index.php?rest_route=%2Fwp%2Fv2%2Fmedia&parent=63915"}],"wp:term":[{"taxonomy":"kategoria-hurtowni","embeddable":true,"href":"https:\/\/premino.pl\/index.php?rest_route=%2Fwp%2Fv2%2Fkategoria-hurtowni&post=63915"},{"taxonomy":"product_brand","embeddable":true,"href":"https:\/\/premino.pl\/index.php?rest_route=%2Fwp%2Fv2%2Fproduct_brand&post=63915"},{"taxonomy":"product_cat","embeddable":true,"href":"https:\/\/premino.pl\/index.php?rest_route=%2Fwp%2Fv2%2Fproduct_cat&post=63915"},{"taxonomy":"product_tag","embeddable":true,"href":"https:\/\/premino.pl\/index.php?rest_route=%2Fwp%2Fv2%2Fproduct_tag&post=63915"}],"curies":[{"name":"wp","href":"https:\/\/api.w.org\/{rel}","templated":true}]}}