{"id":64245,"date":"2026-05-13T19:34:28","date_gmt":"2026-05-13T17:34:28","guid":{"rendered":"https:\/\/premino.pl\/?product=gold-man-woda-perfumowana-spray-100ml"},"modified":"2026-05-13T19:34:28","modified_gmt":"2026-05-13T17:34:28","slug":"gold-man-woda-perfumowana-spray-100ml","status":"publish","type":"product","link":"https:\/\/premino.pl\/?product=gold-man-woda-perfumowana-spray-100ml","title":{"rendered":"Gold Man woda perfumowana spray 100ml"},"content":{"rendered":"<p>Gold to woda perfumowana od ekskluzywnej marki Amouage. Drzewno-kwiatowo-pi\u017cmowa kompozycja zapachowa wydana w 1998 roku. Niezwykle m\u0119ski zapach o wyrazistym, eleganckim charakterze.<\/p>\n<p><\/p>\n<p><b>Nuty zapachowe:<br \/><\/b><br \/><b>Nuta g\u0142owy:\u00a0<\/b>owoc dzikiej r\u00f3\u017cy, konwalia, kadzid\u0142o<br \/><b>Nuta serca:\u00a0<\/b>ja\u015bmin, korze\u0144 irysa, mirra<br \/><b>Nuta bazy:\u00a0<\/b>cywet, pi\u017cmo, mech d\u0119bowy, bursztyn, drzewo sanda\u0142owe, paczula, cedr<\/p>\n<p><strong>Gramatura:<\/strong> ml<br \/>\n<strong>Linia k\u0105pielowa:<\/strong> nie<br \/>\n<strong>Miniatura:<\/strong> nie<br \/>\n<strong>Nuta bazy:<\/strong> bursztyn, cedr, cywet, drzewo sanda\u0142owe, mech d\u0119bowy, paczula, pi\u017cmo<br \/>\n<strong>Nuta g\u0142owy:<\/strong> kadzid\u0142o, konwalia, owoc dzikiej r\u00f3\u017cy<br \/>\n<strong>Nuta g\u0142\u00f3wna:<\/strong> drzewne, kwiatowe, pi\u017cmowe<br \/>\n<strong>Nuta serca:<\/strong> ja\u015bmin, korze\u0144 irysa, mirra<br \/>\n<strong>Pojemno\u015b\u0107:<\/strong> 100<br \/>\n<strong>Produkt rzadki:<\/strong> tak<br \/>\n<strong>Pr\u00f3bka:<\/strong> nie<br \/>\n<strong>P\u0142e\u0107:<\/strong> m\u0119ski<br \/>\n<strong>Rodzaj:<\/strong> woda perfumowana<br \/>\n<strong>Tester:<\/strong> nie<br \/>\n<strong>Zapach alternatywny:<\/strong> nie<\/p>\n<p><strong>Uwagi:<\/strong><\/p>\n<p>Produkt przechowywa\u0107 z dala od ognia i \u017ar\u00f3de\u0142 ciep\u0142a. Trzyma\u0107 w miejscu niedost\u0119pnym dla dzieci. Nie stosowa\u0107 na podra\u017cnion\u0105 lub uszkodzon\u0105 sk\u00f3r\u0119. Unika\u0107 kontaktu z oczami.<\/p>\n<p><strong>Sk\u0142adniki:<\/strong><\/p>\n<p>Alcohol Denat, Parfum, Citronellol, Hydroxycitronellal, Hexyl Cinnamal, Geraniol, Linalool, Coumarin, Benzyl Alcohol, Alpha-Isomethyl Ionone, Cinnamyl Alcohol, Limonene, Benzyl Salicylate, Benzyl Benzoate, Citral, Eugenol, Isoeugenol, Farnesol, Cinnamal<\/p>\n","protected":false},"excerpt":{"rendered":"<p> <strong>Gramatura:<\/strong> ml<br \/>  <strong>Linia k\u0105pielowa:<\/strong> nie<br \/>  <strong>Miniatura:<\/strong> nie<br \/>  <strong>Nuta bazy:<\/strong> bursztyn, cedr, cywet, drzewo sanda\u0142owe, mech d\u0119bowy, paczula, pi\u017cmo<br \/>  <strong>Nuta g\u0142owy:<\/strong> kadzid\u0142o, konwalia, owoc dzikiej r\u00f3\u017cy<br \/>  <strong>Nuta g\u0142\u00f3wna:<\/strong> drzewne, kwiatowe, pi\u017cmowe<br \/>  <strong>Nuta serca:<\/strong> ja\u015bmin, korze\u0144 irysa, mirra<br \/>  <strong>Pojemno\u015b\u0107:<\/strong> 100<br \/>  <strong>Produkt rzadki:<\/strong> tak<br \/>  <strong>Pr\u00f3bka:<\/strong> nie<br \/>  <strong>P\u0142e\u0107:<\/strong> m\u0119ski<br \/>  <strong>Rodzaj:<\/strong> woda perfumowana<br \/>  <strong>Tester:<\/strong> nie<br \/>  <strong>Zapach alternatywny:<\/strong> nie <\/p>\n","protected":false},"featured_media":64246,"comment_status":"open","ping_status":"closed","template":"","meta":{"_acf_changed":false},"kategoria-hurtowni":[87,88],"product_brand":[118],"product_cat":[76],"product_tag":[],"class_list":{"0":"post-64245","1":"product","2":"type-product","3":"status-publish","4":"has-post-thumbnail","6":"kategoria-hurtowni-perfumy","7":"kategoria-hurtowni-zapachy","8":"product_brand-amouage","9":"product_cat-primavera","11":"first","12":"outofstock","13":"taxable","14":"shipping-taxable","15":"product-type-simple"},"acf":[],"_links":{"self":[{"href":"https:\/\/premino.pl\/index.php?rest_route=\/wp\/v2\/product\/64245","targetHints":{"allow":["GET"]}}],"collection":[{"href":"https:\/\/premino.pl\/index.php?rest_route=\/wp\/v2\/product"}],"about":[{"href":"https:\/\/premino.pl\/index.php?rest_route=\/wp\/v2\/types\/product"}],"replies":[{"embeddable":true,"href":"https:\/\/premino.pl\/index.php?rest_route=%2Fwp%2Fv2%2Fcomments&post=64245"}],"wp:featuredmedia":[{"embeddable":true,"href":"https:\/\/premino.pl\/index.php?rest_route=\/wp\/v2\/media\/64246"}],"wp:attachment":[{"href":"https:\/\/premino.pl\/index.php?rest_route=%2Fwp%2Fv2%2Fmedia&parent=64245"}],"wp:term":[{"taxonomy":"kategoria-hurtowni","embeddable":true,"href":"https:\/\/premino.pl\/index.php?rest_route=%2Fwp%2Fv2%2Fkategoria-hurtowni&post=64245"},{"taxonomy":"product_brand","embeddable":true,"href":"https:\/\/premino.pl\/index.php?rest_route=%2Fwp%2Fv2%2Fproduct_brand&post=64245"},{"taxonomy":"product_cat","embeddable":true,"href":"https:\/\/premino.pl\/index.php?rest_route=%2Fwp%2Fv2%2Fproduct_cat&post=64245"},{"taxonomy":"product_tag","embeddable":true,"href":"https:\/\/premino.pl\/index.php?rest_route=%2Fwp%2Fv2%2Fproduct_tag&post=64245"}],"curies":[{"name":"wp","href":"https:\/\/api.w.org\/{rel}","templated":true}]}}