{"id":65437,"date":"2026-05-13T19:43:37","date_gmt":"2026-05-13T17:43:37","guid":{"rendered":"https:\/\/premino.pl\/?product=y-pour-homme-woda-perfumowana-spray-40ml"},"modified":"2026-05-13T19:43:37","modified_gmt":"2026-05-13T17:43:37","slug":"y-pour-homme-woda-perfumowana-spray-40ml","status":"publish","type":"product","link":"https:\/\/premino.pl\/?product=y-pour-homme-woda-perfumowana-spray-40ml","title":{"rendered":"Y Pour Homme woda perfumowana spray 40ml"},"content":{"rendered":"<p>Y to woda perfumowana od marki Yves Saint Laurent. Kompozycja zapachowa z 2019 roku jest intensywna, \u015bwie\u017ca i m\u0119ska. Stworzy\u0142 j\u0105 legendarny kreator zapach\u00f3w \u2013 Dominique Ropion. Skonstruowana zosta\u0142a wok\u00f3\u0142 struktury fougere \u2013 jednej  z najpopularniejszych rodzin w \u015bwiecie m\u0119skich zapach\u00f3w, skontrastowanej ze \u015bwie\u017cymi cytrusami i nutami aromatycznymi, po kt\u00f3rych wy\u0142aniaj\u0105 si\u0119 zmys\u0142owe nuty drzewne.\u00a0<\/p>\n<p><\/p>\n<p><b>Nuty zapachowe:<br \/><\/b><br \/><b>Nuta g\u0142owy: <\/b>bergamotka, imbir, zielone jab\u0142ko<br \/><b>Nuta serca: <\/b>sza\u0142wia, jagody ja\u0142owca, geranium<br \/><b>Nuta bazy: <\/b>\u017cywica olibanum, b\u00f3b tonka, drzewo bursztynowe, cedr, wetyweria<\/p>\n<p><\/p>\n<p><\/p>\n<p><strong>Gramatura:<\/strong> ml<br \/>\n<strong>Linia k\u0105pielowa:<\/strong> nie<br \/>\n<strong>Miniatura:<\/strong> nie<br \/>\n<strong>Nuta bazy:<\/strong> b\u00f3b tonka, cedr, drzewo bursztynowe, wetyweria, \u017cywica olibanum<br \/>\n<strong>Nuta g\u0142owy:<\/strong> bergamotka, imbir, zielone jab\u0142ko<br \/>\n<strong>Nuta g\u0142\u00f3wna:<\/strong> aromatyczne, drzewne<br \/>\n<strong>Nuta serca:<\/strong> geranium, jagody ja\u0142owca, sza\u0142wia<br \/>\n<strong>Pojemno\u015b\u0107:<\/strong> 40<br \/>\n<strong>Produkt rzadki:<\/strong> nie<br \/>\n<strong>Pr\u00f3bka:<\/strong> nie<br \/>\n<strong>P\u0142e\u0107:<\/strong> m\u0119ski<br \/>\n<strong>Rodzaj:<\/strong> woda perfumowana<br \/>\n<strong>Tester:<\/strong> nie<br \/>\n<strong>Zapach alternatywny:<\/strong> nie<br \/>\n<strong>Zestaw:<\/strong> nie<\/p>\n<p><strong>Uwagi:<\/strong><\/p>\n<p>Ostrze\u017cenie: Produkt \u0142atwopalny a\u017c do wyschni\u0119cia. Przechowuj z dala od \u017ar\u00f3de\u0142 ciep\u0142a i zap\u0142onu. Unika\u0107 rozpylania w kierunku oczu.<\/p>\n<p><strong>Sk\u0142adniki:<\/strong><\/p>\n<p>ALCOHOL, PARFUM \/ FRAGRANCE, AQUA \/ WATER, LIMONENE, LINALOOL, BUTYL METHOXYDIBENZOYLMETHANE, CITRAL, CITRONELLOL, ALPHA-ISOMETHYL IONONE, GERANIOL, COUMARIN, CI 60730 \/ EXT. VIOLET 2, CI 15985 \/ YELLOW 6, CI 42090 \/ BLUE 1<\/p>\n","protected":false},"excerpt":{"rendered":"<p> <strong>Gramatura:<\/strong> ml<br \/>  <strong>Linia k\u0105pielowa:<\/strong> nie<br \/>  <strong>Miniatura:<\/strong> nie<br \/>  <strong>Nuta bazy:<\/strong> b\u00f3b tonka, cedr, drzewo bursztynowe, wetyweria, \u017cywica olibanum<br \/>  <strong>Nuta g\u0142owy:<\/strong> bergamotka, imbir, zielone jab\u0142ko<br \/>  <strong>Nuta g\u0142\u00f3wna:<\/strong> aromatyczne, drzewne<br \/>  <strong>Nuta serca:<\/strong> geranium, jagody ja\u0142owca, sza\u0142wia<br \/>  <strong>Pojemno\u015b\u0107:<\/strong> 40<br \/>  <strong>Produkt rzadki:<\/strong> nie<br \/>  <strong>Pr\u00f3bka:<\/strong> nie<br \/>  <strong>P\u0142e\u0107:<\/strong> m\u0119ski<br \/>  <strong>Rodzaj:<\/strong> woda perfumowana<br \/>  <strong>Tester:<\/strong> nie<br \/>  <strong>Zapach alternatywny:<\/strong> nie<br \/>  <strong>Zestaw:<\/strong> nie <\/p>\n","protected":false},"featured_media":65438,"comment_status":"open","ping_status":"closed","template":"","meta":{"_acf_changed":false},"kategoria-hurtowni":[87,88],"product_brand":[157],"product_cat":[76],"product_tag":[],"class_list":{"0":"post-65437","1":"product","2":"type-product","3":"status-publish","4":"has-post-thumbnail","6":"kategoria-hurtowni-perfumy","7":"kategoria-hurtowni-zapachy","8":"product_brand-yves-saint-laurent","9":"product_cat-primavera","11":"first","12":"outofstock","13":"taxable","14":"shipping-taxable","15":"product-type-simple"},"acf":[],"_links":{"self":[{"href":"https:\/\/premino.pl\/index.php?rest_route=\/wp\/v2\/product\/65437","targetHints":{"allow":["GET"]}}],"collection":[{"href":"https:\/\/premino.pl\/index.php?rest_route=\/wp\/v2\/product"}],"about":[{"href":"https:\/\/premino.pl\/index.php?rest_route=\/wp\/v2\/types\/product"}],"replies":[{"embeddable":true,"href":"https:\/\/premino.pl\/index.php?rest_route=%2Fwp%2Fv2%2Fcomments&post=65437"}],"wp:featuredmedia":[{"embeddable":true,"href":"https:\/\/premino.pl\/index.php?rest_route=\/wp\/v2\/media\/65438"}],"wp:attachment":[{"href":"https:\/\/premino.pl\/index.php?rest_route=%2Fwp%2Fv2%2Fmedia&parent=65437"}],"wp:term":[{"taxonomy":"kategoria-hurtowni","embeddable":true,"href":"https:\/\/premino.pl\/index.php?rest_route=%2Fwp%2Fv2%2Fkategoria-hurtowni&post=65437"},{"taxonomy":"product_brand","embeddable":true,"href":"https:\/\/premino.pl\/index.php?rest_route=%2Fwp%2Fv2%2Fproduct_brand&post=65437"},{"taxonomy":"product_cat","embeddable":true,"href":"https:\/\/premino.pl\/index.php?rest_route=%2Fwp%2Fv2%2Fproduct_cat&post=65437"},{"taxonomy":"product_tag","embeddable":true,"href":"https:\/\/premino.pl\/index.php?rest_route=%2Fwp%2Fv2%2Fproduct_tag&post=65437"}],"curies":[{"name":"wp","href":"https:\/\/api.w.org\/{rel}","templated":true}]}}