{"id":65817,"date":"2026-05-13T19:46:32","date_gmt":"2026-05-13T17:46:32","guid":{"rendered":"https:\/\/premino.pl\/?product=dorota-aroma-home-patyczki-zapachowe-geranium-z-limonka-100ml"},"modified":"2026-05-13T19:46:32","modified_gmt":"2026-05-13T17:46:32","slug":"dorota-aroma-home-patyczki-zapachowe-geranium-z-limonka-100ml","status":"publish","type":"product","link":"https:\/\/premino.pl\/?product=dorota-aroma-home-patyczki-zapachowe-geranium-z-limonka-100ml","title":{"rendered":"Dorota &amp; Aroma Home patyczki zapachowe Geranium z Limonk\u0105 100ml"},"content":{"rendered":"<p>Intensywny  i lekko pikantny aromat geranium po\u0142\u0105czony ze \u015bwie\u017cym i pobudzaj\u0105cym olejkiem  z limonki to zapach przywodz\u0105cy na my\u015bl s\u0142oneczne letnie dni pe\u0142ne beztroski  i spokoju.<\/p>\n<p><b>Nuty zapachowe:<\/b><br \/>Nuta g\u0142owy: limonka, kadzid\u0142o, kminek, eukaliptus, li\u015bcie mi\u0119ty<br \/>    Nuta serca: cytryna, geranium, mi\u0119ta zielona, mi\u0119ta pieprzowa<br \/>    Nuta bazy: wanilia, bia\u0142e pi\u017cmo<\/p>\n<p>    Pojemno\u015b\u0107 produktu: 100 ml<br \/>    D\u0142ugo\u015b\u0107 odparowywania zapachu: ok. 3-4 tygodni*<br \/>    *w zale\u017cno\u015bci od warunk\u00f3w panuj\u0105cych w pomieszczeniu (temperatura,  wilgotno\u015b\u0107).<\/p>\n<p><b>    Celulozowe patyczki<\/b><br \/>Bardzo dobrze ch\u0142on\u0105 kompozycj\u0119 zapachow\u0105, nie trzeba  ich odwraca\u0107.<\/p>\n<p><b>    Regulacja intensywno\u015bci zapachu:<\/b><br \/>    Ma\u0142a intensywno\u015b\u0107 zapachu &#8211; u\u017cyj 1 lub 2 patyczk\u00f3w celulozowych, w celu  uzyskania \u015bredniej intensywno\u015bci zapachu zastosuj 3 lub 4 patyczki  celulozowe, du\u017ca intensywno\u015b\u0107 zapachu; zastosuj 5 patyczk\u00f3w  celulozowych.<\/p>\n<p>Opakowanie papierowe z certyfikatem FSC\u00ae C138530.<\/p>\n<p><b>Spos\u00f3b u\u017cycia:\u00a0<br \/><\/b>Przed u\u017cyciem produktu dok\u0142adnie zapozna\u0107 si\u0119 ze \u015brodkami bezpiecze\u0144stwa.<br \/>1. Zdejmij nakr\u0119tk\u0119 i usu\u0144 plastikowy korek.<br \/>2. Za\u0142\u00f3\u017c z powrotem nakr\u0119tk\u0119.<br \/>3. W\u0142\u00f3\u017c patyczki do \u015brodka flakonika.<\/p>\n<p><strong>Gramatura:<\/strong> ml<br \/>\n<strong>Pojemno\u015b\u0107:<\/strong> 100<br \/>\n<strong>P\u0142e\u0107:<\/strong> unisex<br \/>\n<strong>Rodzaj:<\/strong> pa\u0142eczki zapachowe<\/p>\n<p><strong>Uwagi:<\/strong><\/p>\n<p>Unika\u0107 bezpo\u015bredniego kontaktu nas\u0105czonych patyczk\u00f3w z wszelkimi powierzchniami. Nadmierne przechylenie butelki mo\u017ce spowodowa\u0107 wyciek kompozycji zapachowej. W przypadku wylania natychmiast wytrze\u0107 sucha \u015bciereczk\u0105. Produkt mo\u017ce uszkadza\u0107 powierzchnie na skutek jego nieprawid\u0142owego u\u017cytkowania. Zaleca si\u0119 zachowa\u0107 opakowanie produktu z uwagi na zawarte w nim wa\u017cne informacje. Produkt nie nadaje si\u0119 do spo\u017cycia. Producent nie ponosi odpowiedzialno\u015bci za u\u017cytkowanie niezgodne z instrukcj\u0105 i przeznaczeniem produktu. Dzia\u0142a szkodliwie na organizmy wodne, powoduj\u0105c d\u0142ugotrwa\u0142e skutki. Mo\u017ce powodowa\u0107 reakcj\u0119 alergiczn\u0105 sk\u00f3ry. W razie konieczno\u015bci zasi\u0119gni\u0119cia porady lekarza nale\u017cy pokaza\u0107 pojemnik lub etykiet\u0119. Chroni\u0107 przed dzie\u0107mi. Przechowywa\u0107 z dala od \u017ar\u00f3de\u0142 ciep\u0142a, gor\u0105cych powierzchni, \u017ar\u00f3de\u0142 iskrzenia, otwartego ognia i innych \u017ar\u00f3de\u0142 zap\u0142onu. Nie pali\u0107. Unika\u0107 uwolnienia do \u015brodowiska. Zawarto\u015b\u0107\/pojemnik usuwa\u0107 do zbiornik\u00f3w do segregacji odpad\u00f3w obecnych w swojej gminie.<\/p>\n<p><strong>Sk\u0142adniki:<\/strong><\/p>\n<p>cytral, Cytronelol, d-limonene, d-p-menta-1(6),8-dien-2-on, Eugenol, Geraniol, Masa reakcyjna 3- (o-etylofenylo) -2,2-dimetylopropionaldehydu i 3- (p-etylofenylo) -2,2-dimetylopropionaldehydu, Cynamal<\/p>\n","protected":false},"excerpt":{"rendered":"<p> <strong>Gramatura:<\/strong> ml<br \/>  <strong>Pojemno\u015b\u0107:<\/strong> 100<br \/>  <strong>P\u0142e\u0107:<\/strong> unisex<br \/>  <strong>Rodzaj:<\/strong> pa\u0142eczki zapachowe <\/p>\n","protected":false},"featured_media":65818,"comment_status":"open","ping_status":"closed","template":"","meta":{"_acf_changed":false},"kategoria-hurtowni":[191,192],"product_brand":[892],"product_cat":[76],"product_tag":[],"class_list":{"0":"post-65817","1":"product","2":"type-product","3":"status-publish","4":"has-post-thumbnail","6":"kategoria-hurtowni-dom","7":"kategoria-hurtowni-odswiezacze","8":"product_brand-aroma-home","9":"product_cat-primavera","11":"first","12":"outofstock","13":"taxable","14":"shipping-taxable","15":"product-type-simple"},"acf":[],"_links":{"self":[{"href":"https:\/\/premino.pl\/index.php?rest_route=\/wp\/v2\/product\/65817","targetHints":{"allow":["GET"]}}],"collection":[{"href":"https:\/\/premino.pl\/index.php?rest_route=\/wp\/v2\/product"}],"about":[{"href":"https:\/\/premino.pl\/index.php?rest_route=\/wp\/v2\/types\/product"}],"replies":[{"embeddable":true,"href":"https:\/\/premino.pl\/index.php?rest_route=%2Fwp%2Fv2%2Fcomments&post=65817"}],"wp:featuredmedia":[{"embeddable":true,"href":"https:\/\/premino.pl\/index.php?rest_route=\/wp\/v2\/media\/65818"}],"wp:attachment":[{"href":"https:\/\/premino.pl\/index.php?rest_route=%2Fwp%2Fv2%2Fmedia&parent=65817"}],"wp:term":[{"taxonomy":"kategoria-hurtowni","embeddable":true,"href":"https:\/\/premino.pl\/index.php?rest_route=%2Fwp%2Fv2%2Fkategoria-hurtowni&post=65817"},{"taxonomy":"product_brand","embeddable":true,"href":"https:\/\/premino.pl\/index.php?rest_route=%2Fwp%2Fv2%2Fproduct_brand&post=65817"},{"taxonomy":"product_cat","embeddable":true,"href":"https:\/\/premino.pl\/index.php?rest_route=%2Fwp%2Fv2%2Fproduct_cat&post=65817"},{"taxonomy":"product_tag","embeddable":true,"href":"https:\/\/premino.pl\/index.php?rest_route=%2Fwp%2Fv2%2Fproduct_tag&post=65817"}],"curies":[{"name":"wp","href":"https:\/\/api.w.org\/{rel}","templated":true}]}}