{"id":68981,"date":"2026-05-13T20:10:58","date_gmt":"2026-05-13T18:10:58","guid":{"rendered":"https:\/\/premino.pl\/?product=faux-brow-marker-do-brwi-light-brunette-1ml"},"modified":"2026-05-13T20:10:59","modified_gmt":"2026-05-13T18:10:59","slug":"faux-brow-marker-do-brwi-light-brunette-1ml","status":"publish","type":"product","link":"https:\/\/premino.pl\/?product=faux-brow-marker-do-brwi-light-brunette-1ml","title":{"rendered":"Faux Brow marker do brwi Light Brunette 1ml"},"content":{"rendered":"<p>L&#8217;Oreal Paris Faux Brow &#8211; marker do brwi z podw\u00f3jn\u0105 ko\u0144c\u00f3wk\u0105, zaprojektowany do tworzenia naturalnie wygl\u0105daj\u0105cych, przypominaj\u0105cych w\u0142oski poci\u0105gni\u0119\u0107, dla widocznie pe\u0142niejszych i bardziej zdefiniowanych brwi. Specjalna podw\u00f3jna ko\u0144c\u00f3wka p\u0119dzelka pozwala na jednoczesne narysowanie podw\u00f3jnej ilo\u015bci poci\u0105gni\u0119\u0107 imituj\u0105cych w\u0142oski, zapewniaj\u0105c naturalnie wygl\u0105daj\u0105cy makija\u017c brwi. Jest odporny na rozmazywanie, nie odbija si\u0119, odporny na ciep\u0142o, wodoodporny. Ponadto, posiada d\u0142ugotrwa\u0142\u0105 formu\u0142\u0119 z efektem utrzymuj\u0105cym si\u0119 do 48 godzin*. <\/p>\n<p>\u2022 Naturalnie wygl\u0105daj\u0105cy makija\u017c brwi. wizualnie pe\u0142niejsze, bardziej zdefiniowane brwi. <br \/>\u2022 Precyzyjna aplikacja. poci\u0105gni\u0119cia imituj\u0105ce w\u0142oski. <br \/>\u2022 Do 48h trwa\u0142o\u015bci.* <br \/>\u2022 Odporny na rozmazywanie. <br \/>\u2022 Nie odbija si\u0119. <br \/>\u2022 Odporny na ciep\u0142o. <br \/>\u2022 Wodoodporny. <\/p>\n<p>*Test konsumencki, 114 kobiet.<\/p>\n<p><b>Spos\u00f3b u\u017cycia: <\/b>U\u017cywaj\u0105c marker, delikatnie wype\u0142nij wszelkie luki i zdefiniuj kszta\u0142t brwi kr\u00f3tkimi poci\u0105gni\u0119ciami imituj\u0105cymi w\u0142oski, zaczynaj\u0105c od pocz\u0105tku brwi i przesuwaj\u0105c si\u0119 w kierunku jej ko\u0144ca.<\/p>\n<p><strong>Gramatura:<\/strong> ml<br \/>\n<strong>Kolor:<\/strong> Light Brunette<br \/>\n<strong>Pojemno\u015b\u0107:<\/strong> 1<br \/>\n<strong>P\u0142e\u0107:<\/strong> damski<br \/>\n<strong>S\u0142o\u0144ce:<\/strong> nie<\/p>\n<p><strong>Uwagi:<\/strong><\/p>\n<p>Nie s\u0105 wymagane \u017cadne specjalne \u015brodki ostro\u017cno\u015bci przy u\u017cywaniu tego produktu w normalnych lub racjonalnie przewidywalnych warunkach u\u017cytkowania.<\/p>\n<p><strong>Sk\u0142adniki:<\/strong><\/p>\n<p>INGREDIENTS: AQUA \/ WATER \u2022 ACRYLATES\/ETHYLHEXYL ACRYLATE COPOLYMER \u2022 PROPYLENE GLYCOL \u2022 ACRYLATES\/DIMETHYLAMINOETHYL METHACRYLATE COPOLYMER \u2022 CAPRYLYL GLYCOL \u2022 PHENOXYETHANOL \u2022 AMMONIUM ACRYLATES COPOLYMER \u2022 SODIUM LAURETH-12 SULFATE \u2022 SODIUM DEHYDROACETATE \u2022 LAURETH-21 \u2022 C11-15 ALKETH-7 \u2022 BUTYLENE GLYCOL \u2022 PEG-40 HYDROGENATED CASTOR OIL \u2022 POTASSIUM SORBATE \u2022 SODIUM LAURYL SULFATE \u2022 DISODIUM LAURETH SULFOSUCCINATE \u25cf [+\/- MAY CONTAIN: CI 77266 [NANO] \/ BLACK 2 \u2022 CI 16035 \/ RED 40 \u2022 CI 19140 \/ YELLOW 5]. (F.I.L. Z70054213\/1).<\/p>\n","protected":false},"excerpt":{"rendered":"<p> <strong>Gramatura:<\/strong> ml<br \/>  <strong>Kolor:<\/strong> Light Brunette<br \/>  <strong>Pojemno\u015b\u0107:<\/strong> 1<br \/>  <strong>P\u0142e\u0107:<\/strong> damski<br \/>  <strong>S\u0142o\u0144ce:<\/strong> nie <\/p>\n","protected":false},"featured_media":68982,"comment_status":"open","ping_status":"closed","template":"","meta":{"_acf_changed":false},"kategoria-hurtowni":[83,126,142],"product_brand":[111],"product_cat":[76],"product_tag":[],"class_list":{"0":"post-68981","1":"product","2":"type-product","3":"status-publish","4":"has-post-thumbnail","6":"kategoria-hurtowni-makijaz","7":"kategoria-hurtowni-makijaz-oczy","8":"kategoria-hurtowni-makijaz-brwi","9":"product_brand-loreal-paris","10":"product_cat-primavera","12":"first","13":"outofstock","14":"taxable","15":"shipping-taxable","16":"product-type-simple"},"acf":[],"_links":{"self":[{"href":"https:\/\/premino.pl\/index.php?rest_route=\/wp\/v2\/product\/68981","targetHints":{"allow":["GET"]}}],"collection":[{"href":"https:\/\/premino.pl\/index.php?rest_route=\/wp\/v2\/product"}],"about":[{"href":"https:\/\/premino.pl\/index.php?rest_route=\/wp\/v2\/types\/product"}],"replies":[{"embeddable":true,"href":"https:\/\/premino.pl\/index.php?rest_route=%2Fwp%2Fv2%2Fcomments&post=68981"}],"wp:featuredmedia":[{"embeddable":true,"href":"https:\/\/premino.pl\/index.php?rest_route=\/wp\/v2\/media\/68982"}],"wp:attachment":[{"href":"https:\/\/premino.pl\/index.php?rest_route=%2Fwp%2Fv2%2Fmedia&parent=68981"}],"wp:term":[{"taxonomy":"kategoria-hurtowni","embeddable":true,"href":"https:\/\/premino.pl\/index.php?rest_route=%2Fwp%2Fv2%2Fkategoria-hurtowni&post=68981"},{"taxonomy":"product_brand","embeddable":true,"href":"https:\/\/premino.pl\/index.php?rest_route=%2Fwp%2Fv2%2Fproduct_brand&post=68981"},{"taxonomy":"product_cat","embeddable":true,"href":"https:\/\/premino.pl\/index.php?rest_route=%2Fwp%2Fv2%2Fproduct_cat&post=68981"},{"taxonomy":"product_tag","embeddable":true,"href":"https:\/\/premino.pl\/index.php?rest_route=%2Fwp%2Fv2%2Fproduct_tag&post=68981"}],"curies":[{"name":"wp","href":"https:\/\/api.w.org\/{rel}","templated":true}]}}