{"id":69429,"date":"2026-05-13T20:14:34","date_gmt":"2026-05-13T18:14:34","guid":{"rendered":"https:\/\/premino.pl\/?product=satin-lipstick-satynowa-pomadka-w-sztyfcie-01-whisper-4g"},"modified":"2026-05-13T20:14:35","modified_gmt":"2026-05-13T18:14:35","slug":"satin-lipstick-satynowa-pomadka-w-sztyfcie-01-whisper-4g","status":"publish","type":"product","link":"https:\/\/premino.pl\/?product=satin-lipstick-satynowa-pomadka-w-sztyfcie-01-whisper-4g","title":{"rendered":"Satin Lipstick satynowa pomadka w sztyfcie 01 Whisper 4g"},"content":{"rendered":"<p><b>Satin Lipstick &#8211; Intensywny kolor i nawil\u017cenie przez ca\u0142y dzie\u0144<br \/><\/b>Pomadka, kt\u00f3ra \u0142\u0105czy doskona\u0142e krycie z niezwyk\u0142ym komfortem noszenia. Jej lekka, kremowa formu\u0142a zapewnia intensywny kolor ju\u017c przy pierwszej aplikacji, pozostawiaj\u0105c usta g\u0142adkie i nawil\u017cone. Satynowe wyko\u0144czenie dodaje elegancji, a wysoka pigmentacja gwarantuje trwa\u0142y efekt.<\/p>\n<p>\u2022 Natychmiastowy intensywny kolor \u2013 pe\u0142ne krycie ju\u017c po jednej warstwie.<br \/>\u2022 Kremowa konsystencja \u2013 \u0142atwa aplikacja bez smug i rozmazywania.<br \/>\u2022 Satynowe wyko\u0144czenie \u2013 elegancki efekt bez uczucia przesuszenia ust.<br \/>\u2022 Nawil\u017cenie i komfort \u2013 usta pozostaj\u0105 g\u0142adkie i elastyczne przez ca\u0142y dzie\u0144, bez \u015bci\u0105gania sk\u00f3ry.<br \/>\u2022 D\u0142ugotrwa\u0142y efekt \u2013 pomadka idealnie scala si\u0119 z ustami, nie zbiera si\u0119 w za\u0142amaniach.<br \/>\u2022 Formu\u0142a piel\u0119gnacyjna \u2013 wzbogacona o sk\u0142adniki nawil\u017caj\u0105ce i wyg\u0142adzaj\u0105ce.<br \/>\u2022 Szeroka gama kolorystyczna \u2013 6 odcieni, od delikatnych nude po intensywne, wyraziste kolory.<\/p>\n<p><b>Bogata w sk\u0142adniki aktywne:<br \/><\/b>Sterole granatu \u2013 naturalne substancje z owoc\u00f3w granatu, kt\u00f3re intensywnie nawil\u017caj\u0105 i wzmacniaj\u0105 barier\u0119 ochronn\u0105 sk\u00f3ry, zapobiegaj\u0105c utracie wilgoci.<\/p>\n<p>Satin Lipstick to po\u0142\u0105czenie intensywnego koloru, nawil\u017cenia i komfortu, kt\u00f3re sprawi\u0105, \u017ce Twoje usta b\u0119d\u0105 wygl\u0105da\u0107 perfekcyjnie, a Ty poczujesz si\u0119 wyj\u0105tkowo przez ca\u0142y dzie\u0144.<\/p>\n<p><strong>Gramatura:<\/strong> g<br \/>\n<strong>Kolor:<\/strong> 01 Whisper<br \/>\n<strong>Pojemno\u015b\u0107:<\/strong> 4<br \/>\n<strong>P\u0142e\u0107:<\/strong> damski<br \/>\n<strong>Rodzaj:<\/strong> kremowe<br \/>\n<strong>S\u0142o\u0144ce:<\/strong> nie<\/p>\n<p><strong>Uwagi:<\/strong><\/p>\n<p><strong>Sk\u0142adniki:<\/strong><\/p>\n<p>Ethylhexyl Palmitate, Cetearyl Ethylhexanoate, Oryza Sativa Cera, Candelilla Cera, C10-18 Triglycerides, Kaolin, Lauryl Laurate, Tapioca Starch, Silica Dimethyl Silylate, Punica Granatum Sterols, Caprylyl Glycol, Parfum, Citrus Aurantium Peel Oil, Glycerin, Talc, Caprylhydroxamic Acid, Alumina, Vanillin, Pinene, Limonene, Terpineol, Benzyl Benzoate, Myroxylon Pereirae Oli\/Extract, Geranyl Acetate, Benzyl Alcohol, Citral, Linalool, [+\/-] CI 77891, CI 77491, CI 15850, CI 42090, CI 77492, CI 77499, CI 15985, CI 17200, CI 16035<\/p>\n","protected":false},"excerpt":{"rendered":"<p> <strong>Gramatura:<\/strong> g<br \/>  <strong>Kolor:<\/strong> 01 Whisper<br \/>  <strong>Pojemno\u015b\u0107:<\/strong> 4<br \/>  <strong>P\u0142e\u0107:<\/strong> damski<br \/>  <strong>Rodzaj:<\/strong> kremowe<br \/>  <strong>S\u0142o\u0144ce:<\/strong> nie <\/p>\n","protected":false},"featured_media":69430,"comment_status":"open","ping_status":"closed","template":"","meta":{"_acf_changed":false},"kategoria-hurtowni":[83,105,106],"product_brand":[268],"product_cat":[76],"product_tag":[],"class_list":{"0":"post-69429","1":"product","2":"type-product","3":"status-publish","4":"has-post-thumbnail","6":"kategoria-hurtowni-makijaz","7":"kategoria-hurtowni-makijaz-usta","8":"kategoria-hurtowni-pomadki","9":"product_brand-claresa","10":"product_cat-primavera","12":"first","13":"outofstock","14":"taxable","15":"shipping-taxable","16":"product-type-simple"},"acf":[],"_links":{"self":[{"href":"https:\/\/premino.pl\/index.php?rest_route=\/wp\/v2\/product\/69429","targetHints":{"allow":["GET"]}}],"collection":[{"href":"https:\/\/premino.pl\/index.php?rest_route=\/wp\/v2\/product"}],"about":[{"href":"https:\/\/premino.pl\/index.php?rest_route=\/wp\/v2\/types\/product"}],"replies":[{"embeddable":true,"href":"https:\/\/premino.pl\/index.php?rest_route=%2Fwp%2Fv2%2Fcomments&post=69429"}],"wp:featuredmedia":[{"embeddable":true,"href":"https:\/\/premino.pl\/index.php?rest_route=\/wp\/v2\/media\/69430"}],"wp:attachment":[{"href":"https:\/\/premino.pl\/index.php?rest_route=%2Fwp%2Fv2%2Fmedia&parent=69429"}],"wp:term":[{"taxonomy":"kategoria-hurtowni","embeddable":true,"href":"https:\/\/premino.pl\/index.php?rest_route=%2Fwp%2Fv2%2Fkategoria-hurtowni&post=69429"},{"taxonomy":"product_brand","embeddable":true,"href":"https:\/\/premino.pl\/index.php?rest_route=%2Fwp%2Fv2%2Fproduct_brand&post=69429"},{"taxonomy":"product_cat","embeddable":true,"href":"https:\/\/premino.pl\/index.php?rest_route=%2Fwp%2Fv2%2Fproduct_cat&post=69429"},{"taxonomy":"product_tag","embeddable":true,"href":"https:\/\/premino.pl\/index.php?rest_route=%2Fwp%2Fv2%2Fproduct_tag&post=69429"}],"curies":[{"name":"wp","href":"https:\/\/api.w.org\/{rel}","templated":true}]}}