{"id":69705,"date":"2026-05-13T20:16:57","date_gmt":"2026-05-13T18:16:57","guid":{"rendered":"https:\/\/premino.pl\/?product=the-ritual-of-namaste-ujedrniajacy-krem-na-noc-50ml"},"modified":"2026-05-13T20:16:57","modified_gmt":"2026-05-13T18:16:57","slug":"the-ritual-of-namaste-ujedrniajacy-krem-na-noc-50ml","status":"publish","type":"product","link":"https:\/\/premino.pl\/?product=the-ritual-of-namaste-ujedrniajacy-krem-na-noc-50ml","title":{"rendered":"The Ritual of Namaste uj\u0119drniaj\u0105cy krem na noc 50ml"},"content":{"rendered":"<p>Wykorzystaj ka\u017cd\u0105 noc, by wspiera\u0107 naturalne pi\u0119kno swojej sk\u00f3ry. To w\u0142a\u015bnie noc\u0105 cera jest najbardziej podatna na regeneracj\u0119 i lepiej ch\u0142onie sk\u0142adniki aktywne zawarte w kosmetykach. Ten uj\u0119drniaj\u0105cy krem na noc z linii The Ritual of Namaste z kompleksem CICA Firming Complex dzia\u0142a liftinguj\u0105co i wspomaga popraw\u0119 j\u0119drno\u015bci sk\u00f3ry podczas snu. Jego formu\u0142a dzia\u0142a odm\u0142adzaj\u0105co, przeciwdzia\u0142a powstawaniu zmarszczek, intensywnie od\u017cywia i \u0142agodzi sk\u00f3r\u0119. Regularne stosowanie sprawia, \u017ce drobne linie i zmarszczki mimiczne staj\u0105 si\u0119 mniej widoczne. Efekt? Sk\u00f3ra staje si\u0119 bardziej mi\u0119kka, g\u0142adka i wyra\u017anie zrewitalizowana.<\/p>\n<p>\u2022 97% sk\u0142adnik\u00f3w pochodzenia naturalnego, pozosta\u0142e 3% to starannie dobrane sk\u0142adniki stworzone w laboratorium dla zachowania skuteczno\u015bci i stabilno\u015bci formu\u0142y<br \/>\u2022 dzia\u0142a przeciwstarzeniowo i wspiera m\u0142ody wygl\u0105d sk\u00f3ry<br \/>\u2022 odpowiedni dla ka\u017cdego typu cery, r\u00f3wnie\u017c dla sk\u00f3ry wra\u017cliwej<br \/>\u2022 przebadany dermatologicznie<\/p>\n<p><b>Spos\u00f3b u\u017cycia:<\/b>\u00a0Nanie\u015b niewielk\u0105 ilo\u015b\u0107 kremu na czyst\u0105, such\u0105 sk\u00f3r\u0119 twarzy i pozw\u00f3l mu si\u0119 ca\u0142kowicie wch\u0142on\u0105\u0107.<\/p>\n<p><strong>Dzia\u0142anie:<\/strong> nawil\u017caj\u0105ce, redukuje zmarszczki, regeneruje, uelastycznia, uj\u0119drnia, zmi\u0119kcza<br \/>\n<strong>Gramatura:<\/strong> ml<br \/>\n<strong>Konsystencja:<\/strong> krem<br \/>\n<strong>Linie elitarne:<\/strong> nie<br \/>\n<strong>Piel\u0119gnacja specyficzna:<\/strong> nie<br \/>\n<strong>Pojemno\u015b\u0107:<\/strong> 50<br \/>\n<strong>Pora stosowania:<\/strong> noc<br \/>\n<strong>P\u0142e\u0107:<\/strong> damski<br \/>\n<strong>Rodzaj sk\u00f3ry:<\/strong> dojrza\u0142a, wra\u017cliwa<br \/>\n<strong>S\u0142o\u0144ce:<\/strong> nie<br \/>\n<strong>Typ sk\u00f3ry:<\/strong> mieszana\/t\u0142usta, normalna, sucha<\/p>\n<p><strong>Uwagi:<\/strong><\/p>\n<p>Trzyma\u0107 w miejscu niedost\u0119pnym dla dzieci. Nie stosowa\u0107 na podra\u017cnion\u0105 lub uszkodzon\u0105 sk\u00f3r\u0119. Unika\u0107 kontaktu z oczami.<\/p>\n<p><strong>Sk\u0142adniki:<\/strong><\/p>\n<p>Aqua\/Water, Glycerin, Glyceryl Stearate, Cocoglycerides, Glyceryl Stearate Citrate, Lauryl Laurate, Simmondsia Chinensis (Jojoba) Seed Oil, Butyrospermum Parkii (Shea) Butter, Cetearyl Alcohol, Hydrogenated Vegetable Oil, Isoamyl Laurate, Cellulose, Distarch Phosphate, Ethylhexyl Polyhydroxystearate, Dicaprylyl Ether, Sesamum Indicum (Sesame) Seed Oil, Centella Asiatica Leaf Extract, Nelumbo Nucifera Flower Extract, Pancratium Maritimum Extract, Cistus Incanus Flower\/Leaf\/Stem Extract, Gynostemma Pentaphyllum Leaf\/Stem Extract, Bisabolol, Sodium Hyaluronate, Asiaticoside, Sodium Stearoyl Glutamate, Helianthus Annuus (Sunflower) Seed Oil, Dimethicone, Glutamine, Phenethyl Alcohol, Acacia Senegal Gum, Xanthan Gum, Decyl Glucoside, Tocopherol, Madecassoside, Phytic Acid, Citric Acid, Sodium Hydroxide, Benzoic Acid, Dehydroacetic Acid, Sodium Benzoate, Potassium Sorbate, Benzyl Alcohol, Linalool, Hexyl Cinnamal, Limonene, Citronellol, Geraniol, Eugenol, Parfum\/Fragrance.<\/p>\n","protected":false},"excerpt":{"rendered":"<p> <strong>Dzia\u0142anie:<\/strong> nawil\u017caj\u0105ce, redukuje zmarszczki, regeneruje, uelastycznia, uj\u0119drnia, zmi\u0119kcza<br \/>  <strong>Gramatura:<\/strong> ml<br \/>  <strong>Konsystencja:<\/strong> krem<br \/>  <strong>Linie elitarne:<\/strong> nie<br \/>  <strong>Piel\u0119gnacja specyficzna:<\/strong> nie<br \/>  <strong>Pojemno\u015b\u0107:<\/strong> 50<br \/>  <strong>Pora stosowania:<\/strong> noc<br \/>  <strong>P\u0142e\u0107:<\/strong> damski<br \/>  <strong>Rodzaj sk\u00f3ry:<\/strong> dojrza\u0142a, wra\u017cliwa<br \/>  <strong>S\u0142o\u0144ce:<\/strong> nie<br \/>  <strong>Typ sk\u00f3ry:<\/strong> mieszana\/t\u0142usta, normalna, sucha <\/p>\n","protected":false},"featured_media":69706,"comment_status":"open","ping_status":"closed","template":"","meta":{"_acf_changed":false},"kategoria-hurtowni":[90,109,110],"product_brand":[169],"product_cat":[76],"product_tag":[],"class_list":{"0":"post-69705","1":"product","2":"type-product","3":"status-publish","4":"has-post-thumbnail","6":"kategoria-hurtowni-pielegnacja","7":"kategoria-hurtowni-pielegnacja-twarzy-pielegnacja","8":"kategoria-hurtowni-twarz-pielegnacja-twarzy-pielegnacja","9":"product_brand-rituals","10":"product_cat-primavera","12":"first","13":"outofstock","14":"taxable","15":"shipping-taxable","16":"product-type-simple"},"acf":[],"_links":{"self":[{"href":"https:\/\/premino.pl\/index.php?rest_route=\/wp\/v2\/product\/69705","targetHints":{"allow":["GET"]}}],"collection":[{"href":"https:\/\/premino.pl\/index.php?rest_route=\/wp\/v2\/product"}],"about":[{"href":"https:\/\/premino.pl\/index.php?rest_route=\/wp\/v2\/types\/product"}],"replies":[{"embeddable":true,"href":"https:\/\/premino.pl\/index.php?rest_route=%2Fwp%2Fv2%2Fcomments&post=69705"}],"wp:featuredmedia":[{"embeddable":true,"href":"https:\/\/premino.pl\/index.php?rest_route=\/wp\/v2\/media\/69706"}],"wp:attachment":[{"href":"https:\/\/premino.pl\/index.php?rest_route=%2Fwp%2Fv2%2Fmedia&parent=69705"}],"wp:term":[{"taxonomy":"kategoria-hurtowni","embeddable":true,"href":"https:\/\/premino.pl\/index.php?rest_route=%2Fwp%2Fv2%2Fkategoria-hurtowni&post=69705"},{"taxonomy":"product_brand","embeddable":true,"href":"https:\/\/premino.pl\/index.php?rest_route=%2Fwp%2Fv2%2Fproduct_brand&post=69705"},{"taxonomy":"product_cat","embeddable":true,"href":"https:\/\/premino.pl\/index.php?rest_route=%2Fwp%2Fv2%2Fproduct_cat&post=69705"},{"taxonomy":"product_tag","embeddable":true,"href":"https:\/\/premino.pl\/index.php?rest_route=%2Fwp%2Fv2%2Fproduct_tag&post=69705"}],"curies":[{"name":"wp","href":"https:\/\/api.w.org\/{rel}","templated":true}]}}