{"id":70125,"date":"2026-05-13T20:20:33","date_gmt":"2026-05-13T18:20:33","guid":{"rendered":"https:\/\/premino.pl\/?product=cc-eye-krem-cc-pod-oczy-dore-10ml"},"modified":"2026-05-13T20:20:34","modified_gmt":"2026-05-13T18:20:34","slug":"cc-eye-krem-cc-pod-oczy-dore-10ml","status":"publish","type":"product","link":"https:\/\/premino.pl\/?product=cc-eye-krem-cc-pod-oczy-dore-10ml","title":{"rendered":"CC Eye krem CC pod oczy Dore 10ml"},"content":{"rendered":"<p><b>CC EYE \u2013 roz\u015bwietlaj\u0105ca korekta i piel\u0119gnacja w jednym kroku<br \/><\/b>CC EYE to idealne po\u0142\u0105czenie makija\u017cu i piel\u0119gnacji \u2013 b\u0142yskawicznie roz\u015bwietla okolice oczu, koryguje cienie i opuchlizn\u0119, a jednocze\u015bnie dba o delikatn\u0105 sk\u00f3r\u0119 pod oczami. Dzi\u0119ki nowoczesnej korea\u0144skiej technologii pigmenty zamkni\u0119te w formule aktywuj\u0105 si\u0119 podczas aplikacji, stapiaj\u0105c si\u0119 ze sk\u00f3r\u0105 i wyr\u00f3wnuj\u0105c jej koloryt \u2013 bez efektu maski. Efekt? Natychmiastowo ja\u015bniejsze, \u015bwie\u017csze i bardziej wypocz\u0119te spojrzenie.<\/p>\n<p><b>Co wyr\u00f3\u017cnia CC EYE?<br \/><\/b>SPF 20 \u2013 ochrona przed promieniowaniem UV<br \/>Lekkie, naturalne krycie \u2013 idealne na co dzie\u0144<br \/>Dzia\u0142anie koryguj\u0105ce i roz\u015bwietlaj\u0105ce \u2013 bez efektu obci\u0105\u017cenia<\/p>\n<p><b>Kluczowe sk\u0142adniki aktywne:<br \/><\/b>Centella Asiatica \u2013 koi i wzmacnia sk\u00f3r\u0119, zapewniaj\u0105c komfort przez ca\u0142y dzie\u0144<br \/>Kompleks z czerwonych alg i owoc\u00f3w Tara \u2013 wyg\u0142adza, redukuje widoczno\u015b\u0107 zmarszczek i drobnych linii<br \/>Peptyd przeciwzm\u0119czeniowy \u2013 pomaga zredukowa\u0107 cienie i opuchlizn\u0119<br \/>Filtr SPF 20 \u2013 chroni delikatn\u0105 sk\u00f3r\u0119 wok\u00f3\u0142 oczu przed s\u0142o\u0144cem<\/p>\n<p>Produkt testowany pod nadzorem dermatologicznym i okulistycznym.<br \/>Odpowiedni dla wra\u017cliwej sk\u00f3ry.<\/p>\n<p><b>Spos\u00f3b u\u017cycia:<br \/><\/b>Na\u0142\u00f3\u017c niewielk\u0105 ilo\u015b\u0107 produktu na sk\u00f3r\u0119 pod oczami. Delikatnie rozprowad\u017a od wewn\u0119trznego do zewn\u0119trznego k\u0105cika oka, wmasowuj\u0105c produkt, aby aktywowa\u0107 pigmenty.\u00a0<\/p>\n<p><strong>Br\u0105zuj\u0105cy:<\/strong> nie<br \/>\n<strong>Gramatura:<\/strong> ml<br \/>\n<strong>Kolor:<\/strong> Dore<br \/>\n<strong>Pojemno\u015b\u0107:<\/strong> 10<br \/>\n<strong>P\u0142e\u0107:<\/strong> damski<br \/>\n<strong>Roz\u015bwietlaj\u0105cy:<\/strong> tak<br \/>\n<strong>SPF:<\/strong> 20<br \/>\n<strong>S\u0142o\u0144ce:<\/strong> tak<\/p>\n<p><strong>Uwagi:<\/strong><\/p>\n<p>Tylko do u\u017cytku zewn\u0119trznego.<\/p>\n<p><strong>Sk\u0142adniki:<\/strong><\/p>\n<p>AQUA\/WATER , CYCLOMETHICONE , ETHYLHEXYL METHOXYCINNAMATE , DIPROPYLENE GLYCOL , ZINC OXIDE,[nano] , CI 77891\/TITANIUM DIOXIDE , PEG,10 DIMETHICONE , METHYL TRIMETHICONE , GLYCERIN , TITANIUM DIOXIDE,[nano] , ETHYLHEXYL SALICYLATE , C12,15 ALKYL BENZOATE , DIMETHICONE , BUTYLENE GLYCOL , DISTEARDIMONIUM HECTORITE , MAGNESIUM SULFATE , VINYL DIMETHICONE\/METHICONE SILSESQUIOXANE CROSSPOLYMER , CENTELLA ASIATICA EXTRACT , CAESALPINIA SPINOSA FRUIT EXTRACT , KAPPAPHYCUS ALVAREZII EXTRACT , TALC , DIMETHICONE\/ VINYL DIMETHICONE CROSSPOLYMER , ALUMINUM HYDROXIDE , TRIHYDROXYSTEARIN , MICA , METHICONE , PALMITIC ACID , STEARIC ACID , TOCOPHERYL ACETATE , ETHYLHEXYLGLYCERIN , POLYESTER,1 , SILICA DIMETHYL SILYLATE , ACETYL TETRAPEPTIDE,5 , TRIETHOXYCAPRYLYLSILANE , PHENOXYETHANOL , CI 77499\/IRON OXIDES , CI 77491\/IRON OXIDES , CI 77492\/IRON OXIDES.<\/p>\n","protected":false},"excerpt":{"rendered":"<p> <strong>Br\u0105zuj\u0105cy:<\/strong> nie<br \/>  <strong>Gramatura:<\/strong> ml<br \/>  <strong>Kolor:<\/strong> Dore<br \/>  <strong>Pojemno\u015b\u0107:<\/strong> 10<br \/>  <strong>P\u0142e\u0107:<\/strong> damski<br \/>  <strong>Roz\u015bwietlaj\u0105cy:<\/strong> tak<br \/>  <strong>SPF:<\/strong> 20<br \/>  <strong>S\u0142o\u0144ce:<\/strong> tak <\/p>\n","protected":false},"featured_media":70126,"comment_status":"open","ping_status":"closed","template":"","meta":{"_acf_changed":false},"kategoria-hurtowni":[277,83,129],"product_brand":[747],"product_cat":[76],"product_tag":[],"class_list":{"0":"post-70125","1":"product","2":"type-product","3":"status-publish","4":"has-post-thumbnail","6":"kategoria-hurtowni-kremy-bb-i-cc","7":"kategoria-hurtowni-makijaz","8":"kategoria-hurtowni-makijaz-twarz","9":"product_brand-erborian","10":"product_cat-primavera","12":"first","13":"outofstock","14":"taxable","15":"shipping-taxable","16":"product-type-simple"},"acf":[],"_links":{"self":[{"href":"https:\/\/premino.pl\/index.php?rest_route=\/wp\/v2\/product\/70125","targetHints":{"allow":["GET"]}}],"collection":[{"href":"https:\/\/premino.pl\/index.php?rest_route=\/wp\/v2\/product"}],"about":[{"href":"https:\/\/premino.pl\/index.php?rest_route=\/wp\/v2\/types\/product"}],"replies":[{"embeddable":true,"href":"https:\/\/premino.pl\/index.php?rest_route=%2Fwp%2Fv2%2Fcomments&post=70125"}],"wp:featuredmedia":[{"embeddable":true,"href":"https:\/\/premino.pl\/index.php?rest_route=\/wp\/v2\/media\/70126"}],"wp:attachment":[{"href":"https:\/\/premino.pl\/index.php?rest_route=%2Fwp%2Fv2%2Fmedia&parent=70125"}],"wp:term":[{"taxonomy":"kategoria-hurtowni","embeddable":true,"href":"https:\/\/premino.pl\/index.php?rest_route=%2Fwp%2Fv2%2Fkategoria-hurtowni&post=70125"},{"taxonomy":"product_brand","embeddable":true,"href":"https:\/\/premino.pl\/index.php?rest_route=%2Fwp%2Fv2%2Fproduct_brand&post=70125"},{"taxonomy":"product_cat","embeddable":true,"href":"https:\/\/premino.pl\/index.php?rest_route=%2Fwp%2Fv2%2Fproduct_cat&post=70125"},{"taxonomy":"product_tag","embeddable":true,"href":"https:\/\/premino.pl\/index.php?rest_route=%2Fwp%2Fv2%2Fproduct_tag&post=70125"}],"curies":[{"name":"wp","href":"https:\/\/api.w.org\/{rel}","templated":true}]}}