{"id":70241,"date":"2026-05-13T20:21:32","date_gmt":"2026-05-13T18:21:32","guid":{"rendered":"https:\/\/premino.pl\/?product=wonder-no-orange-extra-care-szampon-neutralizujacy-cieple-tony-1000ml"},"modified":"2026-05-13T20:21:34","modified_gmt":"2026-05-13T18:21:34","slug":"wonder-no-orange-extra-care-szampon-neutralizujacy-cieple-tony-1000ml","status":"publish","type":"product","link":"https:\/\/premino.pl\/?product=wonder-no-orange-extra-care-szampon-neutralizujacy-cieple-tony-1000ml","title":{"rendered":"Wonder No Orange Extra Care szampon neutralizuj\u0105cy ciep\u0142e tony 1000ml"},"content":{"rendered":"<p>Profesjonalny szampon stworzony z my\u015bl\u0105 o piel\u0119gnacji ciemnych, br\u0105zowych oraz farbowanych w\u0142os\u00f3w. Dzi\u0119ki zaawansowanej formule wzbogaconej o niebieskie pigmenty, skutecznie neutralizuje niechciane miedziane i czerwone tony, przywracaj\u0105c w\u0142osom ch\u0142odny, jednolity kolor. Szampon delikatnie, a zarazem skutecznie oczyszcza w\u0142osy i sk\u00f3r\u0119 g\u0142owy, jednocze\u015bnie chroni\u0105c kolor i przed\u0142u\u017caj\u0105c jego intensywno\u015b\u0107 pomi\u0119dzy kolejnymi koloryzacjami.<\/p>\n<p>\u2022 Wega\u0144ska formu\u0142a<br \/>\u2022 Bez SLS\/SLES i silikon\u00f3w<br \/>\u2022 85% sk\u0142adnik\u00f3w naturalnych<br \/>\u2022 85% biodegradowalny<\/p>\n<p><b>Spos\u00f3b u\u017cycia:\u00a0<\/b>Nanie\u015b niewielk\u0105 ilo\u015b\u0107 szamponu na mokre w\u0142osy i delikatnie wmasuj do uzyskania piany. Pozostaw na 2\u20135 minut, aby niebieskie pigmenty mog\u0142y skutecznie zneutralizowa\u0107 ciep\u0142e tony. Nast\u0119pnie dok\u0142adnie sp\u0142ucz ciep\u0142\u0105 wod\u0105.<\/p>\n<p><strong>Gramatura:<\/strong> ml<br \/>\n<strong>Henna:<\/strong> nie<br \/>\n<strong>Konsystencja:<\/strong> szampon<br \/>\n<strong>Linie elitarne:<\/strong> nie<br \/>\n<strong>Pojemno\u015b\u0107:<\/strong> 1000<br \/>\n<strong>P\u0142e\u0107:<\/strong> damski<br \/>\n<strong>S\u0142o\u0144ce:<\/strong> nie<\/p>\n<p><strong>Uwagi:<\/strong><\/p>\n<p>Unika\u0107 kontaktu z oczami. Je\u015bli produkt dostanie si\u0119 do oczu, natychmiast przemyj je du\u017c\u0105 ilo\u015bci\u0105 czystej wody. Nie po\u0142yka\u0107. Produkt jest przeznaczony wy\u0142\u0105cznie do u\u017cytku zewn\u0119trznego. W przypadku po\u0142kni\u0119cia nale\u017cy natychmiast zasi\u0119gn\u0105\u0107 porady lekarza. Przechowywa\u0107 w miejscu niedost\u0119pnym dla dzieci. Je\u015bli masz alergie lub wra\u017cliw\u0105 sk\u00f3r\u0119, przed u\u017cyciem wykonaj test uczuleniowy (nanie\u015b niewielk\u0105 ilo\u015b\u0107 na sk\u00f3r\u0119 i odczekaj 24 godziny). W przypadku wyst\u0105pienia podra\u017cnienia sk\u00f3ry lub wyst\u0105pienia reakcji niepo\u017c\u0105danych nale\u017cy natychmiast przerwa\u0107 stosowanie produktu i skonsultowa\u0107 si\u0119 z lekarzem. Chroni\u0107 przed bezpo\u015brednim dzia\u0142aniem promieni s\u0142onecznych. Produkt nale\u017cy przechowywa\u0107 w ch\u0142odnym i suchym miejscu, z dala od bezpo\u015bredniego \u015bwiat\u0142a s\u0142onecznego. Nie stosowa\u0107 po up\u0142ywie terminu wa\u017cno\u015bci. Stosowa\u0107 wy\u0142\u0105cznie zgodnie z zaleceniami.<\/p>\n<p><strong>Sk\u0142adniki:<\/strong><\/p>\n<p>Aqua (Water), Ammonium Lauryl Sulfate, Sodium Myreth Sulfate, Sodium Cocoamphoacetate, Lactic Acid, Parfum (Fragrance), Sodium Benzoate, Guar Hydroxypropyltrimonium Chloride, Acid Violet 43, Propanediol, Linalool, Hexyl Cinnamal, Citric Acid, Tartaric Acid, Phenoxyethanol, Ci 42090 (Fd&#038;C Blue 1), Citronellol, Gluconic Acid, Sodium Chloride, Sodium Hydroxide, Ethylhexylglycerin, Triolein, Tocopherol.<\/p>\n","protected":false},"excerpt":{"rendered":"<p> <strong>Gramatura:<\/strong> ml<br \/>  <strong>Henna:<\/strong> nie<br \/>  <strong>Konsystencja:<\/strong> szampon<br \/>  <strong>Linie elitarne:<\/strong> nie<br \/>  <strong>Pojemno\u015b\u0107:<\/strong> 1000<br \/>  <strong>P\u0142e\u0107:<\/strong> damski<br \/>  <strong>S\u0142o\u0144ce:<\/strong> nie <\/p>\n","protected":false},"featured_media":70242,"comment_status":"open","ping_status":"closed","template":"","meta":{"_acf_changed":false},"kategoria-hurtowni":[90,113,112],"product_brand":[414],"product_cat":[76],"product_tag":[],"class_list":{"0":"post-70241","1":"product","2":"type-product","3":"status-publish","4":"has-post-thumbnail","6":"kategoria-hurtowni-pielegnacja","7":"kategoria-hurtowni-szampony","8":"kategoria-hurtowni-wlosy","9":"product_brand-fanola","10":"product_cat-primavera","12":"first","13":"outofstock","14":"taxable","15":"shipping-taxable","16":"product-type-simple"},"acf":[],"_links":{"self":[{"href":"https:\/\/premino.pl\/index.php?rest_route=\/wp\/v2\/product\/70241","targetHints":{"allow":["GET"]}}],"collection":[{"href":"https:\/\/premino.pl\/index.php?rest_route=\/wp\/v2\/product"}],"about":[{"href":"https:\/\/premino.pl\/index.php?rest_route=\/wp\/v2\/types\/product"}],"replies":[{"embeddable":true,"href":"https:\/\/premino.pl\/index.php?rest_route=%2Fwp%2Fv2%2Fcomments&post=70241"}],"wp:featuredmedia":[{"embeddable":true,"href":"https:\/\/premino.pl\/index.php?rest_route=\/wp\/v2\/media\/70242"}],"wp:attachment":[{"href":"https:\/\/premino.pl\/index.php?rest_route=%2Fwp%2Fv2%2Fmedia&parent=70241"}],"wp:term":[{"taxonomy":"kategoria-hurtowni","embeddable":true,"href":"https:\/\/premino.pl\/index.php?rest_route=%2Fwp%2Fv2%2Fkategoria-hurtowni&post=70241"},{"taxonomy":"product_brand","embeddable":true,"href":"https:\/\/premino.pl\/index.php?rest_route=%2Fwp%2Fv2%2Fproduct_brand&post=70241"},{"taxonomy":"product_cat","embeddable":true,"href":"https:\/\/premino.pl\/index.php?rest_route=%2Fwp%2Fv2%2Fproduct_cat&post=70241"},{"taxonomy":"product_tag","embeddable":true,"href":"https:\/\/premino.pl\/index.php?rest_route=%2Fwp%2Fv2%2Fproduct_tag&post=70241"}],"curies":[{"name":"wp","href":"https:\/\/api.w.org\/{rel}","templated":true}]}}