{"id":70335,"date":"2026-05-13T20:22:19","date_gmt":"2026-05-13T18:22:19","guid":{"rendered":"https:\/\/premino.pl\/?product=emulsja-do-mycia-i-demakijazu-twarzy-2w1-easy-going-150ml"},"modified":"2026-05-13T20:22:20","modified_gmt":"2026-05-13T18:22:20","slug":"emulsja-do-mycia-i-demakijazu-twarzy-2w1-easy-going-150ml","status":"publish","type":"product","link":"https:\/\/premino.pl\/?product=emulsja-do-mycia-i-demakijazu-twarzy-2w1-easy-going-150ml","title":{"rendered":"Emulsja do mycia i demakija\u017cu twarzy 2w1 Easy Going 150ml"},"content":{"rendered":"<p>Jestem delikatn\u0105 emulsj\u0105 \u0142\u0105cz\u0105c\u0105 w sobie oleje i \u0142agodne substancje myj\u0105ce, aby Tw\u00f3j demakija\u017c by\u0142 skuteczny, szybki i przyjemny. Poka\u017c\u0119 Ci, \u017ce dwuetapowe oczyszczanie twarzy i demakija\u017c oczu to prosta sprawa i pierwszy krok do zdrowej cery. Na\u0142\u00f3\u017c mnie zwil\u017conymi d\u0142o\u0144mi na twarz, wmasuj i sp\u0142ucz ciep\u0142\u0105 wod\u0105, a pozostawi\u0119 Twoj\u0105 sk\u00f3r\u0119 czyst\u0105, satynowo g\u0142adk\u0105 i roz\u015bwietlon\u0105.<\/p>\n<p><b>Jak pachn\u0119?<\/b><br \/>Delikatnie, owocowo, \u015bwie\u017co\u2026<\/p>\n<p><b>Mam w sobie:<\/b><br \/>> Olej s\u0142onecznikowy (Helianthus Annuus (Sunflower) Seed Oil) &#8211; bogaty w lecytyn\u0119 i witaminy, zmi\u0119kcza i wyg\u0142adza sk\u00f3r\u0119, ma dzia\u0142anie antyoksydacyjne i normalizuj\u0105ce, dobry r\u00f3wnie\u017c dla cery t\u0142ustej i mieszanej (nie zapycha por\u00f3w), dok\u0142adnie oczyszcza sk\u00f3r\u0119, nie naruszaj\u0105c jej bariery ochronnej; skutecznie \u0142\u0105czy si\u0119 z zanieczyszczeniami oraz sebum, aby dok\u0142adnie oczyszcza\u0107 sk\u00f3r\u0119.<br \/>> Ro\u015blinna substancja myj\u0105ca (pochodna kokosa) (Sodium Cocoyl Glutamate) s\u00f3l sodowa kokosowych alkoholi t\u0142uszczowych i kwasu glutaminowego; pochodzenie ro\u015blinne; substancja myj\u0105ca, pianotw\u00f3rcza, surfaktant, \u0142agodny dla sk\u00f3ry.<br \/>> Naturalne ekstrakty z oliwy (Hydrogenated Ethylhexyl Olivate, Hydrogenated Olive Oil Unsaponifiables) \u2013 g\u0142\u0119boko nawil\u017caj\u0105 i odm\u0142adzaj\u0105, roz\u015bwietlaj\u0105 sk\u00f3r\u0119 i zostawiaj\u0105 j\u0105 jedwabi\u015bcie delikatn\u0105 i g\u0142adk\u0105, daj\u0105 efekt podobny do zastosowania silikon\u00f3w, nie daj\u0105c ich skutk\u00f3w ubocznych.<\/p>\n<p><b>98,3%\u00a0sk\u0142adnik\u00f3w pochodzenia naturalnego (ISO 16128)<br \/>100% vegan &#038; cruelty free<\/b><\/p>\n<p><b>Jak mnie u\u017cy\u0107?<\/b><br \/>> Na\u0142\u00f3\u017c emulsj\u0119 wilgotnymi d\u0142o\u0144mi na twarz i masuj kulistymi ruchami, tak\u017ce usta i okolice oczu (EASY GOING dok\u0142adnie usuwa makija\u017c i oczyszcza twarz, rozpuszcza zawarte w makija\u017cu silikony).<br \/>> Zmyj ciep\u0142\u0105 wod\u0105, potem najlepiej powt\u00f3rz i ponownie obficie zmyj wod\u0105.<\/p>\n<p><strong>Dzia\u0142anie:<\/strong> demakija\u017c, nawil\u017caj\u0105ce, oczyszczaj\u0105ce, roz\u015bwietlaj\u0105ce, wyg\u0142adza<br \/>\n<strong>Gramatura:<\/strong> ml<br \/>\n<strong>Konsystencja:<\/strong> emulsja<br \/>\n<strong>Linie elitarne:<\/strong> nie<br \/>\n<strong>Piel\u0119gnacja specyficzna:<\/strong> nie<br \/>\n<strong>Pojemno\u015b\u0107:<\/strong> 150<br \/>\n<strong>Pora stosowania:<\/strong> dowolnie<br \/>\n<strong>P\u0142e\u0107:<\/strong> damski<br \/>\n<strong>S\u0142o\u0144ce:<\/strong> nie<br \/>\n<strong>Typ sk\u00f3ry:<\/strong> mieszana\/t\u0142usta, normalna, sucha<\/p>\n<p><strong>Uwagi:<\/strong><\/p>\n<p>Tylko do u\u017cytku zewn\u0119trznego.<\/p>\n<p><strong>Sk\u0142adniki:<\/strong><\/p>\n<p>Helianthus Annuus Seed Oil [olej s\u0142onecznikowy], Aqua [woda], Sodium Cocoyl Glutamate [ro\u015blinna substancja myj\u0105ca, pochodna kokosa], Hydrogenated Ethylhexyl Olivate [substancja nawil\u017caj\u0105ca, zmi\u0119kczaj\u0105ca], Lauryl Glucoside [delikatny detergent ro\u015blinny], Hydrogenated Olive Oil Unsaponifiables [naturalne ekstrakty z oliwy z oliwek], Polyglyceryl \u20133 PCA [substancja nawil\u017caj\u0105ca], Xanthan Gum [naturalny zag\u0119stnik], Inulin [inulina, prebiotyk], Fructose [fruktoza, naturalny humektant, nawil\u017ca], Lactobacillus Ferment Filtrate [filtrat z fermentacji bakterii Lactobacillus, wspomaga naturaln\u0105 barier\u0119 sk\u00f3ry], Lactic Acid [kwas mlekowy, regulator pH, substancja nawil\u017caj\u0105ca i delikatnie z\u0142uszczaj\u0105ca], Panthenol [prowitamina B5, substancja koj\u0105ca i regeneruj\u0105ca], Gluconolactone [kwas polihydroksylowy (PHA), dzia\u0142a delikatnie z\u0142uszczaj\u0105co i nawil\u017caj\u0105co], Tocopherol [witamina E], Citric Acid [kwas cytrynowy], Parfum [naturalna kompozycja zapachowa]<\/p>\n","protected":false},"excerpt":{"rendered":"<p> <strong>Dzia\u0142anie:<\/strong> demakija\u017c, nawil\u017caj\u0105ce, oczyszczaj\u0105ce, roz\u015bwietlaj\u0105ce, wyg\u0142adza<br \/>  <strong>Gramatura:<\/strong> ml<br \/>  <strong>Konsystencja:<\/strong> emulsja<br \/>  <strong>Linie elitarne:<\/strong> nie<br \/>  <strong>Piel\u0119gnacja specyficzna:<\/strong> nie<br \/>  <strong>Pojemno\u015b\u0107:<\/strong> 150<br \/>  <strong>Pora stosowania:<\/strong> dowolnie<br \/>  <strong>P\u0142e\u0107:<\/strong> damski<br \/>  <strong>S\u0142o\u0144ce:<\/strong> nie<br \/>  <strong>Typ sk\u00f3ry:<\/strong> mieszana\/t\u0142usta, normalna, sucha <\/p>\n","protected":false},"featured_media":70336,"comment_status":"open","ping_status":"closed","template":"","meta":{"_acf_changed":false},"kategoria-hurtowni":[100,101,102],"product_brand":[1117],"product_cat":[76],"product_tag":[],"class_list":{"0":"post-70335","1":"product","2":"type-product","3":"status-publish","4":"has-post-thumbnail","6":"kategoria-hurtowni-eco-bio","7":"kategoria-hurtowni-pielegnacja-twarzy","8":"kategoria-hurtowni-twarz","9":"product_brand-be-the-sky-girl","10":"product_cat-primavera","12":"first","13":"outofstock","14":"taxable","15":"shipping-taxable","16":"product-type-simple"},"acf":[],"_links":{"self":[{"href":"https:\/\/premino.pl\/index.php?rest_route=\/wp\/v2\/product\/70335","targetHints":{"allow":["GET"]}}],"collection":[{"href":"https:\/\/premino.pl\/index.php?rest_route=\/wp\/v2\/product"}],"about":[{"href":"https:\/\/premino.pl\/index.php?rest_route=\/wp\/v2\/types\/product"}],"replies":[{"embeddable":true,"href":"https:\/\/premino.pl\/index.php?rest_route=%2Fwp%2Fv2%2Fcomments&post=70335"}],"wp:featuredmedia":[{"embeddable":true,"href":"https:\/\/premino.pl\/index.php?rest_route=\/wp\/v2\/media\/70336"}],"wp:attachment":[{"href":"https:\/\/premino.pl\/index.php?rest_route=%2Fwp%2Fv2%2Fmedia&parent=70335"}],"wp:term":[{"taxonomy":"kategoria-hurtowni","embeddable":true,"href":"https:\/\/premino.pl\/index.php?rest_route=%2Fwp%2Fv2%2Fkategoria-hurtowni&post=70335"},{"taxonomy":"product_brand","embeddable":true,"href":"https:\/\/premino.pl\/index.php?rest_route=%2Fwp%2Fv2%2Fproduct_brand&post=70335"},{"taxonomy":"product_cat","embeddable":true,"href":"https:\/\/premino.pl\/index.php?rest_route=%2Fwp%2Fv2%2Fproduct_cat&post=70335"},{"taxonomy":"product_tag","embeddable":true,"href":"https:\/\/premino.pl\/index.php?rest_route=%2Fwp%2Fv2%2Fproduct_tag&post=70335"}],"curies":[{"name":"wp","href":"https:\/\/api.w.org\/{rel}","templated":true}]}}