{"id":70341,"date":"2026-05-13T20:22:22","date_gmt":"2026-05-13T18:22:22","guid":{"rendered":"https:\/\/premino.pl\/?product=amino-hydration-serum-ujedrniajace-i-nawilzajace-30ml"},"modified":"2026-05-13T20:22:23","modified_gmt":"2026-05-13T18:22:23","slug":"amino-hydration-serum-ujedrniajace-i-nawilzajace-30ml","status":"publish","type":"product","link":"https:\/\/premino.pl\/?product=amino-hydration-serum-ujedrniajace-i-nawilzajace-30ml","title":{"rendered":"Amino Hydration serum uj\u0119drniaj\u0105ce i nawil\u017caj\u0105ce 30ml"},"content":{"rendered":"<p>Linia  AMINO HYDRATION, to zaawansowana piel\u0119gnacja dla cery normalnej i wra\u017cliwej.  Skuteczna dzi\u0119ki wysokim st\u0119\u017ceniom sk\u0142adnik\u00f3w aktywnych. Efekty widoczne s\u0105  ju\u017c od pierwszego u\u017cycia. Kosmetyki zachwycaj\u0105 przyjemno\u015bci\u0105 stosowania i  pi\u0119knymi zapachami.<\/p>\n<p>    Serum dla cery normalnej i wra\u017cliwej, kt\u00f3rej g\u0142\u00f3wn\u0105 potrzeb\u0105 jest poprawa  j\u0119drno\u015bci i nawil\u017cenia. To silnie skoncentrowany kosmetyk, kt\u00f3ry przywraca  sk\u00f3rze komfort, r\u00f3wnowag\u0119 oraz dodaje jej blasku. Ultra przyjemna, lekka  formu\u0142a sprawia, \u017ce serum b\u0142yskawicznie si\u0119 wch\u0142ania pozostawiaj\u0105c cer\u0119  aksamitnie g\u0142adk\u0105.<\/p>\n<p><b>    Innowacyjna technologia aminokwasowa<\/b><br \/>    To technologia wykorzystuj\u0105ca aminokwasy jako aktywn\u0105 baz\u0119 produktu. Dzi\u0119ki  temu, ju\u017c na poziomie bazy kosmetyk dzia\u0142a aktywnie i jest biozgodny ze  sk\u00f3r\u0105. Zostaje zwi\u0119kszona jego skuteczno\u015b\u0107, a tak\u017ce przyjemno\u015b\u0107  stosowania!<\/p>\n<p><b>    Sk\u0142adniki aktywne:<\/b><br \/>    \u25cf 0,9% peptyd kolagenowy (100% zalecanego st\u0119\u017cenia) \u2013 polipeptyd imituj\u0105cy  swoj\u0105 struktur\u0105 kolagen typu III. Dzia\u0142a w potr\u00f3jnym mechanizmie: dostarcza  kolagen, chroni przed jego degradacj\u0105 i stymuluje jego produkcj\u0119. Skutecznie  redukuje zmarszczki i drobne linie, uj\u0119drnia, nawil\u017ca i poprawia tekstur\u0119  sk\u00f3ry.<br \/>    \u25cf 5% aminokwasy \u2013 kompleks a\u017c 18 aminokwas\u00f3w, naturalnie wyst\u0119puj\u0105cych w  sk\u00f3rze sk\u0142adnik\u00f3w budulcowych peptyd\u00f3w i bia\u0142ek. Nawil\u017caj\u0105 i regeneruj\u0105  sk\u00f3r\u0119,<br \/>    zwi\u0119kszaj\u0105 jej j\u0119drno\u015b\u0107, elastyczno\u015b\u0107 i odporno\u015b\u0107 na uszkodzenia  spowodowane czynnikami zewn\u0119trznymi.<br \/>    \u25cf 2% hyaluron 4D (100% zalecanego st\u0119\u017cenia) \u2013 po\u0142\u0105czenie 4 form kwasu  hialuronowego dla wielowymiarowego efektu nawil\u017cenia, wyg\u0142adzenia, poprawy  j\u0119drno\u015bci i ochrony przed wysychaniem, szorstko\u015bci\u0105 i uczuciem  napi\u0119cia.<\/p>\n<p><b>Dzia\u0142anie  potwierdzone w badaniach aplikacyjnych po 1. u\u017cyciu:<\/b><br \/>    \u2022 natychmiastowo, intensywnie nawil\u017ca,<br \/>    \u2022 odczuwalnie poprawia napi\u0119cie i spr\u0119\u017cysto\u015b\u0107 sk\u00f3ry,<br \/>    \u2022 zmniejsza uczucie szorstko\u015bci.<\/p>\n<p><b>    Dzia\u0142anie potwierdzone w badaniach aplikacyjnych po 4 tyg.  stosowania:<\/b><br \/>    \u2022 zauwa\u017calnie odm\u0142adza sk\u00f3r\u0119,<br \/>    \u2022 zmniejsza widoczno\u015b\u0107 drobnych linii i zmarszczek,<br \/>    \u2022 odczuwalnie zwi\u0119ksza elastyczno\u015b\u0107 i mi\u0119kko\u015b\u0107 sk\u00f3ry.<\/p>\n<p><b>Spos\u00f3b u\u017cycia:<\/b>\u00a0Wstrz\u0105\u015bnij  przed u\u017cyciem! Serum nak\u0142adaj rano i\/lub wieczorem na oczyszczon\u0105 sk\u00f3r\u0119.  Nast\u0119pnie na\u0142\u00f3\u017c krem. Dla najlepszych efekt\u00f3w stosuj razem z innymi  produktami z linii AMINO HYDRATION od UZDROVISCO.<\/p>\n<p><strong>Dla dzieci:<\/strong> Nie<br \/>\n<strong>Dzia\u0142anie:<\/strong> nawil\u017caj\u0105ce, redukuje zmarszczki, uelastycznia, uj\u0119drnia, wyg\u0142adza, zmi\u0119kcza<br \/>\n<strong>Gramatura:<\/strong> ml<br \/>\n<strong>Konsystencja:<\/strong> emulsja<br \/>\n<strong>Linie elitarne:<\/strong> nie<br \/>\n<strong>Piel\u0119gnacja specyficzna:<\/strong> serum<br \/>\n<strong>Pojemno\u015b\u0107:<\/strong> 30<br \/>\n<strong>Pora stosowania:<\/strong> dowolnie<br \/>\n<strong>P\u0142e\u0107:<\/strong> damski<br \/>\n<strong>Rodzaj sk\u00f3ry:<\/strong> wra\u017cliwa<br \/>\n<strong>S\u0142o\u0144ce:<\/strong> nie<br \/>\n<strong>Typ sk\u00f3ry:<\/strong> normalna<\/p>\n<p><strong>Uwagi:<\/strong><\/p>\n<p>Zaprzesta\u0144 stosowania przy wyst\u0105pieniu reakcji niepo\u017c\u0105danych.<\/p>\n<p><strong>Sk\u0142adniki:<\/strong><\/p>\n<p>AQUA,  PROPANEDIOL, ISOAMYL LAURATE, CAPRYLIC\/CAPRIC TRIGLYCERIDE, GLUCONOLACTONE,  ARGININE, BETAINE, CETEARYL ALCOHOL, SODIUM ACETYLATED HYALURONATE, ALANINE,  CYSTEIN, HISTIDINE, ISOLEUCINE, LEUCINE, LYSINE, METHIONINE, PHENYLALANINE,  PROLINE, SERINE, THREONINE, TYROSINE, VALINE, GLYCERIN, SODIUM HYALURONATE,  SH-POLYPEPTIDE-69, GLYCINE, GLUTAMIC ACID, SODIUM HYALURONATE CROSSPOLYMER,  ASPARTIC ACID, HYDROLYZED SODIUM HYALURONATE, LAUROYL LYSINE, SODIUM STEAROYL  GLUTAMATE, HYDROGENATED RAPESEED OIL, HECTORITE, PULLULAN, XANTHAN GUM,  ALLANTOIN, TOCOPHERYL ACETATE, PENTYLENE GLYCOL, 1,2-HEXANEDIOL,  ETHYLHEXYLGLYCERIN, LACTIC ACID, CITRIC ACID, SODIUM BENZOATE, PIROCTONE  OLAMINE, PARFUM, GERANYL ACETATE, HEXAMETHYLINDANOPYRAN, TETRAMETHYL  ACETYLOCTAHYDRONAPHTHALENES<\/p>\n","protected":false},"excerpt":{"rendered":"<p> <strong>Dla dzieci:<\/strong> Nie<br \/>  <strong>Dzia\u0142anie:<\/strong> nawil\u017caj\u0105ce, redukuje zmarszczki, uelastycznia, uj\u0119drnia, wyg\u0142adza, zmi\u0119kcza<br \/>  <strong>Gramatura:<\/strong> ml<br \/>  <strong>Konsystencja:<\/strong> emulsja<br \/>  <strong>Linie elitarne:<\/strong> nie<br \/>  <strong>Piel\u0119gnacja specyficzna:<\/strong> serum<br \/>  <strong>Pojemno\u015b\u0107:<\/strong> 30<br \/>  <strong>Pora stosowania:<\/strong> dowolnie<br \/>  <strong>P\u0142e\u0107:<\/strong> damski<br \/>  <strong>Rodzaj sk\u00f3ry:<\/strong> wra\u017cliwa<br \/>  <strong>S\u0142o\u0144ce:<\/strong> nie<br \/>  <strong>Typ sk\u00f3ry:<\/strong> normalna <\/p>\n","protected":false},"featured_media":70342,"comment_status":"open","ping_status":"closed","template":"","meta":{"_acf_changed":false},"kategoria-hurtowni":[100,101,102],"product_brand":[489],"product_cat":[76],"product_tag":[],"class_list":{"0":"post-70341","1":"product","2":"type-product","3":"status-publish","4":"has-post-thumbnail","6":"kategoria-hurtowni-eco-bio","7":"kategoria-hurtowni-pielegnacja-twarzy","8":"kategoria-hurtowni-twarz","9":"product_brand-uzdrovisco","10":"product_cat-primavera","12":"first","13":"outofstock","14":"taxable","15":"shipping-taxable","16":"product-type-simple"},"acf":[],"_links":{"self":[{"href":"https:\/\/premino.pl\/index.php?rest_route=\/wp\/v2\/product\/70341","targetHints":{"allow":["GET"]}}],"collection":[{"href":"https:\/\/premino.pl\/index.php?rest_route=\/wp\/v2\/product"}],"about":[{"href":"https:\/\/premino.pl\/index.php?rest_route=\/wp\/v2\/types\/product"}],"replies":[{"embeddable":true,"href":"https:\/\/premino.pl\/index.php?rest_route=%2Fwp%2Fv2%2Fcomments&post=70341"}],"wp:featuredmedia":[{"embeddable":true,"href":"https:\/\/premino.pl\/index.php?rest_route=\/wp\/v2\/media\/70342"}],"wp:attachment":[{"href":"https:\/\/premino.pl\/index.php?rest_route=%2Fwp%2Fv2%2Fmedia&parent=70341"}],"wp:term":[{"taxonomy":"kategoria-hurtowni","embeddable":true,"href":"https:\/\/premino.pl\/index.php?rest_route=%2Fwp%2Fv2%2Fkategoria-hurtowni&post=70341"},{"taxonomy":"product_brand","embeddable":true,"href":"https:\/\/premino.pl\/index.php?rest_route=%2Fwp%2Fv2%2Fproduct_brand&post=70341"},{"taxonomy":"product_cat","embeddable":true,"href":"https:\/\/premino.pl\/index.php?rest_route=%2Fwp%2Fv2%2Fproduct_cat&post=70341"},{"taxonomy":"product_tag","embeddable":true,"href":"https:\/\/premino.pl\/index.php?rest_route=%2Fwp%2Fv2%2Fproduct_tag&post=70341"}],"curies":[{"name":"wp","href":"https:\/\/api.w.org\/{rel}","templated":true}]}}