{"id":70489,"date":"2026-05-13T20:23:32","date_gmt":"2026-05-13T18:23:32","guid":{"rendered":"https:\/\/premino.pl\/?product=hypnotizing-fire-swieca-zapachowa-190g"},"modified":"2026-05-13T20:23:33","modified_gmt":"2026-05-13T18:23:33","slug":"hypnotizing-fire-swieca-zapachowa-190g","status":"publish","type":"product","link":"https:\/\/premino.pl\/?product=hypnotizing-fire-swieca-zapachowa-190g","title":{"rendered":"Hypnotizing Fire \u015bwieca zapachowa 190g"},"content":{"rendered":"<p>Podobnie jak delikatny, hipnotyzuj\u0105cy p\u0142omie\u0144, zapach tej \u015bwiecy promieniuje mi\u0119kkim, zmys\u0142owym ciep\u0142em.\u00a0Hypnotizing Fire to zapach uwodzenia, w kt\u00f3rym ciep\u0142o p\u0142omienia spotyka si\u0119 z elegancj\u0105 i zmys\u0142owo\u015bci\u0105.<\/p>\n<p><b>Nuty zapachowe:<br \/><\/b><br \/><b>Nuta g\u0142owy: <\/b>papryczka pimento, go\u017adziki, drzewo pieprzowe<br \/><b>Nuta serca: <\/b>paczula, bu\u0142garska r\u00f3\u017ca, pralina<br \/><b>Nuta bazy: <\/b>wanilia, opoponaks, benzoes<\/p>\n<p><strong>Gramatura:<\/strong> g<br \/>\n<strong>Linia k\u0105pielowa:<\/strong> \u015bwieczka zapachowa<br \/>\n<strong>Nuta bazy:<\/strong> benzoes, opoponaks, wanilia<br \/>\n<strong>Nuta g\u0142owy:<\/strong> drzewo pieprzowe, go\u017adziki, papryczka pimento<br \/>\n<strong>Nuta g\u0142\u00f3wna:<\/strong> ciep\u0142a korzenna , waniliowe<br \/>\n<strong>Nuta serca:<\/strong> bu\u0142garska r\u00f3\u017ca, paczula, pralina<br \/>\n<strong>Pojemno\u015b\u0107:<\/strong> 190<br \/>\n<strong>P\u0142e\u0107:<\/strong> unisex<\/p>\n<p><strong>Uwagi:<\/strong><\/p>\n<p>WA\u017bNE \u2013 \u015aRODKI OSTRO\u017bNO\u015aCI PRZY STOSOWANIU Nie pal \u015bwiecy d\u0142u\u017cej ni\u017c 1,5 godziny na raz. Zapobiegnie to zbyt wysokiemu p\u0142omieniowi, kt\u00f3ry wytwarza dym i mo\u017ce plami\u0107 boki szk\u0142a. U\u017cyj odpowiedniego gasid\u0142a, aby ugasi\u0107 p\u0142omie\u0144. Pozw\u00f3l \u015bwiecy stwardnie\u0107 przed ponownym zapaleniem. Wyprostuj knot w wosku po ka\u017cdym u\u017cyciu, aby uzyska\u0107 r\u00f3wnomierne zu\u017cycie wosku. Regularnie przycinaj knot trymerem (najlepiej o d\u0142ugo\u015bci 5 mm), aby nie przykleja\u0142 si\u0119 do wosku i aby \u015bwieca nie wydziela\u0142a dymu. Utrzymuj wosk w czysto\u015bci, bez zapa\u0142ek i zanieczyszcze\u0144. Nie u\u017cywaj \u015bwiecy, je\u015bli poziom wosku w szkle jest mniejszy ni\u017c 5 mm.\u2022 Nie pozostawiaj pal\u0105cej si\u0119 \u015bwiecy bez nadzoru. Trzymaj z dala od dzieci, zas\u0142on i zwierz\u0105t domowych. Nie przeno\u015b pal\u0105cej si\u0119 \u015bwiecy lub gdy wosk jest jeszcze gor\u0105cy. Poczekaj, a\u017c wosk stwardnieje. Nie umieszczaj \u015bwiecy na powierzchniach wra\u017cliwych na ciep\u0142o, w pobli\u017cu materia\u0142\u00f3w \u0142atwopalnych, otwartego okna lub w pobli\u017cu innych \u015bwiec.<\/p>\n<p><strong>Sk\u0142adniki:<\/strong><\/p>\n<p>wosk ro\u015blinny i<span style=\"color: rgb(0, 0, 0); font-family: \"Helvetica Neue\", Helvetica, Arial, sans-serif; font-size: 14px; font-style: normal; font-variant-ligatures: normal; font-variant-caps: normal; font-weight: 400; letter-spacing: normal; orphans: 2; text-align: start; text-indent: 0px; text-transform: none; widows: 2; word-spacing: 0px; -webkit-text-stroke-width: 0px; white-space: normal; background-color: rgb(255, 255, 255); text-decoration-thickness: initial; text-decoration-style: initial; text-decoration-color: initial; display: inline !important; float: none;\"><span>\u00a0<\/span><\/span>mineralny<\/p>\n","protected":false},"excerpt":{"rendered":"<p> <strong>Gramatura:<\/strong> g<br \/>  <strong>Linia k\u0105pielowa:<\/strong> \u015bwieczka zapachowa<br \/>  <strong>Nuta bazy:<\/strong> benzoes, opoponaks, wanilia<br \/>  <strong>Nuta g\u0142owy:<\/strong> drzewo pieprzowe, go\u017adziki, papryczka pimento<br \/>  <strong>Nuta g\u0142\u00f3wna:<\/strong> ciep\u0142a korzenna , waniliowe<br \/>  <strong>Nuta serca:<\/strong> bu\u0142garska r\u00f3\u017ca, paczula, pralina<br \/>  <strong>Pojemno\u015b\u0107:<\/strong> 190<br \/>  <strong>P\u0142e\u0107:<\/strong> unisex <\/p>\n","protected":false},"featured_media":70490,"comment_status":"open","ping_status":"closed","template":"","meta":{"_acf_changed":false},"kategoria-hurtowni":[120,87],"product_brand":[516],"product_cat":[76],"product_tag":[],"class_list":{"0":"post-70489","1":"product","2":"type-product","3":"status-publish","4":"has-post-thumbnail","6":"kategoria-hurtowni-linia-kapielowa","7":"kategoria-hurtowni-perfumy","8":"product_brand-the-harmonist","9":"product_cat-primavera","11":"first","12":"outofstock","13":"taxable","14":"shipping-taxable","15":"product-type-simple"},"acf":[],"_links":{"self":[{"href":"https:\/\/premino.pl\/index.php?rest_route=\/wp\/v2\/product\/70489","targetHints":{"allow":["GET"]}}],"collection":[{"href":"https:\/\/premino.pl\/index.php?rest_route=\/wp\/v2\/product"}],"about":[{"href":"https:\/\/premino.pl\/index.php?rest_route=\/wp\/v2\/types\/product"}],"replies":[{"embeddable":true,"href":"https:\/\/premino.pl\/index.php?rest_route=%2Fwp%2Fv2%2Fcomments&post=70489"}],"wp:featuredmedia":[{"embeddable":true,"href":"https:\/\/premino.pl\/index.php?rest_route=\/wp\/v2\/media\/70490"}],"wp:attachment":[{"href":"https:\/\/premino.pl\/index.php?rest_route=%2Fwp%2Fv2%2Fmedia&parent=70489"}],"wp:term":[{"taxonomy":"kategoria-hurtowni","embeddable":true,"href":"https:\/\/premino.pl\/index.php?rest_route=%2Fwp%2Fv2%2Fkategoria-hurtowni&post=70489"},{"taxonomy":"product_brand","embeddable":true,"href":"https:\/\/premino.pl\/index.php?rest_route=%2Fwp%2Fv2%2Fproduct_brand&post=70489"},{"taxonomy":"product_cat","embeddable":true,"href":"https:\/\/premino.pl\/index.php?rest_route=%2Fwp%2Fv2%2Fproduct_cat&post=70489"},{"taxonomy":"product_tag","embeddable":true,"href":"https:\/\/premino.pl\/index.php?rest_route=%2Fwp%2Fv2%2Fproduct_tag&post=70489"}],"curies":[{"name":"wp","href":"https:\/\/api.w.org\/{rel}","templated":true}]}}