{"id":71949,"date":"2026-05-13T20:35:40","date_gmt":"2026-05-13T18:35:40","guid":{"rendered":"https:\/\/premino.pl\/?product=chantilly-woda-perfumowana-spray-100ml"},"modified":"2026-05-13T20:35:41","modified_gmt":"2026-05-13T18:35:41","slug":"chantilly-woda-perfumowana-spray-100ml","status":"publish","type":"product","link":"https:\/\/premino.pl\/?product=chantilly-woda-perfumowana-spray-100ml","title":{"rendered":"Chantilly woda perfumowana spray 100ml"},"content":{"rendered":"<p>Chantilly: radosny taniec owoc\u00f3w roz\u015bwietla otwarcie, w kt\u00f3rym rozkosz staje si\u0119 namacalna. Ekscytuj\u0105ca przyjemno\u015b\u0107 nieustannie uwodzi zmys\u0142y, odkrywaj\u0105c czyste, emocjonalne serce kompozycji. Zmys\u0142owe, pe\u0142ne i delikatne zako\u0144czenie otula pudrow\u0105 s\u0142odycz\u0105 i ulotnym, subtelnym blaskiem.<\/p>\n<p><b>Nuty zapachowe:<br \/><\/b><br \/><b>Nuta g\u0142owy: <\/b>truskawka, pomara\u0144cza, melon, mandarynka, bergamotka<br \/><b>Nuta serca: <\/b>nuty kwiatowe, li\u015b\u0107 czarnej porzeczki, kokos, jab\u0142ko<br \/><b>Nuta bazy: <\/b>wanilia, pi\u017cmo, nuty pudrowe<\/p>\n<p><strong>Gramatura:<\/strong> ml<br \/>\n<strong>Linia k\u0105pielowa:<\/strong> nie<br \/>\n<strong>Miniatura:<\/strong> nie<br \/>\n<strong>Nuta bazy:<\/strong> nuty pudrowe, pi\u017cmo, wanilia<br \/>\n<strong>Nuta g\u0142owy:<\/strong> bergamotka, mandarynka, melon, pomara\u0144cza, truskawka<br \/>\n<strong>Nuta g\u0142\u00f3wna:<\/strong> gourmand, kwiatowe, owocowe<br \/>\n<strong>Nuta serca:<\/strong> jab\u0142ko, kokos, li\u015b\u0107 czarnej porzeczki, nuty kwiatowe<br \/>\n<strong>Pojemno\u015b\u0107:<\/strong> 100<br \/>\n<strong>Produkt rzadki:<\/strong> tak<br \/>\n<strong>Pr\u00f3bka:<\/strong> nie<br \/>\n<strong>P\u0142e\u0107:<\/strong> damski<br \/>\n<strong>Rodzaj:<\/strong> woda perfumowana<br \/>\n<strong>Tester:<\/strong> nie<br \/>\n<strong>Zapach alternatywny:<\/strong> nie<br \/>\n<strong>Zestaw:<\/strong> nie<\/p>\n<p><strong>Uwagi:<\/strong><\/p>\n<p>PRODUKT \u0141ATWOPALNY. TYLKO DO U\u017bYTKU ZEWN\u0118TRZNEGO. UNIKA\u0106 KONTAKTU Z OCZAMI. PRZECHOWYWA\u0106 Z DALA OD \u0179R\u00d3DE\u0141 CIEP\u0141A I OGNIA.<\/p>\n<p><strong>Sk\u0142adniki:<\/strong><\/p>\n<p>ALCOHOL DENAT., PARFUM (FRAGRANCE), AQUA (WATER), ALPHA ISOMETHYL IONONE, BENZYL ALCOHOL, BENZYL SALICYLATE, CITRAL, CITRONELLOL, COUMARIN, HYDROXYCITRONELLAL, LIMONENE, LINALOOL.<\/p>\n","protected":false},"excerpt":{"rendered":"<p> <strong>Gramatura:<\/strong> ml<br \/>  <strong>Linia k\u0105pielowa:<\/strong> nie<br \/>  <strong>Miniatura:<\/strong> nie<br \/>  <strong>Nuta bazy:<\/strong> nuty pudrowe, pi\u017cmo, wanilia<br \/>  <strong>Nuta g\u0142owy:<\/strong> bergamotka, mandarynka, melon, pomara\u0144cza, truskawka<br \/>  <strong>Nuta g\u0142\u00f3wna:<\/strong> gourmand, kwiatowe, owocowe<br \/>  <strong>Nuta serca:<\/strong> jab\u0142ko, kokos, li\u015b\u0107 czarnej porzeczki, nuty kwiatowe<br \/>  <strong>Pojemno\u015b\u0107:<\/strong> 100<br \/>  <strong>Produkt rzadki:<\/strong> tak<br \/>  <strong>Pr\u00f3bka:<\/strong> nie<br \/>  <strong>P\u0142e\u0107:<\/strong> damski<br \/>  <strong>Rodzaj:<\/strong> woda perfumowana<br \/>  <strong>Tester:<\/strong> nie<br \/>  <strong>Zapach alternatywny:<\/strong> nie<br \/>  <strong>Zestaw:<\/strong> nie <\/p>\n","protected":false},"featured_media":71950,"comment_status":"open","ping_status":"closed","template":"","meta":{"_acf_changed":false},"kategoria-hurtowni":[87,88],"product_brand":[556],"product_cat":[76],"product_tag":[],"class_list":{"0":"post-71949","1":"product","2":"type-product","3":"status-publish","4":"has-post-thumbnail","6":"kategoria-hurtowni-perfumy","7":"kategoria-hurtowni-zapachy","8":"product_brand-gritti","9":"product_cat-primavera","11":"first","12":"outofstock","13":"taxable","14":"shipping-taxable","15":"product-type-simple"},"acf":[],"_links":{"self":[{"href":"https:\/\/premino.pl\/index.php?rest_route=\/wp\/v2\/product\/71949","targetHints":{"allow":["GET"]}}],"collection":[{"href":"https:\/\/premino.pl\/index.php?rest_route=\/wp\/v2\/product"}],"about":[{"href":"https:\/\/premino.pl\/index.php?rest_route=\/wp\/v2\/types\/product"}],"replies":[{"embeddable":true,"href":"https:\/\/premino.pl\/index.php?rest_route=%2Fwp%2Fv2%2Fcomments&post=71949"}],"wp:featuredmedia":[{"embeddable":true,"href":"https:\/\/premino.pl\/index.php?rest_route=\/wp\/v2\/media\/71950"}],"wp:attachment":[{"href":"https:\/\/premino.pl\/index.php?rest_route=%2Fwp%2Fv2%2Fmedia&parent=71949"}],"wp:term":[{"taxonomy":"kategoria-hurtowni","embeddable":true,"href":"https:\/\/premino.pl\/index.php?rest_route=%2Fwp%2Fv2%2Fkategoria-hurtowni&post=71949"},{"taxonomy":"product_brand","embeddable":true,"href":"https:\/\/premino.pl\/index.php?rest_route=%2Fwp%2Fv2%2Fproduct_brand&post=71949"},{"taxonomy":"product_cat","embeddable":true,"href":"https:\/\/premino.pl\/index.php?rest_route=%2Fwp%2Fv2%2Fproduct_cat&post=71949"},{"taxonomy":"product_tag","embeddable":true,"href":"https:\/\/premino.pl\/index.php?rest_route=%2Fwp%2Fv2%2Fproduct_tag&post=71949"}],"curies":[{"name":"wp","href":"https:\/\/api.w.org\/{rel}","templated":true}]}}