{"id":74200,"date":"2026-05-13T20:55:25","date_gmt":"2026-05-13T18:55:25","guid":{"rendered":"https:\/\/premino.pl\/?product=hero-plyn-micelarny-z-niacynamidem-400ml"},"modified":"2026-05-13T20:55:26","modified_gmt":"2026-05-13T18:55:26","slug":"hero-plyn-micelarny-z-niacynamidem-400ml","status":"publish","type":"product","link":"https:\/\/premino.pl\/?product=hero-plyn-micelarny-z-niacynamidem-400ml","title":{"rendered":"Hero p\u0142yn micelarny z niacynamidem 400ml"},"content":{"rendered":"<p><b>P\u0142yn micelarny z niacynamidem \u2013 skuteczny demakija\u017c i piel\u0119gnacja w jednym!<br \/><\/b>Oczyszczaj sk\u00f3r\u0119 delikatnie, ale skutecznie! Ten p\u0142yn micelarny z niacynamidem usuwa makija\u017c i zanieczyszczenia, jednocze\u015bnie dbaj\u0105c o r\u00f3wnowag\u0119 i odpowiednie nawil\u017cenie cery. Jego lekka formu\u0142a od\u015bwie\u017ca sk\u00f3r\u0119, pozostawiaj\u0105c j\u0105 mi\u0119kk\u0105, g\u0142adk\u0105 i promienn\u0105. Idealny do codziennego demakija\u017cu ka\u017cdego typu cery, szczeg\u00f3lnie mieszanej i t\u0142ustej.<\/p>\n<p><b>Sk\u0142adniki aktywne:<br \/><\/b>\u2022 Niacynamid (witamina B3) \u2013 reguluje wydzielanie sebum, zmniejsza widoczno\u015b\u0107 por\u00f3w, wyr\u00f3wnuje koloryt sk\u00f3ry i zapobiega powstawaniu niedoskona\u0142o\u015bci. Wzmacnia barier\u0119 hydrolipidow\u0105, zapewniaj\u0105c odpowiednie nawil\u017cenie i regeneracj\u0119.<br \/>\u2022 Panthenol, alantoina i betaina \u2013 intensywnie nawil\u017caj\u0105, \u0142agodz\u0105 podra\u017cnienia i koj\u0105 sk\u00f3r\u0119, pozostawiaj\u0105c j\u0105 g\u0142adk\u0105 i od\u015bwie\u017con\u0105.<\/p>\n<p><b>Spos\u00f3b u\u017cycia:<br \/><\/b>Nanie\u015b p\u0142yn na p\u0142atek kosmetyczny i delikatnie przetrzyj sk\u00f3r\u0119 twarzy, szyi i dekoltu. Aby usun\u0105\u0107 makija\u017c oczu, przytrzymaj nas\u0105czony p\u0142atek na zamkni\u0119tej powiece, a nast\u0119pnie delikatnie przesu\u0144 w kierunku rz\u0119s.<\/p>\n<p><strong>Dzia\u0142anie:<\/strong> demakija\u017c, nawil\u017caj\u0105ce, oczyszczaj\u0105ce, wyg\u0142adza, zmi\u0119kcza<br \/>\n<strong>Gramatura:<\/strong> ml<br \/>\n<strong>Konsystencja:<\/strong> p\u0142yn do demakija\u017cu<br \/>\n<strong>Linie elitarne:<\/strong> nie<br \/>\n<strong>Piel\u0119gnacja specyficzna:<\/strong> nie<br \/>\n<strong>Pojemno\u015b\u0107:<\/strong> 400<br \/>\n<strong>Pora stosowania:<\/strong> dowolnie<br \/>\n<strong>P\u0142e\u0107:<\/strong> damski<br \/>\n<strong>S\u0142o\u0144ce:<\/strong> nie<br \/>\n<strong>Typ sk\u00f3ry:<\/strong> mieszana\/t\u0142usta, normalna, sucha<\/p>\n<p><strong>Uwagi:<\/strong><\/p>\n<p>Tylko do u\u017cytku zewn\u0119trznego.<\/p>\n<p><strong>Sk\u0142adniki:<\/strong><\/p>\n<p>Aqua, Glycerin, Polysorbate 20, Decyl Glucoside, Panthenol, Niacinamide, Betaine, Lactic Acid, Allantoin, Benzyl Alcohol, Dehydroacetic Acid, Parfum.<\/p>\n","protected":false},"excerpt":{"rendered":"<p> <strong>Dzia\u0142anie:<\/strong> demakija\u017c, nawil\u017caj\u0105ce, oczyszczaj\u0105ce, wyg\u0142adza, zmi\u0119kcza<br \/>  <strong>Gramatura:<\/strong> ml<br \/>  <strong>Konsystencja:<\/strong> p\u0142yn do demakija\u017cu<br \/>  <strong>Linie elitarne:<\/strong> nie<br \/>  <strong>Piel\u0119gnacja specyficzna:<\/strong> nie<br \/>  <strong>Pojemno\u015b\u0107:<\/strong> 400<br \/>  <strong>Pora stosowania:<\/strong> dowolnie<br \/>  <strong>P\u0142e\u0107:<\/strong> damski<br \/>  <strong>S\u0142o\u0144ce:<\/strong> nie<br \/>  <strong>Typ sk\u00f3ry:<\/strong> mieszana\/t\u0142usta, normalna, sucha <\/p>\n","protected":false},"featured_media":74201,"comment_status":"open","ping_status":"closed","template":"","meta":{"_acf_changed":false},"kategoria-hurtowni":[100,101,102],"product_brand":[865],"product_cat":[76],"product_tag":[],"class_list":{"0":"post-74200","1":"product","2":"type-product","3":"status-publish","4":"has-post-thumbnail","6":"kategoria-hurtowni-eco-bio","7":"kategoria-hurtowni-pielegnacja-twarzy","8":"kategoria-hurtowni-twarz","9":"product_brand-vianek","10":"product_cat-primavera","12":"first","13":"outofstock","14":"taxable","15":"shipping-taxable","16":"product-type-simple"},"acf":[],"_links":{"self":[{"href":"https:\/\/premino.pl\/index.php?rest_route=\/wp\/v2\/product\/74200","targetHints":{"allow":["GET"]}}],"collection":[{"href":"https:\/\/premino.pl\/index.php?rest_route=\/wp\/v2\/product"}],"about":[{"href":"https:\/\/premino.pl\/index.php?rest_route=\/wp\/v2\/types\/product"}],"replies":[{"embeddable":true,"href":"https:\/\/premino.pl\/index.php?rest_route=%2Fwp%2Fv2%2Fcomments&post=74200"}],"wp:featuredmedia":[{"embeddable":true,"href":"https:\/\/premino.pl\/index.php?rest_route=\/wp\/v2\/media\/74201"}],"wp:attachment":[{"href":"https:\/\/premino.pl\/index.php?rest_route=%2Fwp%2Fv2%2Fmedia&parent=74200"}],"wp:term":[{"taxonomy":"kategoria-hurtowni","embeddable":true,"href":"https:\/\/premino.pl\/index.php?rest_route=%2Fwp%2Fv2%2Fkategoria-hurtowni&post=74200"},{"taxonomy":"product_brand","embeddable":true,"href":"https:\/\/premino.pl\/index.php?rest_route=%2Fwp%2Fv2%2Fproduct_brand&post=74200"},{"taxonomy":"product_cat","embeddable":true,"href":"https:\/\/premino.pl\/index.php?rest_route=%2Fwp%2Fv2%2Fproduct_cat&post=74200"},{"taxonomy":"product_tag","embeddable":true,"href":"https:\/\/premino.pl\/index.php?rest_route=%2Fwp%2Fv2%2Fproduct_tag&post=74200"}],"curies":[{"name":"wp","href":"https:\/\/api.w.org\/{rel}","templated":true}]}}