{"id":75254,"date":"2026-05-13T21:05:02","date_gmt":"2026-05-13T19:05:02","guid":{"rendered":"https:\/\/premino.pl\/?product=hooked-pour-homme-woda-perfumowana-spray-100ml"},"modified":"2026-05-13T21:05:04","modified_gmt":"2026-05-13T19:05:04","slug":"hooked-pour-homme-woda-perfumowana-spray-100ml","status":"publish","type":"product","link":"https:\/\/premino.pl\/?product=hooked-pour-homme-woda-perfumowana-spray-100ml","title":{"rendered":"Hooked Pour Homme woda perfumowana spray 100ml"},"content":{"rendered":"<p>Nazwa zapachu &#8222;Hooked&#8221; nie jest przypadkowa \u2013 to esencja stworzona dla m\u0119\u017cczyzny, kt\u00f3ry przyci\u0105ga uwag\u0119, intryguje i pozostaje w pami\u0119ci. Tworz\u0105c magnetyczn\u0105 aur\u0119 pewno\u015bci siebie i elegancji zapach od Rue Broca to nieprzypadkowy aromat jakich wiele. To jedyna w swoim rodzaju mieszanka uzupe\u0142niaj\u0105ca wybitn\u0105 osobowo\u015b\u0107 i jej niezr\u00f3wnany styl.\u00a0<\/p>\n<p><b>Nuty zapachowe:<br \/><\/b><br \/><b>Nuta g\u0142owy: <\/b>karmel, sza\u0142wia muszkato\u0142owa<br \/><b>Nuta serca: <\/b>bursztyn, cytrusy, wanilia<br \/><b>Nuta bazy: <\/b>fasolka tonka, wetyweria<\/p>\n<p><strong>Gramatura:<\/strong> ml<br \/>\n<strong>Linia k\u0105pielowa:<\/strong> nie<br \/>\n<strong>Miniatura:<\/strong> nie<br \/>\n<strong>Nuta bazy:<\/strong> fasolka tonka, wetyweria<br \/>\n<strong>Nuta g\u0142owy:<\/strong> karmel, sza\u0142wia muszkato\u0142owa<br \/>\n<strong>Nuta g\u0142\u00f3wna:<\/strong> orientalne, waniliowe<br \/>\n<strong>Nuta serca:<\/strong> bursztyn, cytrusy, wanilia<br \/>\n<strong>Pojemno\u015b\u0107:<\/strong> 100<br \/>\n<strong>Produkt rzadki:<\/strong> nie<br \/>\n<strong>Pr\u00f3bka:<\/strong> nie<br \/>\n<strong>P\u0142e\u0107:<\/strong> m\u0119ski<br \/>\n<strong>Rodzaj:<\/strong> woda perfumowana<br \/>\n<strong>Tester:<\/strong> nie<br \/>\n<strong>Zapach alternatywny:<\/strong> nie<br \/>\n<strong>Zestaw:<\/strong> nie<\/p>\n<p><strong>Uwagi:<\/strong><\/p>\n<p>ALCOHOL DENAT, AQUA (DM WATER), PARFUMS, CITRAL, BENZYL BENZOATE, ALPHA-ISOMETHYL IONONE, EUGENOL, D-LIMONENE, GERANIOL, ISO EUGENOL, LINALOOL<\/p>\n<p><strong>Sk\u0142adniki:<\/strong><\/p>\n<p>Produkt przechowywa\u0107 z dala od ognia i \u017ar\u00f3de\u0142 ciep\u0142a. Trzyma\u0107 w miejscu niedost\u0119pnym dla dzieci. Nie stosowa\u0107 na podra\u017cnion\u0105 lub uszkodzon\u0105 sk\u00f3r\u0119. Unika\u0107 kontaktu z oczami.<\/p>\n","protected":false},"excerpt":{"rendered":"<p> <strong>Gramatura:<\/strong> ml<br \/>  <strong>Linia k\u0105pielowa:<\/strong> nie<br \/>  <strong>Miniatura:<\/strong> nie<br \/>  <strong>Nuta bazy:<\/strong> fasolka tonka, wetyweria<br \/>  <strong>Nuta g\u0142owy:<\/strong> karmel, sza\u0142wia muszkato\u0142owa<br \/>  <strong>Nuta g\u0142\u00f3wna:<\/strong> orientalne, waniliowe<br \/>  <strong>Nuta serca:<\/strong> bursztyn, cytrusy, wanilia<br \/>  <strong>Pojemno\u015b\u0107:<\/strong> 100<br \/>  <strong>Produkt rzadki:<\/strong> nie<br \/>  <strong>Pr\u00f3bka:<\/strong> nie<br \/>  <strong>P\u0142e\u0107:<\/strong> m\u0119ski<br \/>  <strong>Rodzaj:<\/strong> woda perfumowana<br \/>  <strong>Tester:<\/strong> nie<br \/>  <strong>Zapach alternatywny:<\/strong> nie<br \/>  <strong>Zestaw:<\/strong> nie <\/p>\n","protected":false},"featured_media":75255,"comment_status":"open","ping_status":"closed","template":"","meta":{"_acf_changed":false},"kategoria-hurtowni":[87,88],"product_brand":[599],"product_cat":[76],"product_tag":[],"class_list":{"0":"post-75254","1":"product","2":"type-product","3":"status-publish","4":"has-post-thumbnail","6":"kategoria-hurtowni-perfumy","7":"kategoria-hurtowni-zapachy","8":"product_brand-rue-broca","9":"product_cat-primavera","11":"first","12":"outofstock","13":"taxable","14":"shipping-taxable","15":"product-type-simple"},"acf":[],"_links":{"self":[{"href":"https:\/\/premino.pl\/index.php?rest_route=\/wp\/v2\/product\/75254","targetHints":{"allow":["GET"]}}],"collection":[{"href":"https:\/\/premino.pl\/index.php?rest_route=\/wp\/v2\/product"}],"about":[{"href":"https:\/\/premino.pl\/index.php?rest_route=\/wp\/v2\/types\/product"}],"replies":[{"embeddable":true,"href":"https:\/\/premino.pl\/index.php?rest_route=%2Fwp%2Fv2%2Fcomments&post=75254"}],"wp:featuredmedia":[{"embeddable":true,"href":"https:\/\/premino.pl\/index.php?rest_route=\/wp\/v2\/media\/75255"}],"wp:attachment":[{"href":"https:\/\/premino.pl\/index.php?rest_route=%2Fwp%2Fv2%2Fmedia&parent=75254"}],"wp:term":[{"taxonomy":"kategoria-hurtowni","embeddable":true,"href":"https:\/\/premino.pl\/index.php?rest_route=%2Fwp%2Fv2%2Fkategoria-hurtowni&post=75254"},{"taxonomy":"product_brand","embeddable":true,"href":"https:\/\/premino.pl\/index.php?rest_route=%2Fwp%2Fv2%2Fproduct_brand&post=75254"},{"taxonomy":"product_cat","embeddable":true,"href":"https:\/\/premino.pl\/index.php?rest_route=%2Fwp%2Fv2%2Fproduct_cat&post=75254"},{"taxonomy":"product_tag","embeddable":true,"href":"https:\/\/premino.pl\/index.php?rest_route=%2Fwp%2Fv2%2Fproduct_tag&post=75254"}],"curies":[{"name":"wp","href":"https:\/\/api.w.org\/{rel}","templated":true}]}}