{"id":75808,"date":"2026-05-13T21:09:59","date_gmt":"2026-05-13T19:09:59","guid":{"rendered":"https:\/\/premino.pl\/?product=dermo-body-enzyme-zel-esencja-pod-prysznic-195ml"},"modified":"2026-05-13T21:09:59","modified_gmt":"2026-05-13T19:09:59","slug":"dermo-body-enzyme-zel-esencja-pod-prysznic-195ml","status":"publish","type":"product","link":"https:\/\/premino.pl\/?product=dermo-body-enzyme-zel-esencja-pod-prysznic-195ml","title":{"rendered":"Dermo Body Enzyme \u017cel-esencja pod prysznic 195ml"},"content":{"rendered":"<p><b>Enzymatyczna Rewolucja<br \/><\/b>Myje i jednocze\u015bnie piel\u0119gnuje sk\u00f3r\u0119, \u0142\u0105cz\u0105c dzia\u0142anie delikatnego peelingu enzymatyczno-kwasowego, idealnego do codziennego stosowania. Oczyszcza i \u0142agodnie z\u0142uszcza martwy nask\u00f3rek, ods\u0142aniaj\u0105c efekt nowej sk\u00f3ry, dzie\u0144 po dniu.<\/p>\n<p>Chroni przed powstawaniem niedoskona\u0142o\u015bci na ciele, zw\u0142aszcza na plecach, ramionach i dekolcie. Redukuje szary koloryt sk\u00f3ry oraz widoczno\u015b\u0107 \u015blad\u00f3w po niedoskona\u0142o\u015bciach. Reguluje wydzielanie sebum, pozostawiaj\u0105c uczucie \u015bwie\u017co\u015bci, a tropikalny, owocowy zapach pot\u0119guje uczucie od\u015bwie\u017cenia.<\/p>\n<p><b>Ma\u0142e wielkie sk\u0142adniki:<\/b>\u00a0torf to\u0142pa, papaina, bromelaina, keratolina, kwas glikolowy, kwas migda\u0142owy.<\/p>\n<p><b>Spos\u00f3b u\u017cycia: <\/b>nanie\u015b \u017cel-esencj\u0119 na wilgotn\u0105 sk\u00f3r\u0119 i masuj a\u017c do uzyskania delikatnej piany. Nast\u0119pnie sp\u0142ucz wod\u0105. Stosuj rano i wieczorem lub w zale\u017cno\u015bci od potrzeb.<\/p>\n<p><strong>Dzia\u0142anie:<\/strong> chroni, oczyszczaj\u0105ce, od\u015bwie\u017ca, wyg\u0142adza, zmi\u0119kcza, z\u0142uszcza martwy nask\u00f3rek<br \/>\n<strong>Gramatura:<\/strong> ml<br \/>\n<strong>Konsystencja:<\/strong> \u017cel<br \/>\n<strong>Linie elitarne:<\/strong> nie<br \/>\n<strong>Lokalizacja:<\/strong> ca\u0142e cia\u0142o<br \/>\n<strong>Piel\u0119gnacja cia\u0142a:<\/strong> tak<br \/>\n<strong>Pojemno\u015b\u0107:<\/strong> 195<br \/>\n<strong>P\u0142e\u0107:<\/strong> damski<br \/>\n<strong>S\u0142o\u0144ce:<\/strong> nie<\/p>\n<p><strong>Uwagi:<\/strong><\/p>\n<p>Unika\u0107 kontaktu z oczami.<\/p>\n<p><strong>Sk\u0142adniki:<\/strong><\/p>\n<p>Aqua, Lauryl Glucoside, Sodium Coco-Sulfate, Peat Extract, Bacillus Ferment, Papain, Bromelain, Mandelic Acid, Glycolic Acid, Glycerin, Parfum, Potassium Sorbate, Methylpropanediol, Caprylyl Glycol, Propylene Glycol, Benzoic Acid<\/p>\n","protected":false},"excerpt":{"rendered":"<p> <strong>Dzia\u0142anie:<\/strong> chroni, oczyszczaj\u0105ce, od\u015bwie\u017ca, wyg\u0142adza, zmi\u0119kcza, z\u0142uszcza martwy nask\u00f3rek<br \/>  <strong>Gramatura:<\/strong> ml<br \/>  <strong>Konsystencja:<\/strong> \u017cel<br \/>  <strong>Linie elitarne:<\/strong> nie<br \/>  <strong>Lokalizacja:<\/strong> ca\u0142e cia\u0142o<br \/>  <strong>Piel\u0119gnacja cia\u0142a:<\/strong> tak<br \/>  <strong>Pojemno\u015b\u0107:<\/strong> 195<br \/>  <strong>P\u0142e\u0107:<\/strong> damski<br \/>  <strong>S\u0142o\u0144ce:<\/strong> nie <\/p>\n","protected":false},"featured_media":75809,"comment_status":"open","ping_status":"closed","template":"","meta":{"_acf_changed":false},"kategoria-hurtowni":[211,212],"product_brand":[434],"product_cat":[76],"product_tag":[],"class_list":{"0":"post-75808","1":"product","2":"type-product","3":"status-publish","4":"has-post-thumbnail","6":"kategoria-hurtowni-dermokosmetyki","7":"kategoria-hurtowni-pielegnacja-ciala-dermokosmetyki","8":"product_brand-tolpa","9":"product_cat-primavera","11":"first","12":"outofstock","13":"taxable","14":"shipping-taxable","15":"product-type-simple"},"acf":[],"_links":{"self":[{"href":"https:\/\/premino.pl\/index.php?rest_route=\/wp\/v2\/product\/75808","targetHints":{"allow":["GET"]}}],"collection":[{"href":"https:\/\/premino.pl\/index.php?rest_route=\/wp\/v2\/product"}],"about":[{"href":"https:\/\/premino.pl\/index.php?rest_route=\/wp\/v2\/types\/product"}],"replies":[{"embeddable":true,"href":"https:\/\/premino.pl\/index.php?rest_route=%2Fwp%2Fv2%2Fcomments&post=75808"}],"wp:featuredmedia":[{"embeddable":true,"href":"https:\/\/premino.pl\/index.php?rest_route=\/wp\/v2\/media\/75809"}],"wp:attachment":[{"href":"https:\/\/premino.pl\/index.php?rest_route=%2Fwp%2Fv2%2Fmedia&parent=75808"}],"wp:term":[{"taxonomy":"kategoria-hurtowni","embeddable":true,"href":"https:\/\/premino.pl\/index.php?rest_route=%2Fwp%2Fv2%2Fkategoria-hurtowni&post=75808"},{"taxonomy":"product_brand","embeddable":true,"href":"https:\/\/premino.pl\/index.php?rest_route=%2Fwp%2Fv2%2Fproduct_brand&post=75808"},{"taxonomy":"product_cat","embeddable":true,"href":"https:\/\/premino.pl\/index.php?rest_route=%2Fwp%2Fv2%2Fproduct_cat&post=75808"},{"taxonomy":"product_tag","embeddable":true,"href":"https:\/\/premino.pl\/index.php?rest_route=%2Fwp%2Fv2%2Fproduct_tag&post=75808"}],"curies":[{"name":"wp","href":"https:\/\/api.w.org\/{rel}","templated":true}]}}