{"id":76066,"date":"2026-05-13T21:13:21","date_gmt":"2026-05-13T19:13:21","guid":{"rendered":"https:\/\/premino.pl\/?product=this-is-really-him-woda-toaletowa-spray-50ml"},"modified":"2026-05-13T21:13:21","modified_gmt":"2026-05-13T19:13:21","slug":"this-is-really-him-woda-toaletowa-spray-50ml","status":"publish","type":"product","link":"https:\/\/premino.pl\/?product=this-is-really-him-woda-toaletowa-spray-50ml","title":{"rendered":"This Is Really Him! woda toaletowa spray 50ml"},"content":{"rendered":"<p>Butelka perfum, kt\u00f3ra \u0142amie konwencje. Butelka This Is Really Him! jest tak luksusowa, jak i wywrotowa &#8211; sk\u0105pana w odwa\u017cnym srebrnym odcieniu, inspirowanym o\u017cywczymi barwami niezapomnianej paryskiej nocy. Kultowa etykieta ZADIG&#038;VOLTAIRE wyko\u0144czona w metalicznym stylu, idealnie wsp\u00f3\u0142gra z metalicznym akordem kompozycji, podkre\u015blaj\u0105c odwa\u017cn\u0105 i eleganck\u0105 estetyk\u0119 marki Zadig.<\/p>\n<p><b>Nuty zapachowe:<br \/><\/b><br \/><b>Nuta g\u0142owy: <\/b>grejpfrut, cytryna<br \/><b>Nuta serca: <\/b>nuty metaliczne, kwiat pomara\u0144czy<br \/><b>Nuta bazy: <\/b>gwajakowiec lekarski, drzewo bursztynowe, drzewo gwajakowe, bursztyn<\/p>\n<p><strong>Gramatura:<\/strong> ml<br \/>\n<strong>Linia k\u0105pielowa:<\/strong> nie<br \/>\n<strong>Miniatura:<\/strong> nie<br \/>\n<strong>Nuta bazy:<\/strong> bursztyn, drzewo bursztynowe, drzewo gwajakowe, gwajakowiec lekarski<br \/>\n<strong>Nuta g\u0142owy:<\/strong> cytryna, grejpfrut<br \/>\n<strong>Nuta g\u0142\u00f3wna:<\/strong> cytrusowe, drzewne<br \/>\n<strong>Nuta serca:<\/strong> kwiat pomara\u0144czy, nuty metaliczne<br \/>\n<strong>Pojemno\u015b\u0107:<\/strong> 50<br \/>\n<strong>Produkt rzadki:<\/strong> nie<br \/>\n<strong>Pr\u00f3bka:<\/strong> nie<br \/>\n<strong>P\u0142e\u0107:<\/strong> m\u0119ski<br \/>\n<strong>Rodzaj:<\/strong> woda toaletowa<br \/>\n<strong>Tester:<\/strong> nie<br \/>\n<strong>Zapach alternatywny:<\/strong> nie<br \/>\n<strong>Zestaw:<\/strong> nie<\/p>\n<p><strong>Uwagi:<\/strong><\/p>\n<p>Produkt przechowywa\u0107 z dala od ognia i \u017ar\u00f3de\u0142 ciep\u0142a. Trzyma\u0107 w miejscu niedost\u0119pnym dla dzieci. Nie stosowa\u0107 na podra\u017cnion\u0105 lub uszkodzon\u0105 sk\u00f3r\u0119. Unika\u0107 kontaktu z oczami.<\/p>\n<p><strong>Sk\u0142adniki:<\/strong><\/p>\n<p>alcohol, parfum (fragrance), aqua (water), butyl methoxydibenzoylmethane, diethylamino hydroxybenzoyl hexyl benzoate, limonene, linalool, citronellol, citric acid, coumarin, geraniol, cinnamal, citral, ci 60730 (ext. violet 2), ci 14700 (red 4), ci 42090 (blue 1), ci 19140 (yellow 5)<\/p>\n","protected":false},"excerpt":{"rendered":"<p> <strong>Gramatura:<\/strong> ml<br \/>  <strong>Linia k\u0105pielowa:<\/strong> nie<br \/>  <strong>Miniatura:<\/strong> nie<br \/>  <strong>Nuta bazy:<\/strong> bursztyn, drzewo bursztynowe, drzewo gwajakowe, gwajakowiec lekarski<br \/>  <strong>Nuta g\u0142owy:<\/strong> cytryna, grejpfrut<br \/>  <strong>Nuta g\u0142\u00f3wna:<\/strong> cytrusowe, drzewne<br \/>  <strong>Nuta serca:<\/strong> kwiat pomara\u0144czy, nuty metaliczne<br \/>  <strong>Pojemno\u015b\u0107:<\/strong> 50<br \/>  <strong>Produkt rzadki:<\/strong> nie<br \/>  <strong>Pr\u00f3bka:<\/strong> nie<br \/>  <strong>P\u0142e\u0107:<\/strong> m\u0119ski<br \/>  <strong>Rodzaj:<\/strong> woda toaletowa<br \/>  <strong>Tester:<\/strong> nie<br \/>  <strong>Zapach alternatywny:<\/strong> nie<br \/>  <strong>Zestaw:<\/strong> nie <\/p>\n","protected":false},"featured_media":76067,"comment_status":"open","ping_status":"closed","template":"","meta":{"_acf_changed":false},"kategoria-hurtowni":[87,88],"product_brand":[637],"product_cat":[76],"product_tag":[],"class_list":{"0":"post-76066","1":"product","2":"type-product","3":"status-publish","4":"has-post-thumbnail","6":"kategoria-hurtowni-perfumy","7":"kategoria-hurtowni-zapachy","8":"product_brand-zadigvoltaire","9":"product_cat-primavera","11":"first","12":"outofstock","13":"taxable","14":"shipping-taxable","15":"product-type-simple"},"acf":[],"_links":{"self":[{"href":"https:\/\/premino.pl\/index.php?rest_route=\/wp\/v2\/product\/76066","targetHints":{"allow":["GET"]}}],"collection":[{"href":"https:\/\/premino.pl\/index.php?rest_route=\/wp\/v2\/product"}],"about":[{"href":"https:\/\/premino.pl\/index.php?rest_route=\/wp\/v2\/types\/product"}],"replies":[{"embeddable":true,"href":"https:\/\/premino.pl\/index.php?rest_route=%2Fwp%2Fv2%2Fcomments&post=76066"}],"wp:featuredmedia":[{"embeddable":true,"href":"https:\/\/premino.pl\/index.php?rest_route=\/wp\/v2\/media\/76067"}],"wp:attachment":[{"href":"https:\/\/premino.pl\/index.php?rest_route=%2Fwp%2Fv2%2Fmedia&parent=76066"}],"wp:term":[{"taxonomy":"kategoria-hurtowni","embeddable":true,"href":"https:\/\/premino.pl\/index.php?rest_route=%2Fwp%2Fv2%2Fkategoria-hurtowni&post=76066"},{"taxonomy":"product_brand","embeddable":true,"href":"https:\/\/premino.pl\/index.php?rest_route=%2Fwp%2Fv2%2Fproduct_brand&post=76066"},{"taxonomy":"product_cat","embeddable":true,"href":"https:\/\/premino.pl\/index.php?rest_route=%2Fwp%2Fv2%2Fproduct_cat&post=76066"},{"taxonomy":"product_tag","embeddable":true,"href":"https:\/\/premino.pl\/index.php?rest_route=%2Fwp%2Fv2%2Fproduct_tag&post=76066"}],"curies":[{"name":"wp","href":"https:\/\/api.w.org\/{rel}","templated":true}]}}