{"id":79843,"date":"2026-05-13T21:59:02","date_gmt":"2026-05-13T19:59:02","guid":{"rendered":"https:\/\/premino.pl\/?product=wellman-suplement-diety-wspierajacy-zdrowie-mezczyzn-60-zelek"},"modified":"2026-05-13T21:59:02","modified_gmt":"2026-05-13T19:59:02","slug":"wellman-suplement-diety-wspierajacy-zdrowie-mezczyzn-60-zelek","status":"publish","type":"product","link":"https:\/\/premino.pl\/?product=wellman-suplement-diety-wspierajacy-zdrowie-mezczyzn-60-zelek","title":{"rendered":"Wellman suplement diety wspieraj\u0105cy zdrowie m\u0119\u017cczyzn 60 \u017celek"},"content":{"rendered":"<p>Wellman\u00ae  Gummies zosta\u0142y opracowane, aby wspiera\u0107 zdrowie m\u0119\u017cczyzn w ka\u017cdym wieku.  Idealne dla tych, kt\u00f3rzy prowadz\u0105 aktywny i intensywny tryb \u017cycia. W  przeciwie\u0144stwie do og\u00f3lnych multiwitamin, poziomy sk\u0142adnik\u00f3w od\u017cywczych  zosta\u0142y specjalnie dostosowane do potrzeb m\u0119\u017cczyzn.<\/p>\n<p><b>Zdrowie m\u0119\u017cczyzn:<\/b><br \/>    Cynk przyczynia si\u0119 do normalnej reprodukcji oraz utrzymania prawid\u0142owych  poziom\u00f3w testosteronu we krwi.<\/p>\n<p><b>Intensywny styl \u017cycia:<\/b><br \/>    Niezale\u017cnie od tego, co przynosi \u017cycie! W biurze, na si\u0142owni czy po prostu  w codziennym \u017cyciu\u2026 chcesz by\u0107 na szczycie swoich mo\u017cliwo\u015bci. Wellman Gummies  oferuj\u0105 kompleksowe wsparcie \u017cywieniowe dla m\u0119\u017cczyzn, kt\u00f3rzy pragn\u0105 mie\u0107  wszystko.<\/p>\n<p><b>Stosowanie:\u00a0<\/b>\u017buj trzy \u017celki dziennie z g\u0142\u00f3wnym posi\u0142kiem.<br \/>Nie przekraczaj zalecanej dawki. Ta kompleksowa formu\u0142a zast\u0119puje inne  multikwasowe preparaty Wellman\u00ae. Nie ma potrzeby stosowania dodatkowych  suplement\u00f3w witaminowych.<\/p>\n<p><strong>Forma podania:<\/strong> kapsu\u0142ki<br \/>\n<strong>Gramatura:<\/strong> sztuka<br \/>\n<strong>Pojemno\u015b\u0107:<\/strong> 60<br \/>\n<strong>P\u0142e\u0107:<\/strong> m\u0119ski<br \/>\n<strong>Rodzaj:<\/strong> witaminy i minera\u0142y<\/p>\n<p><strong>Uwagi:<\/strong><\/p>\n<p>Ostrze\u017cenia: Suplementy diety nie mog\u0105 by\u0107 stosowane jako zamiennik zr\u00f3\u017cnicowanej diety. Pami\u0119taj o zr\u00f3\u017cnicowanej i zbilansowanej diecie oraz zdrowym stylu \u017cycia. Przed u\u017cyciem skonsultuj si\u0119 z lekarzem lub farmaceut\u0105, je\u015bli jeste\u015b pod nadzorem lekarza, masz epilepsj\u0119, chorob\u0119 tarczycy, hemochromatoz\u0119, cierpisz na alergie pokarmowe lub jeste\u015b uczulony na kt\u00f3rykolwiek ze sk\u0142adnik\u00f3w. Nieodpowiedni dla dzieci. Nie spo\u017cywa\u0107 na czczo. Ten produkt zawiera \u017celazo, kt\u00f3re, je\u015bli spo\u017cyte w nadmiarze mo\u017ce by\u0107 bardzo szkodliwe dla ma\u0142ych dzieci. Nie spo\u017cywaj, je\u015bli plomba zabezpieczaj\u0105ca jest popsuta. Najlepiej spo\u017cy\u0107 przed ko\u0144cem: data i numer partii patrz z boku opakowania. Przechowywa\u0107 w temperaturze poni\u017cej 25\u00b0C w suchym miejscu, w spos\u00f3b niedost\u0119pny dla ma\u0142ych dzieci. Po otwarciu spo\u017cy\u0107 w ci\u0105gu 45 dni.<\/p>\n<p><strong>Sk\u0142adniki:<\/strong><\/p>\n<p>Sk\u0142adniki: syrop glukozowy (z pszenicy), cukier, fruktooligosacharydy,  substancja \u017celuj\u0105ca: pektyny; witaminy i sk\u0142adniki od\u017cywcze [niacyna (amid kwasu  nikotynowego), selen (selenian (VI) sodu); \u017celazo (pirofosforan \u017celaza (III)), cynk (cytrynian cynku), kwas pantotenowy (D-pantotenian wapnia), jod (jodek potasu), bioawonoidy,  koenzym Q 10, witamina A (octan retinylu, beta-karoten), ekstrakt z korzenia eleuterokoka  kolczastego (\u017ce\u0144-szenia syberyjskiego) (Eleutherococcus senticosus), witamina D  (cholekalcyferol), witamina B6 (chlorowodorek pirydoksyny), tiamina (chlorowodorek  tiaminy), ryboawina, witamina B12 (cyjanokobalamina), mied\u017a (cytrynian miedzi (II)), chrom  (pikolinian chromu), kwas foliowy (kwas pteroilomonoglutaminowy), biotyna (D-biotyna)],  naturalny aromat pomara\u0144czowy, regulatory kwasowo\u015bci: kwas cytrynowy, cytryniany sodu;  witamina C (kwas L-askorbinowy), witamina E (octan D-alfa-tokoferylu), przeciwutleniacz:  mieszanina tokoferoli; otoczka \u017celki (oleje ro\u015blinne (kokosowy, rzepakowy), substancja  glazuruj\u0105ca: wosk carnauba; przeciwutleniacz: alfa-tokoferol).<\/p>\n","protected":false},"excerpt":{"rendered":"<p> <strong>Forma podania:<\/strong> kapsu\u0142ki<br \/>  <strong>Gramatura:<\/strong> sztuka<br \/>  <strong>Pojemno\u015b\u0107:<\/strong> 60<br \/>  <strong>P\u0142e\u0107:<\/strong> m\u0119ski<br \/>  <strong>Rodzaj:<\/strong> witaminy i minera\u0142y <\/p>\n","protected":false},"featured_media":79844,"comment_status":"open","ping_status":"closed","template":"","meta":{"_acf_changed":false},"kategoria-hurtowni":[206,205],"product_brand":[1209],"product_cat":[76],"product_tag":[],"class_list":{"0":"post-79843","1":"product","2":"type-product","3":"status-publish","4":"has-post-thumbnail","6":"kategoria-hurtowni-suplementy-diety","7":"kategoria-hurtowni-zdrowie","8":"product_brand-vitabiotics","9":"product_cat-primavera","11":"first","12":"outofstock","13":"taxable","14":"shipping-taxable","15":"product-type-simple"},"acf":[],"_links":{"self":[{"href":"https:\/\/premino.pl\/index.php?rest_route=\/wp\/v2\/product\/79843","targetHints":{"allow":["GET"]}}],"collection":[{"href":"https:\/\/premino.pl\/index.php?rest_route=\/wp\/v2\/product"}],"about":[{"href":"https:\/\/premino.pl\/index.php?rest_route=\/wp\/v2\/types\/product"}],"replies":[{"embeddable":true,"href":"https:\/\/premino.pl\/index.php?rest_route=%2Fwp%2Fv2%2Fcomments&post=79843"}],"wp:featuredmedia":[{"embeddable":true,"href":"https:\/\/premino.pl\/index.php?rest_route=\/wp\/v2\/media\/79844"}],"wp:attachment":[{"href":"https:\/\/premino.pl\/index.php?rest_route=%2Fwp%2Fv2%2Fmedia&parent=79843"}],"wp:term":[{"taxonomy":"kategoria-hurtowni","embeddable":true,"href":"https:\/\/premino.pl\/index.php?rest_route=%2Fwp%2Fv2%2Fkategoria-hurtowni&post=79843"},{"taxonomy":"product_brand","embeddable":true,"href":"https:\/\/premino.pl\/index.php?rest_route=%2Fwp%2Fv2%2Fproduct_brand&post=79843"},{"taxonomy":"product_cat","embeddable":true,"href":"https:\/\/premino.pl\/index.php?rest_route=%2Fwp%2Fv2%2Fproduct_cat&post=79843"},{"taxonomy":"product_tag","embeddable":true,"href":"https:\/\/premino.pl\/index.php?rest_route=%2Fwp%2Fv2%2Fproduct_tag&post=79843"}],"curies":[{"name":"wp","href":"https:\/\/api.w.org\/{rel}","templated":true}]}}