{"id":83553,"date":"2026-05-13T23:26:15","date_gmt":"2026-05-13T21:26:15","guid":{"rendered":"https:\/\/premino.pl\/?product=sol-do-kapieli-z-olejkem-konopnym-850g"},"modified":"2026-05-13T23:26:15","modified_gmt":"2026-05-13T21:26:15","slug":"sol-do-kapieli-z-olejkem-konopnym-850g","status":"publish","type":"product","link":"https:\/\/premino.pl\/?product=sol-do-kapieli-z-olejkem-konopnym-850g","title":{"rendered":"S\u00f3l do k\u0105pieli z olejkem konopnym 850g"},"content":{"rendered":"<p>Naturalne kryszta\u0142ki solne zawieraj\u0105ce\u00a0minera\u0142y i mikroelementy niezb\u0119dne dla prawid\u0142owej kondycji sk\u00f3ry tutaj w po\u0142\u0105czeniu z nawil\u017caj\u0105cym olejem Cannabis.<\/p>\n<p>K\u0105piele z sol\u0105 BINGOSPA s\u0105 prawdziwym dobrodziejstwem dla sk\u00f3ry.\u00a0Rozpuszczone w wodzie mikroelementy wyr\u00f3wnuj\u0105 st\u0119\u017cenie mi\u0119dzy wod\u0105, a elektrolitami zawartymi w kom\u00f3rkach sk\u00f3ry. Dzi\u0119ki temu jony mikroelement\u00f3w nie s\u0105 sp\u0142ukiwane ze sk\u00f3ry. Regularne stosowanie soli do k\u0105pieli zapobiega nadmiernemu wysuszaniu sk\u00f3ry, poprawia przemian\u0119 materii w kom\u00f3rkach oraz wspiera regeneracj\u0119.\u00a0<\/p>\n<p>Po k\u0105pieli poczujesz przyp\u0142yw si\u0142y i optymizmu, a \u015bwie\u017cy aromat sprawi, \u017ce odzyskasz harmoni\u0119 duszy i cia\u0142a.\u00a0<\/p>\n<p><b>Spos\u00f3b u\u017cycia:<\/b>\u00a0Podczas nalewania do wanny ciep\u0142ej wody wsyp gar\u015b\u0107\u00a0soli\u00a0i zaczekaj, a\u017c si\u0119 rozpu\u015bci.<\/p>\n<p><strong>Dzia\u0142anie:<\/strong> nawil\u017caj\u0105ce, od\u015bwie\u017ca, od\u017cywcze, regeneruje, relaksuj\u0105ce, zmi\u0119kcza<br \/>\n<strong>Gramatura:<\/strong> g<br \/>\n<strong>Konsystencja:<\/strong> s\u00f3l do k\u0105pieli<br \/>\n<strong>Linie elitarne:<\/strong> nie<br \/>\n<strong>Lokalizacja:<\/strong> ca\u0142e cia\u0142o<br \/>\n<strong>Piel\u0119gnacja cia\u0142a:<\/strong> tak<br \/>\n<strong>Pojemno\u015b\u0107:<\/strong> 850<br \/>\n<strong>P\u0142e\u0107:<\/strong> damski<br \/>\n<strong>S\u0142o\u0144ce:<\/strong> nie<\/p>\n<p><strong>Uwagi:<\/strong><\/p>\n<p><strong>Sk\u0142adniki:<\/strong><\/p>\n<p>Sodium Chlorede, Sodium Leuryl Sulphate, Aqua, Glycerin, Camelia Sinensis Leaf Extrat, Acorus Calamus Root Extract, Nelumbo Nucifera (Ponk Lotus) Oil, Cannabis Sativa (Hemp) Seed Oil, Aesculus Hippocaastranum Flower Extract, Alc. Denat, Parfum Sodium Benzoate, Potassium Sorbate, C.I. Acid Yellow 23, CI42090, CI419140<\/p>\n","protected":false},"excerpt":{"rendered":"<p> <strong>Dzia\u0142anie:<\/strong> nawil\u017caj\u0105ce, od\u015bwie\u017ca, od\u017cywcze, regeneruje, relaksuj\u0105ce, zmi\u0119kcza<br \/>  <strong>Gramatura:<\/strong> g<br \/>  <strong>Konsystencja:<\/strong> s\u00f3l do k\u0105pieli<br \/>  <strong>Linie elitarne:<\/strong> nie<br \/>  <strong>Lokalizacja:<\/strong> ca\u0142e cia\u0142o<br \/>  <strong>Piel\u0119gnacja cia\u0142a:<\/strong> tak<br \/>  <strong>Pojemno\u015b\u0107:<\/strong> 850<br \/>  <strong>P\u0142e\u0107:<\/strong> damski<br \/>  <strong>S\u0142o\u0144ce:<\/strong> nie <\/p>\n","protected":false},"featured_media":83554,"comment_status":"open","ping_status":"closed","template":"","meta":{"_acf_changed":false},"kategoria-hurtowni":[90,91],"product_brand":[415],"product_cat":[76],"product_tag":[],"class_list":{"0":"post-83553","1":"product","2":"type-product","3":"status-publish","4":"has-post-thumbnail","6":"kategoria-hurtowni-pielegnacja","7":"kategoria-hurtowni-pielegnacja-ciala","8":"product_brand-bingospa","9":"product_cat-primavera","11":"first","12":"outofstock","13":"taxable","14":"shipping-taxable","15":"product-type-simple"},"acf":[],"_links":{"self":[{"href":"https:\/\/premino.pl\/index.php?rest_route=\/wp\/v2\/product\/83553","targetHints":{"allow":["GET"]}}],"collection":[{"href":"https:\/\/premino.pl\/index.php?rest_route=\/wp\/v2\/product"}],"about":[{"href":"https:\/\/premino.pl\/index.php?rest_route=\/wp\/v2\/types\/product"}],"replies":[{"embeddable":true,"href":"https:\/\/premino.pl\/index.php?rest_route=%2Fwp%2Fv2%2Fcomments&post=83553"}],"wp:featuredmedia":[{"embeddable":true,"href":"https:\/\/premino.pl\/index.php?rest_route=\/wp\/v2\/media\/83554"}],"wp:attachment":[{"href":"https:\/\/premino.pl\/index.php?rest_route=%2Fwp%2Fv2%2Fmedia&parent=83553"}],"wp:term":[{"taxonomy":"kategoria-hurtowni","embeddable":true,"href":"https:\/\/premino.pl\/index.php?rest_route=%2Fwp%2Fv2%2Fkategoria-hurtowni&post=83553"},{"taxonomy":"product_brand","embeddable":true,"href":"https:\/\/premino.pl\/index.php?rest_route=%2Fwp%2Fv2%2Fproduct_brand&post=83553"},{"taxonomy":"product_cat","embeddable":true,"href":"https:\/\/premino.pl\/index.php?rest_route=%2Fwp%2Fv2%2Fproduct_cat&post=83553"},{"taxonomy":"product_tag","embeddable":true,"href":"https:\/\/premino.pl\/index.php?rest_route=%2Fwp%2Fv2%2Fproduct_tag&post=83553"}],"curies":[{"name":"wp","href":"https:\/\/api.w.org\/{rel}","templated":true}]}}