{"id":83869,"date":"2026-05-13T23:30:18","date_gmt":"2026-05-13T21:30:18","guid":{"rendered":"https:\/\/premino.pl\/?product=micro-precise-brow-pencil-ultraprecyzyjna-kredka-do-brwi-04-graphite"},"modified":"2026-05-13T23:30:18","modified_gmt":"2026-05-13T21:30:18","slug":"micro-precise-brow-pencil-ultraprecyzyjna-kredka-do-brwi-04-graphite","status":"publish","type":"product","link":"https:\/\/premino.pl\/?product=micro-precise-brow-pencil-ultraprecyzyjna-kredka-do-brwi-04-graphite","title":{"rendered":"Micro Precise Brow Pencil ultraprecyzyjna kredka do brwi 04 Graphite"},"content":{"rendered":"<p>Automatyczna modeluj\u0105ca kredka Micro Precise Brow Pencil pozwoli w \u0142atwy spos\u00f3b podkre\u015bli\u0107 kszta\u0142t Twoich brwi! Jej wyj\u0105tkowy i ultraprecyzyjny wk\u0142ad umo\u017cliwia dorysowanie cieniutkich linii imituj\u0105cych w\u0142oski, dzi\u0119ki czemu wype\u0142nisz brwi, osi\u0105gaj\u0105c naturalny efekt.<\/p>\n<p>D\u0142ugotrwa\u0142a, odporna na rozmazywanie i bezproblemowa w aplikacji formu\u0142a dost\u0119pna jest w kilku kolorach. Kredka posiada wbudowan\u0105 szczoteczk\u0119, kt\u00f3ra \u015bwietnie uk\u0142ada brwi i zbiera nadmiar produktu.<\/p>\n<p>\u2022 Ultra precyzyjny produkt do wype\u0142nienia lub uzupe\u0142nienia pojedynczych w\u0142osk\u00f3w<br \/>\u2022 Wodoodporna, wega\u0144ska formu\u0142a<br \/>\u2022 \u0141atwa i przyjemna aplikacja<br \/>\u2022 Wbudowana szczoteczka<\/p>\n<\/p>\n<p><b>Spos\u00f3b u\u017cycia: <\/b>Kredk\u0105 dorysuj pojedyncze w\u0142oski, szczoteczk\u0105 rozczesz w\u0142oski lub usu\u0144 nadmiar produktu.<\/p>\n<\/p>\n<p><strong>Forma podania:<\/strong> kredka<br \/>\n<strong>Gramatura:<\/strong> sztuka<br \/>\n<strong>Kolor:<\/strong> 04 Graphite<br \/>\n<strong>Pojemno\u015b\u0107:<\/strong> 1<br \/>\n<strong>P\u0142e\u0107:<\/strong> damski<br \/>\n<strong>S\u0142o\u0144ce:<\/strong> nie<\/p>\n<p><strong>Uwagi:<\/strong><\/p>\n<p><strong>Sk\u0142adniki:<\/strong><\/p>\n<p>Cetearyl Methicone, Hydrogenated Palm Oil, Boron Nitride, Hydrogenated Vegetable Oil, Hydrogenated Rapeseed Oil, Vinyl Dimethicone\/Methicone Silsesquioxane Crosspolymer, Synthetic Japan Wax, Zinc Stearate, Tocopherol, Lecithin, Ascorbyl Palmitate, Glyceryl Stearate, Glyceryl Oleate, Citric Acid, Triethoxycaprylylsilane +\/- Aluminum Hydroxide, CI 77891, CI 77491, CI 77492, CI 77499, CI 42090, CI 16035<\/p>\n","protected":false},"excerpt":{"rendered":"<p> <strong>Forma podania:<\/strong> kredka<br \/>  <strong>Gramatura:<\/strong> sztuka<br \/>  <strong>Kolor:<\/strong> 04 Graphite<br \/>  <strong>Pojemno\u015b\u0107:<\/strong> 1<br \/>  <strong>P\u0142e\u0107:<\/strong> damski<br \/>  <strong>S\u0142o\u0144ce:<\/strong> nie <\/p>\n","protected":false},"featured_media":83870,"comment_status":"open","ping_status":"closed","template":"","meta":{"_acf_changed":false},"kategoria-hurtowni":[83,126,142],"product_brand":[276],"product_cat":[76],"product_tag":[],"class_list":{"0":"post-83869","1":"product","2":"type-product","3":"status-publish","4":"has-post-thumbnail","6":"kategoria-hurtowni-makijaz","7":"kategoria-hurtowni-makijaz-oczy","8":"kategoria-hurtowni-makijaz-brwi","9":"product_brand-eveline-cosmetics","10":"product_cat-primavera","12":"first","13":"outofstock","14":"taxable","15":"shipping-taxable","16":"product-type-simple"},"acf":[],"_links":{"self":[{"href":"https:\/\/premino.pl\/index.php?rest_route=\/wp\/v2\/product\/83869","targetHints":{"allow":["GET"]}}],"collection":[{"href":"https:\/\/premino.pl\/index.php?rest_route=\/wp\/v2\/product"}],"about":[{"href":"https:\/\/premino.pl\/index.php?rest_route=\/wp\/v2\/types\/product"}],"replies":[{"embeddable":true,"href":"https:\/\/premino.pl\/index.php?rest_route=%2Fwp%2Fv2%2Fcomments&post=83869"}],"wp:featuredmedia":[{"embeddable":true,"href":"https:\/\/premino.pl\/index.php?rest_route=\/wp\/v2\/media\/83870"}],"wp:attachment":[{"href":"https:\/\/premino.pl\/index.php?rest_route=%2Fwp%2Fv2%2Fmedia&parent=83869"}],"wp:term":[{"taxonomy":"kategoria-hurtowni","embeddable":true,"href":"https:\/\/premino.pl\/index.php?rest_route=%2Fwp%2Fv2%2Fkategoria-hurtowni&post=83869"},{"taxonomy":"product_brand","embeddable":true,"href":"https:\/\/premino.pl\/index.php?rest_route=%2Fwp%2Fv2%2Fproduct_brand&post=83869"},{"taxonomy":"product_cat","embeddable":true,"href":"https:\/\/premino.pl\/index.php?rest_route=%2Fwp%2Fv2%2Fproduct_cat&post=83869"},{"taxonomy":"product_tag","embeddable":true,"href":"https:\/\/premino.pl\/index.php?rest_route=%2Fwp%2Fv2%2Fproduct_tag&post=83869"}],"curies":[{"name":"wp","href":"https:\/\/api.w.org\/{rel}","templated":true}]}}