{"id":88791,"date":"2026-05-14T00:57:07","date_gmt":"2026-05-13T22:57:07","guid":{"rendered":"https:\/\/premino.pl\/?product=biome-silne-nawilzajace-serum-z-probiotykiem-30ml"},"modified":"2026-05-14T00:57:08","modified_gmt":"2026-05-13T22:57:08","slug":"biome-silne-nawilzajace-serum-z-probiotykiem-30ml","status":"publish","type":"product","link":"https:\/\/premino.pl\/?product=biome-silne-nawilzajace-serum-z-probiotykiem-30ml","title":{"rendered":"Biome silne nawil\u017caj\u0105ce serum z probiotykiem 30ml"},"content":{"rendered":"<p>Czy Twoja sk\u00f3ra potrzebuje intensywnego nawil\u017cenia, ukojenia i roz\u015bwietlenia? Serum Biome zaspokoi wszystkie te potrzeby. Jego innowacyjna formu\u0142a, oparta na opatentowanej kombinacji 5 ekstrakt\u00f3w ro\u015blinnych, zapewni g\u0142\u0119bokie nawil\u017cenie oraz ukojenie sk\u00f3ry. Dzi\u0119ki zawarto\u015bci adenozyny i niacynamidu serum oferuje podw\u00f3jne dzia\u0142anie: roz\u015bwietla sk\u00f3r\u0119, a jednocze\u015bnie wyg\u0142adza jej struktur\u0119. Przebadane dermatologicznie i hipoalergiczne, idealnie nadaje si\u0119 nawet dla najbardziej wra\u017cliwej cery. Zawiera kompleks 10 rodzaj\u00f3w kwasu hialuronowego (DecaPlus HA), kt\u00f3ry skutecznie wi\u0105\u017ce wod\u0119 w sk\u00f3rze, przywracaj\u0105c jej spr\u0119\u017cysto\u015b\u0107 i elastyczno\u015b\u0107. Zawarte w formule probiotyki wzmacniaj\u0105 naturaln\u0105 barier\u0119 ochronn\u0105 sk\u00f3ry, zabezpieczaj\u0105c j\u0105 przed szkodliwymi czynnikami zewn\u0119trznymi. Bia\u0142ko grochu \u017c\u00f3\u0142tego wspomaga syntez\u0119 kolagenu, a tak\u017ce wyr\u00f3wnuje koloryt sk\u00f3ry i przywraca zdrowy wygl\u0105d.<\/p>\n<p><b><b>G\u0142\u00f3wne sk\u0142adniki:<br \/><\/b><\/b>\u2022\u00a0<b>Niacynamid<\/b>\u00a0&#8211; dzia\u0142a przeciwzapalnie, przyczynia si\u0119 do zmniejszenia stan\u00f3w zapalnych i wyr\u00f3wnuje koloryt sk\u00f3ry.<br \/>\u2022\u00a0<b>Adenozyna<\/b>\u00a0&#8211; znana ze swoich w\u0142a\u015bciwo\u015bci antybakteryjnych oraz zdolno\u015bci do spowalniania syntezy melaniny; pomaga uj\u0119drni\u0107 sk\u00f3r\u0119 i poprawi\u0107 jej koloryt.<br \/>\u2022\u00a0<b>Skwalan<\/b>\u00a0&#8211; pomaga w walce z oznakami starzenia, sp\u0142yca zmarszczki i poprawia elastyczno\u015b\u0107 sk\u00f3ry.<br \/>\u2022\u00a0<b>Ceramid NP<\/b>\u00a0&#8211; zwi\u0119ksza ilo\u015b\u0107 lipid\u00f3w w sk\u00f3rze, co pomaga wyg\u0142adzi\u0107 zmarszczki mimiczne i zwi\u0119kszy\u0107 jej j\u0119drno\u015b\u0107. <br \/>\u2022\u00a0<b>Mas\u0142o Shea<\/b>\u00a0&#8211; koi podra\u017cnion\u0105 sk\u00f3r\u0119, zmniejsza zaczerwienienia i \u0142agodzi sw\u0119dzenie.<\/p>\n<p><b>Spos\u00f3b u\u017cycia:<\/b>\u00a0Po dok\u0142adnym oczyszczeniu sk\u00f3ry i zastosowaniu toniku delikatnie rozprowad\u017a produkt na twarzy, omijaj\u0105c okolice oczu. Najlepiej aplikowa\u0107 serum od\u00a0\u015brodka twarzy na zewn\u0105trz, wykonuj\u0105c przy tym\u00a0delikatny masa\u017c, co pomo\u017ce sk\u0142adnikom aktywnym lepiej wnikn\u0105\u0107 w sk\u00f3r\u0119. Wmasuj serum a\u017c do ca\u0142kowitego wch\u0142oni\u0119cia.<\/p>\n<p><strong>Dzia\u0142anie:<\/strong> chroni, nawil\u017caj\u0105ce, od\u017cywcze, rozja\u015bnia przebarwienia, roz\u015bwietlaj\u0105ce, uelastycznia, uj\u0119drnia, wyg\u0142adza, wyr\u00f3wnuje koloryt sk\u00f3ry, \u0142agodzi podra\u017cnienia<br \/>\n<strong>Gramatura:<\/strong> ml<br \/>\n<strong>Konsystencja:<\/strong> emulsja<br \/>\n<strong>Linie elitarne:<\/strong> nie<br \/>\n<strong>Piel\u0119gnacja specyficzna:<\/strong> serum<br \/>\n<strong>Pojemno\u015b\u0107:<\/strong> 30<br \/>\n<strong>Pora stosowania:<\/strong> dowolnie<br \/>\n<strong>P\u0142e\u0107:<\/strong> damski<br \/>\n<strong>Rodzaj sk\u00f3ry:<\/strong> dojrza\u0142a, wra\u017cliwa<br \/>\n<strong>S\u0142o\u0144ce:<\/strong> nie<br \/>\n<strong>Typ sk\u00f3ry:<\/strong> mieszana\/t\u0142usta, normalna, sucha<\/p>\n<p><strong>Uwagi:<\/strong><\/p>\n<p><strong>Sk\u0142adniki:<\/strong><\/p>\n<p>WATER, DIMETHICONE, DIPROPYLENE GLYCOL, GLYCERIN, ALCOHOL, NICINAMIDE, CETEARYL ALCOHOL, SQUALANE, GLYCERYL STEARATE, CYCLOPENTASILOXANE, PEG-100 STEARATE, HYDROXYACETOPHENONE, SORBITAN STEARATE, TROMETHAMINE, CARBOMER, DIMETHICONE\/VINYL DIMETHICONE CROSSPOLYMER, CYCLOHEXASILOXANE, SILICA, BUTYLENE GLYCOL, CAPRYLYL GLYCOL, 1,2-HEXANEDIOL, FRAGRANCE, PROPANEDIOL, ADENOSINE, MELIA AZADIRACHTA FLOWER EXTRACT, LACTOBACILLUS FERMENT LYSATE, OCIMUM SANCTUM LEAF EXTRACT, DISODIUM EDTA, MELIA AZADIRACHTA LEAF EXTRACT, TARAXACUM OFFICINALE (DANDELION) LEAF EXTRACT, CURCUMA LONGA(TUMERIC) ROOT EXTRACT, CORALLINA OFFICINALIS EXTRACT, BETA-GLUCAN, DIPOTASSIUM GLYCYRRHIZATE, ETHYLHEXYLGLYCERIN, THUJA OCCIDENTALIS LEAF OIL, HYDROLYZED PEA PROTEIN, PHYTOSTEROLS, LECITHIN, OLEA EUROPAEA(OLIVE) FRUIT OIL, SODIUM HYALURONATE, ALOE BARBADENSIS LEAF EXTRACT, DIOSCOREA JAPONICA EXTRACT, VIOLA MANDSHURICA FLOWER EXTRACT, ULMUS DAVIDIANA ROOT EXTRACT, CERAMIDE NP, BUTYROSPERMUM PARKII(SHEA) BUTTER, HYALURONIC ACID, HYDROLYZED HYALURONIC ACID, HYDROXYPROPYLTRIMONIUM HYALURONATE, HYDROLYZED SODIUM HYALURONATE, PENTYLENE GLYCOL, SODIUM HYALURONATE CROSSPOLYMER, SODIUM ACETYLATED HYALURONATE, HYDROXYCITRONELLAL, LINALOOL, BENZYL BENZOATE, CITRONELLOL, HEXYL CINNAMAL, LIMONENE.<\/p>\n","protected":false},"excerpt":{"rendered":"<p> <strong>Dzia\u0142anie:<\/strong> chroni, nawil\u017caj\u0105ce, od\u017cywcze, rozja\u015bnia przebarwienia, roz\u015bwietlaj\u0105ce, uelastycznia, uj\u0119drnia, wyg\u0142adza, wyr\u00f3wnuje koloryt sk\u00f3ry, \u0142agodzi podra\u017cnienia<br \/>  <strong>Gramatura:<\/strong> ml<br \/>  <strong>Konsystencja:<\/strong> emulsja<br \/>  <strong>Linie elitarne:<\/strong> nie<br \/>  <strong>Piel\u0119gnacja specyficzna:<\/strong> serum<br \/>  <strong>Pojemno\u015b\u0107:<\/strong> 30<br \/>  <strong>Pora stosowania:<\/strong> dowolnie<br \/>  <strong>P\u0142e\u0107:<\/strong> damski<br \/>  <strong>Rodzaj sk\u00f3ry:<\/strong> dojrza\u0142a, wra\u017cliwa<br \/>  <strong>S\u0142o\u0144ce:<\/strong> nie<br \/>  <strong>Typ sk\u00f3ry:<\/strong> mieszana\/t\u0142usta, normalna, sucha <\/p>\n","protected":false},"featured_media":88792,"comment_status":"open","ping_status":"closed","template":"","meta":{"_acf_changed":false},"kategoria-hurtowni":[90,109,110],"product_brand":[1325],"product_cat":[76],"product_tag":[],"class_list":{"0":"post-88791","1":"product","2":"type-product","3":"status-publish","4":"has-post-thumbnail","6":"kategoria-hurtowni-pielegnacja","7":"kategoria-hurtowni-pielegnacja-twarzy-pielegnacja","8":"kategoria-hurtowni-twarz-pielegnacja-twarzy-pielegnacja","9":"product_brand-pittoresco","10":"product_cat-primavera","12":"first","13":"outofstock","14":"taxable","15":"shipping-taxable","16":"product-type-simple"},"acf":[],"_links":{"self":[{"href":"https:\/\/premino.pl\/index.php?rest_route=\/wp\/v2\/product\/88791","targetHints":{"allow":["GET"]}}],"collection":[{"href":"https:\/\/premino.pl\/index.php?rest_route=\/wp\/v2\/product"}],"about":[{"href":"https:\/\/premino.pl\/index.php?rest_route=\/wp\/v2\/types\/product"}],"replies":[{"embeddable":true,"href":"https:\/\/premino.pl\/index.php?rest_route=%2Fwp%2Fv2%2Fcomments&post=88791"}],"wp:featuredmedia":[{"embeddable":true,"href":"https:\/\/premino.pl\/index.php?rest_route=\/wp\/v2\/media\/88792"}],"wp:attachment":[{"href":"https:\/\/premino.pl\/index.php?rest_route=%2Fwp%2Fv2%2Fmedia&parent=88791"}],"wp:term":[{"taxonomy":"kategoria-hurtowni","embeddable":true,"href":"https:\/\/premino.pl\/index.php?rest_route=%2Fwp%2Fv2%2Fkategoria-hurtowni&post=88791"},{"taxonomy":"product_brand","embeddable":true,"href":"https:\/\/premino.pl\/index.php?rest_route=%2Fwp%2Fv2%2Fproduct_brand&post=88791"},{"taxonomy":"product_cat","embeddable":true,"href":"https:\/\/premino.pl\/index.php?rest_route=%2Fwp%2Fv2%2Fproduct_cat&post=88791"},{"taxonomy":"product_tag","embeddable":true,"href":"https:\/\/premino.pl\/index.php?rest_route=%2Fwp%2Fv2%2Fproduct_tag&post=88791"}],"curies":[{"name":"wp","href":"https:\/\/api.w.org\/{rel}","templated":true}]}}